{"id":14,"date":"2013-03-19T14:26:35","date_gmt":"2013-03-19T14:26:35","guid":{"rendered":"http:\/\/predmetyreklamni.eu\/vyrobce\/?page_id=14"},"modified":"2014-10-25T18:44:21","modified_gmt":"2014-10-25T18:44:21","slug":"vanocni-dekorace-vyrobce","status":"publish","type":"page","link":"https:\/\/predmetyreklamni.eu\/vyrobce\/vanocni-dekorace-vyrobce\/","title":{"rendered":"V\u00e1no\u010dn\u00ed dekorace v\u00fdrobce"},"content":{"rendered":"<h1 style=\"text-align: justify;\">V\u00c1NO\u010cN\u00cd DEKORACE OD V\u00ddROBCE<\/h1>\n<h2 style=\"text-align: justify;\">V\u00e1no\u010dn\u00ed dekorace p\u0159\u00edmo od v\u00fdrobce<\/h2>\n<p style=\"text-align: justify;\">Rozhodli jste se svou firmu prezentovat pomoc\u00ed v\u00e1no\u010dn\u00ed dekorace a obdarovat sv\u00e9 <a href=\"http:\/\/predmetyreklamni.eu\/vyrobce\/wp-content\/uploads\/v\u00e1no\u010dn\u00ed-dekorace-od-v\u00fdrobce.jpg\"><img decoding=\"async\" loading=\"lazy\" class=\"alignright size-thumbnail wp-image-888\" title=\"v\u00e1no\u010dn\u00ed dekorace od v\u00fdrobce\" alt=\"v\u00e1no\u010dn\u00ed dekorace od v\u00fdrobce\" src=\"http:\/\/predmetyreklamni.eu\/vyrobce\/wp-content\/uploads\/v\u00e1no\u010dn\u00ed-dekorace-od-v\u00fdrobce-150x150.jpg\" width=\"150\" height=\"150\" \/><\/a>z\u00e1kazn\u00edky \u010di obchodn\u00ed partnery d\u00e1rky v podob\u011b v\u00e1no\u010dn\u00ed dekorace? Na\u0161e firma zastupuje v\u00fdrobce pro v\u00e1no\u010dn\u00ed dekorace, a proto V\u00e1m na zak\u00e1zku m\u016f\u017eeme vyrobit v\u00e1no\u010dn\u00ed strome\u010dky, v\u00e1no\u010dn\u00ed sv\u00ed\u010dky, v\u00e1no\u010dn\u00ed sv\u011btelnou reklamu, v\u00e1no\u010dn\u00ed osv\u011btlen\u00ed, v\u00e1no\u010dn\u00ed figurky, v\u00e1no\u010dn\u00ed pun\u010dochy nebo dokonce v\u00e1no\u010dn\u00ed ozdoby na strome\u010dek. Vzhledem k tomu, \u017ee se jedn\u00e1 se jedn\u00e1 o zak\u00e1zkovou v\u00fdrobu, v\u00fdrobce zcela pln\u00ed zad\u00e1n\u00ed z\u00e1kazn\u00edka a v\u00fdsledkem je kr\u00e1sn\u00e1 a origin\u00e1ln\u00ed v\u00e1no\u010dn\u00ed dekorace. Nab\u00edz\u00edme velk\u00fd v\u00fdb\u011br v\u00e1no\u010dn\u00ed dekorace\u00a0p\u0159esn\u011b podle Va\u0161ich p\u0159edstav. Vyberte si z mnoha styl\u016f, barev a tvar\u016f! Pokud hled\u00e1te kr\u00e1sn\u00e9, origin\u00e1ln\u00ed a n\u00e1padit\u00e9\u00a0v\u00e1no\u010dn\u00ed dekorace p\u0159\u00edmo od v\u00fdrobce, u n\u00e1s je naleznete v\u0161echny na jednom m\u00edst\u011b.<\/p>\n<h2 style=\"text-align: justify;\">\u00a0V\u00e1no\u010dn\u00ed dekorace od v\u00fdrobce nab\u00eddka<\/h2>\n<p style=\"text-align: justify;\">V\u00e1no\u010dn\u00ed dekorace\u00a0nab\u00edz\u00ed velmi \u0161irok\u00fd v\u00fdb\u011br pro ka\u017ed\u00e9ho.\u00a0V\u00e1no\u010dn\u00ed dekorace\u00a0mohou b\u00fdt vyroben\u00e9 ze skla, kovu, d\u0159eva nebo keramiky. Pou\u017e\u00edvaj\u00ed se pro zkr\u00e1\u0161len\u00ed v\u00e1no\u010dn\u00edho strome\u010dku a cel\u00e9ho Va\u0161eho domova.\u00a0V\u00e1no\u010dn\u00ed dekorace\u00a0mohou m\u00edt mnoho podob &#8211; od jednoduch\u00e9 mal\u00e9 ba\u0148ky po velmi slo\u017eit\u00e9 a komplexn\u00ed ozdoby. Ka\u017ed\u00e1 rodina m\u00e1 svou vlastn\u00ed unik\u00e1tn\u00ed sb\u00edrku\u00a0v\u00e1no\u010dn\u00edch dekorac\u00ed, ve kter\u00e9 najdeme\u00a0v\u00e1no\u010dn\u00ed dekorace\u00a0po babi\u010dce,\u00a0v\u00e1no\u010dn\u00ed dekorace, kter\u00e9 vyrobily Va\u0161e d\u011bti i\u00a0v\u00e1no\u010dn\u00ed dekorace\u00a0koupen\u00e9 v obchod\u011b. Mnoho ozdob se p\u0159ed\u00e1v\u00e1 z generace na generaci, a tak se moc nest\u00e1v\u00e1, aby lid\u00e9 pot\u0159ebovali kupovat ka\u017ed\u00fd rok nov\u00e9\u00a0v\u00e1no\u010dn\u00ed dekorace.<\/p>\n<p style=\"text-align: justify;\"><em>Klikn\u011bte pro v\u00edce informac\u00ed<\/em><\/p>\n<div id=\"attachment_1098\" style=\"width: 226px\" class=\"wp-caption alignleft\"><a href=\"http:\/\/predmetyreklamni.eu\/vyrobce\/vanocni-dekorace-vyrobce\/umele-vanocni-stromecky-vyrobce\/\" target=\"_blank\"><img aria-describedby=\"caption-attachment-1098\" decoding=\"async\" loading=\"lazy\" class=\"hover      \" title=\"V\u00e1no\u010dn\u00ed dekorace od v\u00fdrobce - strome\u010dky\" alt=\"V\u00e1no\u010dn\u00ed dekorace od v\u00fdrobce - strome\u010dky\" src=\"http:\/\/predmetyreklamni.eu\/vyrobce\/wp-content\/uploads\/V\u00e1no\u010dn\u00ed-dekorace-od-v\u00fdrobce-strome\u010dky1-300x300.jpg\" width=\"216\" height=\"216\" \/><\/a><p id=\"caption-attachment-1098\" class=\"wp-caption-text\">UM\u011aL\u00c9 STROME\u010cKY<\/p><\/div>\n<div id=\"attachment_1100\" style=\"width: 226px\" class=\"wp-caption alignright\"><a href=\"http:\/\/predmetyreklamni.eu\/vyrobce\/vanocni-dekorace-vyrobce\/vanocni-osvetleni-vyrobce\/\" target=\"_blank\"><img aria-describedby=\"caption-attachment-1100\" decoding=\"async\" loading=\"lazy\" class=\"hover   \" title=\"v\u00e1no\u010dn\u00ed dekorace od v\u00fdrobce - osv\u011btlen\u00ed\" alt=\"v\u00e1no\u010dn\u00ed dekorace od v\u00fdrobce - osv\u011btlen\u00ed\" src=\"http:\/\/predmetyreklamni.eu\/vyrobce\/wp-content\/uploads\/v\u00e1no\u010dn\u00ed-dekorace-od-v\u00fdrobce-osv\u011btlen\u00ed1-300x300.jpg\" width=\"216\" height=\"216\" \/><\/a><p id=\"caption-attachment-1100\" class=\"wp-caption-text\">V\u00c1NO\u010cN\u00cd OSV\u011aTLEN\u00cd<\/p><\/div>\n<p style=\"text-align: justify;\"><a href=\"http:\/\/predmetyreklamni.eu\/vyrobce\/vanocni-dekorace-vyrobce\/umele-vanocni-stromecky-vyrobce\/\">\u00a0<\/a><\/p>\n<div id=\"attachment_1105\" style=\"width: 215px\" class=\"wp-caption alignleft\"><a href=\"http:\/\/predmetyreklamni.eu\/vyrobce\/vanocni-dekorace-vyrobce\/vanocni-ozdoby-zakazkova-vyroba\/\" target=\"_blank\"><img aria-describedby=\"caption-attachment-1105\" decoding=\"async\" loading=\"lazy\" class=\"hover \" title=\"v\u00e1no\u010dn\u00ed dekorace od v\u00fdrobce - ozdoby\" alt=\"v\u00e1no\u010dn\u00ed dekorace od v\u00fdrobce - ozdoby\" src=\"http:\/\/predmetyreklamni.eu\/vyrobce\/wp-content\/uploads\/v\u00e1no\u010dn\u00ed-dekorace-od-v\u00fdrobce-ozdoby.jpg\" width=\"205\" height=\"194\" \/><\/a><p id=\"caption-attachment-1105\" class=\"wp-caption-text\">V\u00c1NO\u010cN\u00cd OZDOBY<\/p><\/div>\n<div id=\"attachment_1108\" style=\"width: 224px\" class=\"wp-caption alignright\"><a href=\"http:\/\/predmetyreklamni.eu\/vyrobce\/vanocni-dekorace-vyrobce\/vanocni-svicky-na-zakazku\/\" target=\"_blank\"><img aria-describedby=\"caption-attachment-1108\" decoding=\"async\" loading=\"lazy\" class=\"hover   \" title=\"v\u00e1no\u010dn\u00ed dekorace od v\u00fdrobce - sv\u00ed\u010dky\" alt=\"v\u00e1no\u010dn\u00ed dekorace od v\u00fdrobce - sv\u00ed\u010dky\" src=\"http:\/\/predmetyreklamni.eu\/vyrobce\/wp-content\/uploads\/v\u00e1no\u010dn\u00ed-dekorace-od-v\u00fdrobce-sv\u00ed\u010dky.jpg\" width=\"214\" height=\"175\" \/><\/a><p id=\"caption-attachment-1108\" class=\"wp-caption-text\">V\u00c1NO\u010cN\u00cd SV\u00cd\u010cKY<\/p><\/div>\n<div id=\"attachment_1119\" style=\"width: 226px\" class=\"wp-caption aligncenter\"><a title=\"v\u00e1no\u010dn\u00ed dekorace od v\u00fdrobce - reklama\" href=\"http:\/\/predmetyreklamni.eu\/vyrobce\/vanocni-dekorace-vyrobce\/vanocni-reklama-na-zakazku\/\" target=\"_blank\"><img aria-describedby=\"caption-attachment-1119\" decoding=\"async\" loading=\"lazy\" class=\"hover  \" title=\"v\u00e1no\u010dn\u00ed dekorace od v\u00fdrobce - reklama\" alt=\"v\u00e1no\u010dn\u00ed dekorace od v\u00fdrobce - reklama\" src=\"http:\/\/predmetyreklamni.eu\/vyrobce\/wp-content\/uploads\/v\u00e1no\u010dn\u00ed-dekorace-od-v\u00fdrobce-reklama-2.jpg\" width=\"216\" height=\"216\" \/><\/a><p id=\"caption-attachment-1119\" class=\"wp-caption-text\">\u010cEPICE, PONO\u017dKY<\/p><\/div>\n<h2 style=\"text-align: justify;\">Druhy v\u00e1no\u010dn\u00ed dekorace od v\u00fdrobce<\/h2>\n<p style=\"text-align: justify;\">Kdy\u017e \u0159eknete v\u00e1no\u010dn\u00ed dekorace vybav\u00ed se V\u00e1m cel\u00e1 \u0159ada v\u00e1no\u010dn\u00edho zbo\u017e\u00ed od strome\u010dku po v\u00e1no\u010dn\u00ed osv\u011btlen\u00ed v okn\u011b. V r\u016fzn\u00fdch firm\u00e1ch, m\u00edstech \u010di obydl\u00edch se pou\u017e\u00edvaj\u00ed r\u016fzn\u00e9 druhy v\u00e1no\u010dn\u00ed dekorace, kter\u00e1 dod\u00e1v\u00e1m prostoru n\u00e1dech bl\u00ed\u017e\u00edc\u00edch se sv\u00e1tk\u016f a klidnou atmosf\u00e9ru. Od v\u00fdrobce si proto m\u016f\u017eete nechat vyrobit r\u016fzn\u00e9 druhy v\u00e1no\u010dn\u00ed dekorace jako v\u00e1no\u010dn\u00ed ozdoby, v\u00e1no\u010dn\u00ed sv\u00ed\u010dky, v\u00e1no\u010dn\u00ed osv\u011btlen\u00ed, v\u00e1no\u010dn\u00ed strome\u010dky, v\u00e1no\u010dn\u00ed pun\u010dochy \u010di \u010depice nebo netradi\u010dn\u00ed v\u00e1no\u010dn\u00ed reklamn\u00ed p\u0159edm\u011bty \u010di reklamu.<\/p>\n<p style=\"text-align: justify;\"><a href=\"http:\/\/predmetyreklamni.eu\/vyrobce\/wp-content\/uploads\/druhy-v\u00e1no\u010dn\u00ed-dekorace-od-v\u00fdrobce.jpg\"><img decoding=\"async\" loading=\"lazy\" class=\"alignleft\" title=\"druhy v\u00e1no\u010dn\u00ed dekorace od v\u00fdrobce\" alt=\"druhy v\u00e1no\u010dn\u00ed dekorace od v\u00fdrobce\" src=\"http:\/\/predmetyreklamni.eu\/vyrobce\/wp-content\/uploads\/druhy-v\u00e1no\u010dn\u00ed-dekorace-od-v\u00fdrobce-300x225.jpg\" width=\"300\" height=\"225\" \/><\/a>V ka\u017ed\u00e9 zemi je\u00a0v\u00e1no\u010dn\u00ed dekorace\u00a0trochu odli\u0161n\u00e1, p\u0159edev\u0161\u00edm kv\u016fli rozd\u00edl\u016fm ve v\u00e1no\u010dn\u00edch zvyc\u00edch a v\u00fdznamu V\u00e1noc. U n\u00e1s najdete v\u0161e pro\u00a0v\u00e1no\u010dn\u00ed v\u00fdzdobu\u00a0p\u0159esn\u011b podle Va\u0161eho p\u0159\u00e1n\u00ed. P\u0159esto m\u00e1 v\u00e1no\u010dn\u00ed dekorace n\u011bkter\u00e9 spole\u010dn\u00e9 rysy a\u00a0skl\u00e1d\u00e1 se z mnoha typ\u016f dekorac\u00ed, kter\u00e9 se v \u010dase V\u00e1noc pou\u017e\u00edvaj\u00ed. Tradi\u010dn\u00edmi barvami V\u00e1noc a tedy i\u00a0v\u00e1no\u010dn\u00ed dekorace\u00a0je tmav\u011b zelen\u00e1, sn\u011bhov\u011b b\u00edl\u00e1 a syt\u011b \u010derven\u00e1. Zimu \u010dasto reprezentuj\u00ed modr\u00e1 a b\u00edl\u00e1, zlat\u00e1 a st\u0159\u00edbrn\u00e1 pom\u00e1haj\u00ed navozovat ducha oslav, stejn\u011b jako jak\u00e1koliv jin\u00e1 t\u0159pytiv\u00e1 barva. Typick\u00fdmi postavami\u00a0v\u00e1no\u010dn\u00ed dekorace\u00a0jsou Je\u017e\u00ed\u0161ek, Santa Claus, betl\u00e9msk\u00e1 hv\u011bzda a k\u0159\u00ed\u017e. Pro zimu zase \u010dasto pou\u017e\u00edv\u00e1me motivy sn\u011bhov\u00e9 vlo\u010dky, sn\u011bhul\u00e1ky, rampouchy nebo dokonce tu\u010d\u0148\u00e1ky a ledn\u00ed medv\u011bdy.<\/p>\n<h2 style=\"text-align: justify;\">V\u00e1no\u010dn\u00ed dekorace a v\u00fdzdoba od v\u00fdrobce<\/h2>\n<p style=\"text-align: justify;\">V dne\u0161n\u00ed dob\u011b pou\u017e\u00edv\u00e1me mnoho\u00a0druh\u016f v\u00e1no\u010dn\u00ed dekorace a v\u00e1no\u010dn\u00ed v\u00fdzdoba je\u00a0<a href=\"http:\/\/predmetyreklamni.eu\/vyrobce\/wp-content\/uploads\/v\u00e1no\u010dn\u00ed-dekorace-od-v\u00fdrobce-v\u00fdzdoba.jpg\"><img decoding=\"async\" loading=\"lazy\" class=\"alignleft\" title=\"v\u00e1no\u010dn\u00ed dekorace od v\u00fdrobce - v\u00fdzdoba\" alt=\"v\u00e1no\u010dn\u00ed dekorace od v\u00fdrobce - v\u00fdzdoba\" src=\"http:\/\/predmetyreklamni.eu\/vyrobce\/wp-content\/uploads\/v\u00e1no\u010dn\u00ed-dekorace-od-v\u00fdrobce-v\u00fdzdoba-273x300.jpg\" width=\"273\" height=\"300\" \/><\/a>neodmyslitelnou sou\u010d\u00e1st\u00ed V\u00e1noc\u00a0&#8211; v\u00e1no\u010dn\u00ed dekorace, adventn\u00ed a v\u00e1no\u010dn\u00ed v\u011bnce, ozdoby na strome\u010dek a strome\u010dek s\u00e1m a mnoho dal\u0161\u00edho, abychom zkr\u00e1\u0161lili na\u0161e domovy. Vzduch je zapln\u011bn v\u016fn\u00ed cukrov\u00ed a velk\u00fd, von\u00edc\u00ed a kr\u00e1sn\u011b poh\u00e1dkov\u011b ozdoben\u00fd v\u00e1no\u010dn\u00ed strome\u010dek je bezpochyby t\u00edm nejd\u016fle\u017eit\u011bj\u0161\u00edm, co nikoho nenech\u00e1 na pochyb\u00e1ch, \u017ee V\u00e1noce jsou za dve\u0159mi. V\u00e1no\u010dn\u00ed dekorace \u010di v\u00fdzdoba\u00a0strome\u010dku se skl\u00e1d\u00e1 ze sv\u011btel, ban\u011bk, zvonk\u016f, \u0159et\u011bz\u016f, lamet, sladkost\u00ed, sv\u00ed\u010dek a mnoha dal\u0161\u00edho. Tato\u00a0v\u00e1no\u010dn\u00ed dekorace\u00a0je skv\u011bl\u00fdm zp\u016fsobem jak ze sv\u00e9ho strome\u010dku ud\u011blat strome\u010dek v\u00fdjime\u010dn\u00fd!\u00a0Dnes mezi nej\u010dast\u011bji pou\u017e\u00edvan\u00e9 v\u00e1no\u010dn\u00ed dekorace a v\u00e1no\u010dn\u00ed v\u00fdzdoby\u00a0lid\u00e9 p\u0159id\u00e1vaj\u00ed mnoho nov\u00fdch jako t\u0159eba v\u00e1no\u010dn\u00ed sv\u011btla nebo v\u00e1no\u010dn\u00ed dekorace \u010di v\u00fdzdoba hraj\u00edc\u00ed koledy.<\/p>\n<h2 style=\"text-align: justify;\">V\u00e1no\u010dn\u00ed dekorace historie<\/h2>\n<p style=\"text-align: justify;\">Modern\u00ed\u00a0v\u00e1no\u010dn\u00ed dekorace\u00a0se za\u010daly pou\u017e\u00edvat v mal\u00e9m n\u011bmeck\u00e9m m\u011bste\u010dku jm\u00e9nem Lauscha n\u011bkdy v polovin\u011b 19. stolet\u00ed. Z N\u011bmecka se tato tradice roz\u0161\u00ed\u0159ila nejprve do Velk\u00e9 Brit\u00e1nie a pot\u00e9 do zbytku sv\u011bta. Velmi zn\u00e1m\u00fd je obr\u00e1zek kr\u00e1lovny Viktorie s rodinou a v\u00e1no\u010dn\u00edm strome\u010dkem, kter\u00fd po sv\u00e9m oti\u0161t\u011bn\u00ed ve Spojen\u00fdch st\u00e1tech velmi napomohl obl\u00edbenosti v\u00e1no\u010dn\u00edho strome\u010dku a jeho zdoben\u00ed.\u00a0V\u00e1no\u010dn\u00ed dekorace\u00a0se od t\u00e9 doby hodn\u011b zm\u011bnily, a tak krom\u011b ovoce, figurek zv\u00ed\u0159\u00e1tek nebo vlo\u010dek pou\u017e\u00edv\u00e1me t\u0159eba Santa Clause nebo r\u016fzn\u00e9 sv\u011bteln\u00e9 dekorace.<\/p>\n<p style=\"text-align: justify;\">\u00a0<span style=\"color: #000000; font-weight: bold;\">V\u00e1no\u010dn\u00ed v\u00fdzdoba strome\u010dku historie<\/span><\/p>\n<p style=\"text-align: justify;\">V\u00e1no\u010dn\u00ed strome\u010dek je \u010dasto vysv\u011btlov\u00e1n spojen\u00edm k\u0159es\u0165ansk\u00fdch a pohansk\u00fdch oslav na po\u010dest zimn\u00ed rovnodennosti. Ty zahrnovaly zdoben\u00ed v\u011btvi\u010dkami cesm\u00edny, jalovce a jin\u00fdch jehli\u010dnan\u016f, co\u017e pak k\u0159es\u0165an\u00e9 p\u0159izp\u016fsobili pro svoje vlastn\u00ed \u00fa\u010dely.\u00a0V\u00e1no\u010dn\u00ed v\u00fdzdoba\u00a0tak vlastn\u011b dodnes p\u0159ipom\u00edn\u00e1 star\u00e9 pohansk\u00e9 oby\u010deje.<\/p>\n<p style=\"text-align: justify;\"><span style=\"color: #000000;\">V\u011b\u0159\u00edme, \u017ee v\u0161echny <\/span>v\u00e1no\u010dn\u00ed dekorace z na\u0161\u00ed nab\u00eddky p\u0159\u00edmo od v\u00fdrobce<span style=\"color: #000000;\">\u00a0V\u00e1m pomohou nastolit ducha V\u00e1noc i u V\u00e1s ve firm\u011b \u010di dom\u00e1cnostech, a Vy budete \u0161\u00ed\u0159it dobrou n\u00e1ladu a sv\u00e1te\u010dn\u00ed vesel\u00ed.<\/span><\/p>\n<p style=\"text-align: justify;\">Zaujala V\u00e1s v\u00e1no\u010dn\u00ed dekorace a chcete si je nechat vyrobit p\u0159\u00edmo od v\u00fdrobce o obdarovat sv\u00e9 z\u00e1kazn\u00edky \u010di obchodn\u00ed partnery? Kontaktujte n\u00e1s pro cenovou nab\u00eddku na emailu:<a href=\"mailto:info@predmetyreklamni.eu\">\u00a0info@predmetyreklamni.eu<\/a><\/p>\n<p style=\"text-align: justify;\"><strong>Do cenov\u00e9 popt\u00e1vky pros\u00edm uve\u010fte pot\u0159ebn\u00e9 informace pro cenovou nab\u00eddku jako<\/strong>: mno\u017estv\u00ed, materi\u00e1l, tvar, barevn\u00e9 proveden\u00ed nebo kombinaci barev, dobu dod\u00e1n\u00ed. V\u0161echny tyto informace n\u00e1m pomohou k rychlej\u0161\u00edmu zpracov\u00e1n\u00ed cenov\u00e9 nab\u00eddky pr\u00e1v\u011b pro V\u00e1s.<\/p>\n<p style=\"text-align: justify;\">T\u011b\u0161\u00edme se na spolupr\u00e1ci! Team Gifts Service<\/p>\n","protected":false},"excerpt":{"rendered":"<p>V\u00c1NO\u010cN\u00cd DEKORACE OD V\u00ddROBCE V\u00e1no\u010dn\u00ed dekorace p\u0159\u00edmo od v\u00fdrobce Rozhodli jste se svou firmu prezentovat pomoc\u00ed v\u00e1no\u010dn\u00ed dekorace a obdarovat sv\u00e9 z\u00e1kazn\u00edky \u010di obchodn\u00ed partnery d\u00e1rky v podob\u011b v\u00e1no\u010dn\u00ed dekorace? Na\u0161e firma zastupuje v\u00fdrobce pro v\u00e1no\u010dn\u00ed dekorace, a proto V\u00e1m &hellip; <a href=\"https:\/\/predmetyreklamni.eu\/vyrobce\/vanocni-dekorace-vyrobce\/\">Continue reading <span class=\"meta-nav\">&rarr;<\/span><\/a><\/p>\n","protected":false},"author":1,"featured_media":0,"parent":0,"menu_order":20,"comment_status":"closed","ping_status":"closed","template":"sidebar-page.php","meta":[],"_links":{"self":[{"href":"https:\/\/predmetyreklamni.eu\/vyrobce\/wp-json\/wp\/v2\/pages\/14"}],"collection":[{"href":"https:\/\/predmetyreklamni.eu\/vyrobce\/wp-json\/wp\/v2\/pages"}],"about":[{"href":"https:\/\/predmetyreklamni.eu\/vyrobce\/wp-json\/wp\/v2\/types\/page"}],"author":[{"embeddable":true,"href":"https:\/\/predmetyreklamni.eu\/vyrobce\/wp-json\/wp\/v2\/users\/1"}],"replies":[{"embeddable":true,"href":"https:\/\/predmetyreklamni.eu\/vyrobce\/wp-json\/wp\/v2\/comments?post=14"}],"version-history":[{"count":46,"href":"https:\/\/predmetyreklamni.eu\/vyrobce\/wp-json\/wp\/v2\/pages\/14\/revisions"}],"predecessor-version":[{"id":4184,"href":"https:\/\/predmetyreklamni.eu\/vyrobce\/wp-json\/wp\/v2\/pages\/14\/revisions\/4184"}],"wp:attachment":[{"href":"https:\/\/predmetyreklamni.eu\/vyrobce\/wp-json\/wp\/v2\/media?parent=14"}],"curies":[{"name":"wp","href":"https:\/\/api.w.org\/{rel}","templated":true}]}}