{"id":1870,"date":"2013-09-26T20:35:56","date_gmt":"2013-09-26T20:35:56","guid":{"rendered":"http:\/\/predmetyreklamni.eu\/vyrobce\/?page_id=1870"},"modified":"2020-04-21T06:04:45","modified_gmt":"2020-04-21T06:04:45","slug":"kvetouci-caje-velkoobchod","status":"publish","type":"page","link":"https:\/\/predmetyreklamni.eu\/vyrobce\/kvetouci-caje-velkoobchod\/","title":{"rendered":"Kvetouc\u00ed \u010daje velkoobchod"},"content":{"rendered":"<h1 style=\"text-align: justify;\">KVETOUC\u00cd \u010cAJE VELKOOBCHOD<\/h1>\n<h2 style=\"text-align: justify;\">Kvetouc\u00ed \u010daje za velkoobchodn\u00ed ceny<\/h2>\n<p style=\"text-align: justify;\">N\u00e1\u0161 velkoobchod nab\u00edz\u00ed kvetouc\u00ed \u010daje za v\u00fdhodn\u00e9 ceny a poskytuje mno\u017estevn\u00ed slevy. Na\u0161e firma m\u00e1 vlastn\u00ed zastoupen\u00ed v \u010c\u00edn\u011b a m\u00e1 p\u0159\u00edm\u00e9 vazby na v\u00fdrobce pro kvetouc\u00ed \u010daje. D\u00edky tomu m\u00e1me mo\u017enost V\u00e1m nab\u00eddnout velkoobchodn\u00ed ceny a kvalitn\u00ed servis. Kvetouc\u00ed \u010daje jsou samostatn\u011b baleny a opat\u0159eny obr\u00e1zkem rozvinut\u00e9ho kvetouc\u00edho \u010daje. <strong>Kvetouc\u00ed \u010daje jsou vakuov\u011b baleny v pr\u016fhledn\u00e9m obalu, co\u017e zaru\u010duje hygienick\u00e9 zach\u00e1zen\u00ed a pln\u011b zachov\u00e1v\u00e1 \u010derstvost \u010daje &#8211; jeho chu\u0165 a v\u016fni.<\/strong><\/p>\n<h2 style=\"text-align: justify;\">Kvetouc\u00ed \u010daje velkoobchod skladem<\/h2>\n<p style=\"text-align: justify;\">Disponujeme vlastn\u00edmi skladov\u00fdmi z\u00e1sobami a proto t\u00e9m\u011b\u0159 ka\u017ed\u00e1 mno\u017estv\u00ed m\u016f\u017eeme ihned expedovat.\u00a0Pro informaci o dostupn\u00e9m mno\u017estv\u00ed se pros\u00edm informujte <a href=\"mailto:info@predmetyreklamni.eu\">emailem<\/a>. P\u0159i nadm\u011brn\u00fdch mno\u017estv\u00edch se dodac\u00ed lh\u016fta pohybuje p\u0159ibli\u017en\u011b 19 pracovn\u00edch dn\u00ed. Pot\u0159ebujete-li nadm\u011brn\u00e1 mno\u017estv\u00ed nev\u00e1hejte n\u00e1s <a href=\"mailto:info@predmetyreklamni.eu\">kontaktovat<\/a>.<\/p>\n<h2 style=\"text-align: justify;\">Kvetouc\u00ed \u010daje velkoobchod nab\u00eddka<\/h2>\n<p style=\"text-align: justify;\">Na\u0161e nab\u00eddka produktu kvetouc\u00ed \u010daje je pom\u011brn\u011b \u0161irok\u00e1, abychom uspokojili po\u017eadavky n\u00e1ro\u010dn\u00fdch z\u00e1kazn\u00edk\u016f. Nena\u0161li jste sv\u016fj kvetouc\u00ed \u010daj?\u00a0<a href=\"mailto:info@predmetyreklamni.eu\">Kontaktujte n\u00e1s<\/a> a my zjist\u00edme dostupnost u na\u0161eho v\u00fdrobce.<\/p>\n<div id=\"attachment_1892\" style=\"width: 145px\" class=\"wp-caption alignleft\"><a href=\"http:\/\/predmetyreklamni.eu\/vyrobce\/wp-content\/uploads\/1.-lilie-a-jasm\u00edn.jpg\"><img aria-describedby=\"caption-attachment-1892\" decoding=\"async\" loading=\"lazy\" class=\" wp-image-1892 \" title=\"1. kvetouc\u00ed \u010daje velkoobchod - lilie a jasm\u00edn\" alt=\"1. kvetouc\u00ed \u010daje velkoobchod - lilie a jasm\u00edn\" src=\"http:\/\/predmetyreklamni.eu\/vyrobce\/wp-content\/uploads\/1.-lilie-a-jasm\u00edn-150x150.jpg\" width=\"135\" height=\"135\" \/><\/a><p id=\"caption-attachment-1892\" class=\"wp-caption-text\">lilie a jasm\u00edn<\/p><\/div>\n<div style=\"width: 145px\" class=\"wp-caption alignleft\"><a href=\"http:\/\/predmetyreklamni.eu\/vyrobce\/wp-content\/uploads\/3.-vonokv\u011btka-a-lilie.jpg\"><img decoding=\"async\" loading=\"lazy\" class=\" wp-image-1892  \" title=\"3. kvetouc\u00ed \u010daje velkoobchod - vonokv\u011btka a lilie\" alt=\"3. kvetouc\u00ed \u010daje velkoobchod - vonokv\u011btka a lilie\" src=\"http:\/\/predmetyreklamni.eu\/vyrobce\/wp-content\/uploads\/3.-vonokv\u011btka-a-lilie-150x150.jpg\" width=\"135\" height=\"135\" \/><\/a><p class=\"wp-caption-text\">vonokv\u011btka a lilie<\/p><\/div>\n<div id=\"attachment_1898\" style=\"width: 145px\" class=\"wp-caption alignleft\"><a href=\"http:\/\/predmetyreklamni.eu\/vyrobce\/wp-content\/uploads\/4.-m\u011bs\u00ed\u010dek-a-lilie.jpg\"><img aria-describedby=\"caption-attachment-1898\" decoding=\"async\" loading=\"lazy\" class=\"wp-image-1898 \" title=\"4.  kvetouc\u00ed \u010daje velkoobchod - m\u011bs\u00ed\u010dek a lilie\" alt=\"4.  kvetouc\u00ed \u010daje velkoobchod - m\u011bs\u00ed\u010dek a lilie\" src=\"http:\/\/predmetyreklamni.eu\/vyrobce\/wp-content\/uploads\/4.-m\u011bs\u00ed\u010dek-a-lilie-150x150.jpg\" width=\"135\" height=\"135\" \/><\/a><p id=\"caption-attachment-1898\" class=\"wp-caption-text\">m\u011bs\u00ed\u010dek a lilie<\/p><\/div>\n<div id=\"attachment_1902\" style=\"width: 145px\" class=\"wp-caption alignleft\"><a href=\"http:\/\/predmetyreklamni.eu\/vyrobce\/wp-content\/uploads\/6.-kv\u011bty-lilie-a-jasm\u00ednu.jpg\"><img aria-describedby=\"caption-attachment-1902\" decoding=\"async\" loading=\"lazy\" class=\" wp-image-1902\" title=\"6. kvetouc\u00ed \u010daje velkoobchod - kv\u011bty lilie a jasm\u00ednu\" alt=\"6. kvetouc\u00ed \u010daje velkoobchod - kv\u011bty lilie a jasm\u00ednu\" src=\"http:\/\/predmetyreklamni.eu\/vyrobce\/wp-content\/uploads\/6.-kv\u011bty-lilie-a-jasm\u00ednu-150x150.jpg\" width=\"135\" height=\"135\" \/><\/a><p id=\"caption-attachment-1902\" class=\"wp-caption-text\">kv\u011bt lilie a jasm\u00ednu<\/p><\/div>\n<div id=\"attachment_1900\" style=\"width: 145px\" class=\"wp-caption alignleft\"><a href=\"http:\/\/predmetyreklamni.eu\/vyrobce\/wp-content\/uploads\/5.-laskavcovka-lilie-a-m\u011bs\u00ed\u010dek.jpg\"><img aria-describedby=\"caption-attachment-1900\" decoding=\"async\" loading=\"lazy\" class=\" wp-image-1900 \" title=\"5. kvetouc\u00ed \u010daje velkoobchod - laskavcovka, lilie a m\u011bs\u00ed\u010dek\" alt=\"5. kvetouc\u00ed \u010daje velkoobchod - laskavcovka, lilie a m\u011bs\u00ed\u010dek\" src=\"http:\/\/predmetyreklamni.eu\/vyrobce\/wp-content\/uploads\/5.-laskavcovka-lilie-a-m\u011bs\u00ed\u010dek-150x150.jpg\" width=\"135\" height=\"135\" \/><\/a><p id=\"caption-attachment-1900\" class=\"wp-caption-text\">laskavcovka, lilie, m\u011bs\u00ed\u010dek<\/p><\/div>\n<p>&nbsp;<\/p>\n<p>&nbsp;<\/p>\n<p>&nbsp;<\/p>\n<p>&nbsp;<\/p>\n<div id=\"attachment_1893\" style=\"width: 145px\" class=\"wp-caption alignleft\"><a href=\"http:\/\/predmetyreklamni.eu\/vyrobce\/wp-content\/uploads\/2.-laskavcovka-a-jasm\u00edn.jpg\"><img aria-describedby=\"caption-attachment-1893\" decoding=\"async\" loading=\"lazy\" class=\" wp-image-1893  \" title=\"2. kvetouc\u00ed \u010daje velkoobchod - laskavcovka a jasm\u00edn\" alt=\"2. kvetouc\u00ed \u010daje velkoobchod - laskavcovka a jasm\u00edn\" src=\"http:\/\/predmetyreklamni.eu\/vyrobce\/wp-content\/uploads\/2.-laskavcovka-a-jasm\u00edn-150x150.jpg\" width=\"135\" height=\"135\" \/><\/a><p id=\"caption-attachment-1893\" class=\"wp-caption-text\">laskavcovka a jasm\u00edn<\/p><\/div>\n<p>&nbsp;<\/p>\n<p>&nbsp;<\/p>\n<div id=\"attachment_1908\" style=\"width: 145px\" class=\"wp-caption alignleft\"><a href=\"http:\/\/predmetyreklamni.eu\/vyrobce\/wp-content\/uploads\/9.kv\u011bt-jasm\u00ednu-a-laskavcovky.jpg\"><img aria-describedby=\"caption-attachment-1908\" decoding=\"async\" loading=\"lazy\" class=\" wp-image-1908 \" title=\"9. kvetouc\u00ed \u010daje velkoobchod kv\u011bt jasm\u00ednu a laskavcovky\" alt=\"9. kvetouc\u00ed \u010daje velkoobchod kv\u011bt jasm\u00ednu a laskavcovky\" src=\"http:\/\/predmetyreklamni.eu\/vyrobce\/wp-content\/uploads\/9.kv\u011bt-jasm\u00ednu-a-laskavcovky-150x150.jpg\" width=\"135\" height=\"135\" \/><\/a><p id=\"caption-attachment-1908\" class=\"wp-caption-text\">kv\u011bt jasm\u00ednu a laskavcovky<\/p><\/div>\n<div style=\"width: 145px\" class=\"wp-caption alignleft\"><a href=\"http:\/\/predmetyreklamni.eu\/vyrobce\/wp-content\/uploads\/7.-t\u0159i-m\u011bs\u00ed\u010dky-a-zelen\u00fd-\u010daj.jpg\"><img decoding=\"async\" loading=\"lazy\" class=\" wp-image-1892  \" title=\"7. kvetouc\u00ed \u010daje velkoobchod t\u0159i m\u011bs\u00ed\u010dky a zelen\u00fd \u010daj\" alt=\"7. kvetouc\u00ed \u010daje velkoobchod t\u0159i m\u011bs\u00ed\u010dky a zelen\u00fd \u010daj\" src=\"http:\/\/predmetyreklamni.eu\/vyrobce\/wp-content\/uploads\/7.-t\u0159i-m\u011bs\u00ed\u010dky-a-zelen\u00fd-\u010daj-150x150.jpg\" width=\"135\" height=\"135\" \/><\/a><p class=\"wp-caption-text\">t\u0159i m\u011bs\u00ed\u010dky a zelen\u00fd \u010daj<\/p><\/div>\n<div id=\"attachment_1906\" style=\"width: 145px\" class=\"wp-caption alignleft\"><a href=\"http:\/\/predmetyreklamni.eu\/vyrobce\/wp-content\/uploads\/8.jasm\u00edn-a-zelen\u00fd-\u010daj.jpg\"><img aria-describedby=\"caption-attachment-1906\" decoding=\"async\" loading=\"lazy\" class=\" wp-image-1906 \" title=\"8. kvetouc\u00ed \u010daje velkoobchod jasm\u00edn a zelen\u00fd \u010daj\" alt=\"8. kvetouc\u00ed \u010daje velkoobchod jasm\u00edn a zelen\u00fd \u010daj\" src=\"http:\/\/predmetyreklamni.eu\/vyrobce\/wp-content\/uploads\/8.jasm\u00edn-a-zelen\u00fd-\u010daj-150x150.jpg\" width=\"135\" height=\"135\" \/><\/a><p id=\"caption-attachment-1906\" class=\"wp-caption-text\">jasm\u00edn a zelen\u00fd \u010daj<\/p><\/div>\n<div style=\"text-align: justify;\"><\/div>\n<h2 style=\"text-align: justify;\">Kvetouc\u00ed \u010daje velkoobchodn\u00ed cen\u00edk<\/h2>\n<p style=\"text-align: justify;\">Minim\u00e1ln\u00ed objedn\u00e1vka 50 kus\u016f. Nab\u00edz\u00edme mno\u017estevn\u00ed slevy a individu\u00e1ln\u00ed p\u0159\u00edstup.\u00a0Nev\u00e1hejte n\u00e1s\u00a0<a href=\"mailto:info@predmetyreklamni.eu\">kontaktovat<\/a>.<\/p>\n<p>[ultimatetables 3 \/]<\/p>\n<p>* uveden\u00e9 ceny neobsahuj\u00ed DPH 21%<\/p>\n<p><span style=\"text-align: justify;\">Pot\u0159ebuje zn\u00e1t cenu pro jin\u00e9 mno\u017estv\u00ed? Kontaktujte n\u00e1\u0161\u00a0<\/span><a style=\"text-align: justify;\" href=\"mailto:info@predmetyreklamni.eu\">VELKOOBCHOD<\/a><span style=\"text-align: justify;\">.<\/span><\/p>\n<p style=\"text-align: justify;\">Pro objedn\u00e1vku pou\u017eijte, pros\u00edm, objedn\u00e1vkov\u00fd formul\u00e1\u0159 n\u00ed\u017ee. D\u011bkujeme!<br \/>\nDo objedn\u00e1vky pros\u00edm uve\u010fte:<br \/>\n1. jm\u00e9no a p\u0159\u00edjmen\u00ed<br \/>\n2. adresa doru\u010den\u00ed<br \/>\n3. po\u010det kus\u016f<br \/>\n4. kontaktn\u00ed telefon (nejl\u00e9pe mobiln\u00ed telefon)<br \/>\n5. p\u0159i n\u00e1kupu na fakturu uve\u010fte faktura\u010dn\u00ed \u00fadaje.<\/p>\n<p style=\"text-align: justify;\"><strong>Objedn\u00e1vky zas\u00edl\u00e1me:<\/strong><br \/>\nBAL\u00cdK DO RUKY \u00a0DO 10kg \u2013 DOB\u00cdRKA \u2013 170,- K\u010d v\u010detn\u011b DPH<br \/>\nnad 10kg dle cen\u00edku na\u0161eho p\u0159epravce<\/p>\n<p style=\"text-align: justify;\">BAL\u00cdK DO RUKY DO 10kg \u2013 PLATBA P\u0158EDEM NA \u00da\u010cET \u2013 130,- K\u010d v\u010detn\u011b DPH<br \/>\nnad 10kg dle cen\u00edku na\u0161eho p\u0159epravce<\/p>\n<p style=\"text-align: justify;\">P\u0159i platb\u011b p\u0159edem na \u00fa\u010det V\u00e1m bude zasl\u00e1na z\u00e1lohov\u00e1 faktura. Zbo\u017e\u00ed odes\u00edl\u00e1me po p\u0159ips\u00e1n\u00ed pen\u011bz na n\u00e1\u0161 \u00fa\u010det.<\/p>\n<p style=\"text-align: justify;\"><strong>OBJEDN\u00c1VKOV\u00dd FORMUL\u00c1\u0158<\/strong><\/p>\n<p style=\"text-align: justify;\">[contact-form-7 id=&#8221;398&#8243; title=&#8221;Objedn\u00e1vka&#8221;]<\/p>\n<h2 style=\"text-align: justify;\">Kvetouc\u00ed \u010daje maloobchod<\/h2>\n<p style=\"text-align: justify;\"><a href=\"http:\/\/predmetyreklamni.eu\/vyrobce\/wp-content\/uploads\/kvetouc\u00ed-\u010daje-maloobchod.jpg\"><img decoding=\"async\" loading=\"lazy\" class=\"alignleft size-thumbnail wp-image-1931\" title=\"kvetouc\u00ed \u010daje maloobchod\" alt=\"kvetouc\u00ed \u010daje maloobchod\" src=\"http:\/\/predmetyreklamni.eu\/vyrobce\/wp-content\/uploads\/kvetouc\u00ed-\u010daje-maloobchod-150x150.jpg\" width=\"150\" height=\"150\" srcset=\"https:\/\/predmetyreklamni.eu\/vyrobce\/wp-content\/uploads\/kvetouc\u00ed-\u010daje-maloobchod-150x150.jpg 150w, https:\/\/predmetyreklamni.eu\/vyrobce\/wp-content\/uploads\/kvetouc\u00ed-\u010daje-maloobchod.jpg 200w\" sizes=\"(max-width: 150px) 100vw, 150px\" \/><\/a><\/p>\n<p style=\"text-align: justify;\">Chcete zakoupit kvetouc\u00ed \u010daje v mal\u00e9m mno\u017estv\u00ed? Nav\u0161tivte n\u00e1s internetov\u00fd obchod\u00a0<a title=\"Kvetouc\u00ed \u010daj maloobchod\" href=\"http:\/\/vymitac.cz\/cs\/originalni-darky\/1217-kvetouci-caj-kvetinovy-caj.html\" target=\"_blank\">Modern\u00ed design \u2013 vym\u00edta\u010d v\u0161ednosti<\/a>, kde je mo\u017en\u00e9 zakoupit kvetouc\u00ed \u010daje ji\u017e od 1 ks.<\/p>\n","protected":false},"excerpt":{"rendered":"<p>KVETOUC\u00cd \u010cAJE VELKOOBCHOD Kvetouc\u00ed \u010daje za velkoobchodn\u00ed ceny N\u00e1\u0161 velkoobchod nab\u00edz\u00ed kvetouc\u00ed \u010daje za v\u00fdhodn\u00e9 ceny a poskytuje mno\u017estevn\u00ed slevy. Na\u0161e firma m\u00e1 vlastn\u00ed zastoupen\u00ed v \u010c\u00edn\u011b a m\u00e1 p\u0159\u00edm\u00e9 vazby na v\u00fdrobce pro kvetouc\u00ed \u010daje. D\u00edky tomu m\u00e1me mo\u017enost &hellip; <a href=\"https:\/\/predmetyreklamni.eu\/vyrobce\/kvetouci-caje-velkoobchod\/\">Continue reading <span class=\"meta-nav\">&rarr;<\/span><\/a><\/p>\n","protected":false},"author":1,"featured_media":0,"parent":0,"menu_order":10,"comment_status":"closed","ping_status":"closed","template":"sidebar-page.php","meta":[],"_links":{"self":[{"href":"https:\/\/predmetyreklamni.eu\/vyrobce\/wp-json\/wp\/v2\/pages\/1870"}],"collection":[{"href":"https:\/\/predmetyreklamni.eu\/vyrobce\/wp-json\/wp\/v2\/pages"}],"about":[{"href":"https:\/\/predmetyreklamni.eu\/vyrobce\/wp-json\/wp\/v2\/types\/page"}],"author":[{"embeddable":true,"href":"https:\/\/predmetyreklamni.eu\/vyrobce\/wp-json\/wp\/v2\/users\/1"}],"replies":[{"embeddable":true,"href":"https:\/\/predmetyreklamni.eu\/vyrobce\/wp-json\/wp\/v2\/comments?post=1870"}],"version-history":[{"count":55,"href":"https:\/\/predmetyreklamni.eu\/vyrobce\/wp-json\/wp\/v2\/pages\/1870\/revisions"}],"predecessor-version":[{"id":3677,"href":"https:\/\/predmetyreklamni.eu\/vyrobce\/wp-json\/wp\/v2\/pages\/1870\/revisions\/3677"}],"wp:attachment":[{"href":"https:\/\/predmetyreklamni.eu\/vyrobce\/wp-json\/wp\/v2\/media?parent=1870"}],"curies":[{"name":"wp","href":"https:\/\/api.w.org\/{rel}","templated":true}]}}