{"id":3277,"date":"2014-03-20T11:11:31","date_gmt":"2014-03-20T11:11:31","guid":{"rendered":"http:\/\/predmetyreklamni.eu\/vyrobce\/?page_id=3277"},"modified":"2014-04-10T11:16:40","modified_gmt":"2014-04-10T11:16:40","slug":"reklamni-sladkosti-s-potiskem","status":"publish","type":"page","link":"https:\/\/predmetyreklamni.eu\/vyrobce\/reklamni-sladkosti-s-potiskem\/","title":{"rendered":"Reklamn\u00ed sladkosti s potiskem"},"content":{"rendered":"<h1 style=\"text-align: justify;\">REKLAMN\u00cd SLADKOSTI S POTISKEM<\/h1>\n<h2 style=\"text-align: justify;\">Reklamn\u00ed sladkosti s potiskem &#8211; logem, zna\u010dkou Va\u0161\u00ed firmy<\/h2>\n<p style=\"text-align: justify;\">Nab\u00edzen\u00e9 reklamn\u00ed sladkosti mohou b\u00fdt na zak\u00e1zku dod\u00e1ny v r\u016fzn\u00fdch balen\u00edch s potiskem. Reklamn\u00ed sladkosti jako bonb\u00f3ny, l\u00edz\u00e1tka, su\u0161enky, \u010dokol\u00e1dy a dal\u0161\u00ed mohou b\u00fdt v pap\u00edrov\u00fdch, plastov\u00fdch, d\u0159ev\u011bn\u00fdch nebo plechov\u00fdch obalech. N\u00ed\u017ee V\u00e1m p\u0159edstav\u00edme n\u011bkter\u00e9 z nich.<\/p>\n<h2 style=\"text-align: justify;\">Reklamn\u00ed sladkosti v d\u0159ev\u011bn\u00e9 krabi\u010dce s potiskem<\/h2>\n<p style=\"text-align: justify;\">Reklamn\u00ed sladkosti jako su\u0161enky, belgick\u00e9 pralinky, pern\u00ed\u010dky a podobn\u00e9 mohou b\u00fdt na zak\u00e1zku um\u00edst\u011bny v d\u0159ev\u011bn\u00e9 krabi\u010dce s potiskem. Sladkosti zabalen\u00e9 krabi\u010dce s potiskem vypadaj\u00ed luxusn\u011b a z\u00e1rove\u0148 ekologick\u00fd. Darujte sv\u00fdm z\u00e1kazn\u00edk\u016f p\u011bkn\u00fd reklamn\u00ed d\u00e1rek.<\/p>\n<p style=\"text-align: justify;\"><a href=\"http:\/\/predmetyreklamni.eu\/vyrobce\/wp-content\/uploads\/sladkosti-v-d\u0159ev\u011bn\u00e9-krabi\u010dce-v\u00fdrobce.jpg\"><img decoding=\"async\" loading=\"lazy\" class=\"alignleft  wp-image-3610\" title=\"sladkosti v d\u0159ev\u011bn\u00e9 krabi\u010dce v\u00fdrobce\" alt=\"sladkosti v d\u0159ev\u011bn\u00e9 krabi\u010dce v\u00fdrobce\" src=\"http:\/\/predmetyreklamni.eu\/vyrobce\/wp-content\/uploads\/sladkosti-v-d\u0159ev\u011bn\u00e9-krabi\u010dce-v\u00fdrobce-300x294.jpg\" width=\"240\" height=\"235\" srcset=\"https:\/\/predmetyreklamni.eu\/vyrobce\/wp-content\/uploads\/sladkosti-v-d\u0159ev\u011bn\u00e9-krabi\u010dce-v\u00fdrobce-300x294.jpg 300w, https:\/\/predmetyreklamni.eu\/vyrobce\/wp-content\/uploads\/sladkosti-v-d\u0159ev\u011bn\u00e9-krabi\u010dce-v\u00fdrobce-306x300.jpg 306w, https:\/\/predmetyreklamni.eu\/vyrobce\/wp-content\/uploads\/sladkosti-v-d\u0159ev\u011bn\u00e9-krabi\u010dce-v\u00fdrobce.jpg 351w\" sizes=\"(max-width: 240px) 100vw, 240px\" \/><\/a><strong><br \/>\nVelikost<\/strong>: kulat\u00e1\/obd\u00e9ln\u00edkov\u00e1 krabi\u010dka\u00a01-4 \u0159\u00e1dky<br \/>\n<strong>Obsah<\/strong>: 130g\/30-120g<br \/>\n<strong>Rozm\u011bry<\/strong>:<br \/>\nkulat\u00e1 krabi\u010dka: \u00d8155x45mm<br \/>\nobd\u00e9ln\u00edkov\u00e1 krabi\u010dka:<br \/>\n212x52x28mm\/207x76x28mm<br \/>\n207x120x28mm\/207x120x28mm<br \/>\n<strong>Potisk obalu<\/strong>: na zak\u00e1zku<br \/>\n<strong>Cena<\/strong>:\u00a0<a href=\"mailto:info@predmetyreklamni.eu\">ZASLAT POPT\u00c1VKU<\/a><\/p>\n<h2 style=\"text-align: justify;\">Reklamn\u00ed sladkosti v pap\u00edrov\u00e9 krabi\u010dce s potiskem<\/h2>\n<p style=\"text-align: justify;\">Pap\u00edrov\u00e9 krabi\u010dky s potiskem na reklamn\u00ed sladkosti jako bonb\u00f3ny, l\u00edz\u00e1tka, balen\u00e1 \u017eel\u00e9 a dal\u0161\u00ed. Pap\u00edrov\u00e9 krabi\u010dky s potiskem ukr\u00fdvaj\u00edc\u00ed reklamn\u00ed sladkosti snadno um\u00edst\u00edte na recepci firmy.<\/p>\n<p style=\"text-align: justify;\"><a href=\"http:\/\/predmetyreklamni.eu\/vyrobce\/wp-content\/uploads\/pap\u00edrov\u00e9-krabi\u010dky-na-sladkosti-s-potiskem.jpg\"><img decoding=\"async\" loading=\"lazy\" class=\"alignleft  wp-image-3579\" title=\"pap\u00edrov\u00e9 krabi\u010dky na sladkosti s potiskem\" alt=\"pap\u00edrov\u00e9 krabi\u010dky na sladkosti s potiskem\" src=\"http:\/\/predmetyreklamni.eu\/vyrobce\/wp-content\/uploads\/pap\u00edrov\u00e9-krabi\u010dky-na-sladkosti-s-potiskem-300x292.jpg\" width=\"240\" height=\"234\" srcset=\"https:\/\/predmetyreklamni.eu\/vyrobce\/wp-content\/uploads\/pap\u00edrov\u00e9-krabi\u010dky-na-sladkosti-s-potiskem-300x292.jpg 300w, https:\/\/predmetyreklamni.eu\/vyrobce\/wp-content\/uploads\/pap\u00edrov\u00e9-krabi\u010dky-na-sladkosti-s-potiskem-307x300.jpg 307w, https:\/\/predmetyreklamni.eu\/vyrobce\/wp-content\/uploads\/pap\u00edrov\u00e9-krabi\u010dky-na-sladkosti-s-potiskem.jpg 330w\" sizes=\"(max-width: 240px) 100vw, 240px\" \/><\/a><\/p>\n<p style=\"text-align: justify;\"><strong>Velikost: XS\/S\/M\/L\/\/XL\/XXL<br \/>\nHmotnost obsah<\/strong>: 30\/100\/200\/300\/700\/900g<br \/>\n<strong>Rozm\u011bry<\/strong>:<br \/>\nXS: 50x50x60mm<br \/>\nS:\u00a065x65x80mm<br \/>\nM:\u00a085x85x85mm<br \/>\nL:\u00a085x85x160mm<br \/>\nXL:\u00a0100x150x160mm<br \/>\nXXL:135x100x220mm<br \/>\nJin\u00e9:\u00a0130x85x200mm<br \/>\n<strong>Potisk obalu<\/strong>: na zak\u00e1zku<br \/>\n<strong>Cena<\/strong>:\u00a0<a href=\"mailto:info@predmetyreklamni.eu\">ZASLAT POPT\u00c1VKU<\/a><\/p>\n<p style=\"text-align: justify;\">Reklamn\u00ed \u010dokol\u00e1da v d\u00e1rkov\u00e9 krabi\u010dce s potiskem nap\u0159\u00edklad logem, sloganem nebo cel\u00e1 d\u00e1rkov\u00e1 krabi\u010dka ve firemn\u00edch barv\u00e1ch. V t\u00e9to d\u00e1rkov\u00e9 krabi\u010dce m\u016f\u017eete sv\u00fdm z\u00e1kazn\u00edk\u016fm darovat \u010dokol\u00e1dov\u00e9 pralinky, su\u0161enky, l\u00edz\u00e1tka \u010di jin\u00e9 sladkosti s potiskem.<\/p>\n<p style=\"text-align: justify;\"><strong><a href=\"http:\/\/predmetyreklamni.eu\/vyrobce\/wp-content\/uploads\/pap\u00edrov\u00e9-krabi\u010dky-s-potiskem-v\u00fdrobce.jpg\"><img decoding=\"async\" loading=\"lazy\" class=\"alignleft  wp-image-3589\" title=\"pap\u00edrov\u00e9 krabi\u010dky s potiskem na sladkosti v\u00fdrobce\" alt=\"pap\u00edrov\u00e9 krabi\u010dky s potiskem na sladkosti v\u00fdrobce\" src=\"http:\/\/predmetyreklamni.eu\/vyrobce\/wp-content\/uploads\/pap\u00edrov\u00e9-krabi\u010dky-s-potiskem-v\u00fdrobce-300x294.jpg\" width=\"240\" height=\"235\" srcset=\"https:\/\/predmetyreklamni.eu\/vyrobce\/wp-content\/uploads\/pap\u00edrov\u00e9-krabi\u010dky-s-potiskem-v\u00fdrobce-300x294.jpg 300w, https:\/\/predmetyreklamni.eu\/vyrobce\/wp-content\/uploads\/pap\u00edrov\u00e9-krabi\u010dky-s-potiskem-v\u00fdrobce-306x300.jpg 306w, https:\/\/predmetyreklamni.eu\/vyrobce\/wp-content\/uploads\/pap\u00edrov\u00e9-krabi\u010dky-s-potiskem-v\u00fdrobce.jpg 351w\" sizes=\"(max-width: 240px) 100vw, 240px\" \/><\/a><br \/>\nVelikost<\/strong>: srd\u00ed\u010dko\/ta\u0161ti\u010dka\/krabi\u010dka\u00a0<strong><br \/>\n<\/strong><strong>Obsah<\/strong>: 1\/2\/5ks<br \/>\n<strong>Rozm\u011bry<\/strong>:<br \/>\nsrd\u00ed\u010dko:\u00a040x40x50mm<br \/>\nta\u0161ti\u010dka:\u00a066x38x85mm<br \/>\nkrabi\u010dka:\u00a070x70x70mm<br \/>\n<strong>Potisk obalu<\/strong>: na zak\u00e1zku<br \/>\n<strong>Cena<\/strong>:<a href=\"http:\/\/predmetyreklamni.eu\/vyrobce\/wp-content\/uploads\/Reklamn%C3%AD-%C4%8Dokol%C3%A1dov%C3%A1-kostka-na-zak%C3%A1zku.jpg\">\u00a0<\/a><a href=\"mailto:info@predmetyreklamni.eu\">ZASLAT POPT\u00c1VKU<\/a><\/p>\n<p style=\"text-align: justify;\">Reklamn\u00ed sladkosti v pap\u00edrov\u00e9 stojac\u00ed ta\u0161ce s potiskem. Tyto reklamn\u00ed ta\u0161ky a krabi\u010dky jsou vhodn\u00e9 pro su\u0161enky, \u010dokol\u00e1dov\u00e9 bonb\u00f3ny a jin\u00e9 sladkosti.<\/p>\n<p style=\"text-align: justify;\"><a href=\"http:\/\/predmetyreklamni.eu\/vyrobce\/wp-content\/uploads\/pap\u00edrov\u00e9-ta\u0161ky-s-potiskem-na-sladkosti.jpg\"><img decoding=\"async\" loading=\"lazy\" class=\"alignleft  wp-image-3597\" title=\"pap\u00edrov\u00e9 ta\u0161ky na sladkosti zak\u00e1zkov\u00e1 v\u00fdroba\" alt=\"pap\u00edrov\u00e9 ta\u0161ky na sladkosti zak\u00e1zkov\u00e1 v\u00fdroba\" src=\"http:\/\/predmetyreklamni.eu\/vyrobce\/wp-content\/uploads\/pap\u00edrov\u00e9-ta\u0161ky-s-potiskem-na-sladkosti-300x297.jpg\" width=\"240\" height=\"238\" srcset=\"https:\/\/predmetyreklamni.eu\/vyrobce\/wp-content\/uploads\/pap\u00edrov\u00e9-ta\u0161ky-s-potiskem-na-sladkosti-300x297.jpg 300w, https:\/\/predmetyreklamni.eu\/vyrobce\/wp-content\/uploads\/pap\u00edrov\u00e9-ta\u0161ky-s-potiskem-na-sladkosti-150x150.jpg 150w, https:\/\/predmetyreklamni.eu\/vyrobce\/wp-content\/uploads\/pap\u00edrov\u00e9-ta\u0161ky-s-potiskem-na-sladkosti-302x300.jpg 302w, https:\/\/predmetyreklamni.eu\/vyrobce\/wp-content\/uploads\/pap\u00edrov\u00e9-ta\u0161ky-s-potiskem-na-sladkosti.jpg 347w\" sizes=\"(max-width: 240px) 100vw, 240px\" \/><\/a><\/p>\n<p style=\"text-align: justify;\"><strong><br \/>\nVelikost<\/strong>: mini\/maxi s ma\u0161l\u00ed<br \/>\n<strong>Obsah<\/strong>: 2-5ks<br \/>\n<strong>Rozm\u011bry<\/strong>:<br \/>\nmini:\u00a065x35x100mm<br \/>\nmaxi s ma\u0161l\u00ed:\u00a080x55x180 mm<br \/>\n<strong>Potisk obalu<\/strong>: na zak\u00e1zku<br \/>\n<strong>Cena<\/strong>:<a href=\"http:\/\/predmetyreklamni.eu\/vyrobce\/wp-content\/uploads\/Reklamn%C3%AD-%C4%8Dokol%C3%A1dov%C3%A1-kostka-na-zak%C3%A1zku.jpg\">\u00a0<\/a><a href=\"mailto:info@predmetyreklamni.eu\">ZASLAT POPT\u00c1VKU<\/a><\/p>\n<h2 style=\"text-align: justify;\">Reklamn\u00ed sladkosti v plastov\u00fdch d\u00f3z\u00e1ch s potiskem<\/h2>\n<p>Transparentn\u00ed plastov\u00e9 d\u00f3zy s potiskem jsou perfektn\u00ed na reklamn\u00ed sladkosti jako bonb\u00f3ny, l\u00edz\u00e1tka a jin\u00e9 drobn\u00e9 sladkosti.<\/p>\n<p><a href=\"http:\/\/predmetyreklamni.eu\/vyrobce\/wp-content\/uploads\/plastov\u00e9-d\u00f3zy-na-sladkosti-v\u00fdrobce.jpg\"><img decoding=\"async\" loading=\"lazy\" class=\"alignleft  wp-image-3601\" title=\"plastov\u00e9 d\u00f3zy na sladkosti v\u00fdrobce\" alt=\"plastov\u00e9 d\u00f3zy na sladkosti v\u00fdrobce\" src=\"http:\/\/predmetyreklamni.eu\/vyrobce\/wp-content\/uploads\/plastov\u00e9-d\u00f3zy-na-sladkosti-v\u00fdrobce-300x297.jpg\" width=\"240\" height=\"238\" srcset=\"https:\/\/predmetyreklamni.eu\/vyrobce\/wp-content\/uploads\/plastov\u00e9-d\u00f3zy-na-sladkosti-v\u00fdrobce-300x297.jpg 300w, https:\/\/predmetyreklamni.eu\/vyrobce\/wp-content\/uploads\/plastov\u00e9-d\u00f3zy-na-sladkosti-v\u00fdrobce-150x150.jpg 150w, https:\/\/predmetyreklamni.eu\/vyrobce\/wp-content\/uploads\/plastov\u00e9-d\u00f3zy-na-sladkosti-v\u00fdrobce-302x300.jpg 302w, https:\/\/predmetyreklamni.eu\/vyrobce\/wp-content\/uploads\/plastov\u00e9-d\u00f3zy-na-sladkosti-v\u00fdrobce.jpg 347w\" sizes=\"(max-width: 240px) 100vw, 240px\" \/><\/a><strong><br \/>\nVelikost<\/strong>: plechovka\/d\u00f3za mini\/d\u00f3za maxi<br \/>\n<strong>Obsah<\/strong>: 60-100g\/25ks\/50ks mal\u00fdch sladkost\u00ed<br \/>\n<strong>Rozm\u011bry<\/strong>:<br \/>\nplechovka:\u00a0\u00d860x115mm<br \/>\nd\u00f3za mini: \u00d8115&#215;140 mm<br \/>\nd\u00f3za maxi:\u00a0\u00d8130mmx150mm<br \/>\n<strong>Potisk obalu<\/strong>: na zak\u00e1zku<br \/>\n<strong>Cena<\/strong>:<a href=\"http:\/\/predmetyreklamni.eu\/vyrobce\/wp-content\/uploads\/Reklamn%C3%AD-%C4%8Dokol%C3%A1dov%C3%A1-kostka-na-zak%C3%A1zku.jpg\">\u00a0<\/a><a href=\"mailto:info@predmetyreklamni.eu\">ZASLAT POPT\u00c1VKU<\/a><\/p>\n<p>&nbsp;<\/p>\n<h2>Reklamn\u00ed sladkosti v plechov\u00e9 d\u00f3ze s potiskem<\/h2>\n<p style=\"text-align: justify;\">Reklamn\u00ed sladkosti jako belgick\u00e9 pralinky \u010di \u010dokol\u00e1dov\u00e9 ty\u010dinky z kvalitn\u00ed \u010dokol\u00e1dy od v\u00fdrobce NOBLE CHOCOLATE v d\u00e1rkov\u00e9 plechov\u00e9 d\u00f3ze s potiskem dle Va\u0161eho zad\u00e1n\u00ed. Darujte luxusn\u00ed d\u00e1rek sv\u00fdm klient\u016fm a uka\u017ete jak si jejich v\u011brnosti v\u00e1\u017e\u00edte.<\/p>\n<p><a href=\"http:\/\/predmetyreklamni.eu\/vyrobce\/wp-content\/uploads\/reklamn\u00ed-belgick\u00e9-pralinky-v\u00fdrobce.jpg\"><img decoding=\"async\" loading=\"lazy\" class=\"alignleft  wp-image-3618\" title=\"reklamn\u00ed belgick\u00e9 pralinky v\u00fdrobce\" alt=\"reklamn\u00ed belgick\u00e9 pralinky v\u00fdrobce\" src=\"http:\/\/predmetyreklamni.eu\/vyrobce\/wp-content\/uploads\/reklamn\u00ed-belgick\u00e9-pralinky-v\u00fdrobce-300x283.jpg\" width=\"240\" height=\"226\" srcset=\"https:\/\/predmetyreklamni.eu\/vyrobce\/wp-content\/uploads\/reklamn\u00ed-belgick\u00e9-pralinky-v\u00fdrobce-300x283.jpg 300w, https:\/\/predmetyreklamni.eu\/vyrobce\/wp-content\/uploads\/reklamn\u00ed-belgick\u00e9-pralinky-v\u00fdrobce-317x300.jpg 317w, https:\/\/predmetyreklamni.eu\/vyrobce\/wp-content\/uploads\/reklamn\u00ed-belgick\u00e9-pralinky-v\u00fdrobce.jpg 357w\" sizes=\"(max-width: 240px) 100vw, 240px\" \/><\/a><strong><br \/>\nVelikost<\/strong>: plechov\u00e1 d\u00f3za \u010dtverec\/obd\u00e9ln\u00edk<br \/>\n<strong>Obsah<\/strong>: 9ks (belgick\u00e9 pralinky), 18ks<br \/>\n<strong>Rozm\u011bry<\/strong>:<br \/>\n\u010dtverec:\u00a0109x109x37mm<br \/>\nobd\u00e9ln\u00edk:\u00a0190x130x35mm<br \/>\n<strong>Potisk obalu<\/strong>: na zak\u00e1zku<br \/>\n<strong>Cena<\/strong>:<a href=\"http:\/\/predmetyreklamni.eu\/vyrobce\/wp-content\/uploads\/Reklamn%C3%AD-%C4%8Dokol%C3%A1dov%C3%A1-kostka-na-zak%C3%A1zku.jpg\">\u00a0<\/a><a href=\"mailto:info@predmetyreklamni.eu\">ZASLAT POPT\u00c1VKU<\/a><\/p>\n<h2>Reklamn\u00ed sladkosti v plechov\u00e9 krabi\u010dce s potiskem<\/h2>\n<p style=\"text-align: justify;\">Reklamn\u00ed sladkosti mohou um\u00edst\u011bny v plechov\u00e9 krabi\u010dce s potiskem. Plechov\u00e9 krabi\u010dky v mnoha podob\u00e1ch &#8211; obl\u00edben\u00e9 clic clac, klasick\u00e9 obd\u00e9ln\u00edkov\u00e9 plechov\u00e9 krabi\u010dky, ov\u00e1ln\u00e9, troj\u00faheln\u00edkov\u00e9, ve tvaru tri\u010dka. Plechov\u00e9 krabi\u010dky na sladkosti ve st\u0159\u00edbrn\u00e9, b\u00edl\u00e9, \u010dern\u00e9 barv\u011b s potiskem.<\/p>\n<p><a href=\"http:\/\/predmetyreklamni.eu\/vyrobce\/wp-content\/uploads\/plechov\u00e9-krabi\u010dky-na-sladkosti-zak\u00e1zkov\u00e1-v\u00fdroba.jpg\"><img decoding=\"async\" loading=\"lazy\" class=\"alignleft  wp-image-3605\" title=\"plechov\u00e9 krabi\u010dky na sladkosti zak\u00e1zkov\u00e1 v\u00fdroba\" alt=\"plechov\u00e9 krabi\u010dky na sladkosti zak\u00e1zkov\u00e1 v\u00fdroba\" src=\"http:\/\/predmetyreklamni.eu\/vyrobce\/wp-content\/uploads\/plechov\u00e9-krabi\u010dky-na-sladkosti-zak\u00e1zkov\u00e1-v\u00fdroba-300x290.jpg\" width=\"240\" height=\"232\" srcset=\"https:\/\/predmetyreklamni.eu\/vyrobce\/wp-content\/uploads\/plechov\u00e9-krabi\u010dky-na-sladkosti-zak\u00e1zkov\u00e1-v\u00fdroba-300x290.jpg 300w, https:\/\/predmetyreklamni.eu\/vyrobce\/wp-content\/uploads\/plechov\u00e9-krabi\u010dky-na-sladkosti-zak\u00e1zkov\u00e1-v\u00fdroba-309x300.jpg 309w, https:\/\/predmetyreklamni.eu\/vyrobce\/wp-content\/uploads\/plechov\u00e9-krabi\u010dky-na-sladkosti-zak\u00e1zkov\u00e1-v\u00fdroba.jpg 355w\" sizes=\"(max-width: 240px) 100vw, 240px\" \/><\/a><strong>Velikost<\/strong>: clic clac\/obd\u00e9ln\u00edk\/triangle,ov\u00e1l,tri\u010dko<br \/>\n<strong>Obsah<\/strong>: 5-25g\/15-65g\/18-20g<br \/>\n<strong>Rozm\u011bry<\/strong>:<br \/>\nclic clac:\u00a0\u00d835x11mm\/\u00d845x16mm\/\u00d854x20mm<br \/>\nobd\u00e9ln\u00edk:\u00a064x50x18mm\/92x62x24mm<br \/>\nov\u00e1l:\u00a064x45x20mm<br \/>\ntriangle:\u00a055x55x55x16mm<br \/>\ntri\u010dko:60x 65x16mm<br \/>\n<strong>Potisk obalu<\/strong>: na zak\u00e1zku<br \/>\n<strong>Cena<\/strong>:<a href=\"http:\/\/predmetyreklamni.eu\/vyrobce\/wp-content\/uploads\/Reklamn%C3%AD-%C4%8Dokol%C3%A1dov%C3%A1-kostka-na-zak%C3%A1zku.jpg\">\u00a0<\/a><a href=\"mailto:info@predmetyreklamni.eu\">ZASLAT POPT\u00c1VKU<\/a><\/p>\n<p>&nbsp;<\/p>\n<div id=\"attachment_3554\" style=\"width: 140px\" class=\"wp-caption alignleft\"><a href=\"http:\/\/predmetyreklamni.eu\/vyrobce\/wp-content\/uploads\/mentolov\u00e9-potahovan\u00e9-pastilky-v\u00fdrobce.jpg\"><img aria-describedby=\"caption-attachment-3554\" decoding=\"async\" loading=\"lazy\" class=\" wp-image-3554    \" title=\"mentolov\u00e9 potahovan\u00e9 pastilky v\u00fdrobce\" alt=\"mentolov\u00e9 potahovan\u00e9 pastilky v\u00fdrobce\" src=\"http:\/\/predmetyreklamni.eu\/vyrobce\/wp-content\/uploads\/mentolov\u00e9-potahovan\u00e9-pastilky-v\u00fdrobce-150x149.jpg\" width=\"130\" height=\"130\" \/><\/a><p id=\"caption-attachment-3554\" class=\"wp-caption-text\">POTAHOVAN\u00c9 MINT 0.5g<\/p><\/div>\n<div id=\"attachment_3555\" style=\"width: 145px\" class=\"wp-caption alignleft\"><a href=\"http:\/\/predmetyreklamni.eu\/vyrobce\/wp-content\/uploads\/ovocn\u00e9-potahovan\u00e9-pastilky-v\u00fdrobce.jpg\"><img aria-describedby=\"caption-attachment-3555\" decoding=\"async\" loading=\"lazy\" class=\" wp-image-3555 \" title=\"ovocn\u00e9 potahovan\u00e9 pastilky v\u00fdrobce\" alt=\"ovocn\u00e9 potahovan\u00e9 pastilky v\u00fdrobce\" src=\"http:\/\/predmetyreklamni.eu\/vyrobce\/wp-content\/uploads\/ovocn\u00e9-potahovan\u00e9-pastilky-v\u00fdrobce-150x147.jpg\" width=\"135\" height=\"132\" srcset=\"https:\/\/predmetyreklamni.eu\/vyrobce\/wp-content\/uploads\/ovocn\u00e9-potahovan\u00e9-pastilky-v\u00fdrobce-150x147.jpg 150w, https:\/\/predmetyreklamni.eu\/vyrobce\/wp-content\/uploads\/ovocn\u00e9-potahovan\u00e9-pastilky-v\u00fdrobce.jpg 152w\" sizes=\"(max-width: 135px) 100vw, 135px\" \/><\/a><p id=\"caption-attachment-3555\" class=\"wp-caption-text\">POTAHOVAN\u00c9 OVOCE 0.5g<\/p><\/div>\n<div id=\"attachment_3556\" style=\"width: 145px\" class=\"wp-caption alignleft\"><a href=\"http:\/\/predmetyreklamni.eu\/vyrobce\/wp-content\/uploads\/mentolov\u00e9-dra\u017e\u00e9-v\u00fdrobce.jpg\"><img aria-describedby=\"caption-attachment-3556\" decoding=\"async\" loading=\"lazy\" class=\" wp-image-3556 \" title=\"mentolov\u00e9 dra\u017e\u00e9 v\u00fdrobce\" alt=\"mentolov\u00e9 dra\u017e\u00e9 v\u00fdrobce\" src=\"http:\/\/predmetyreklamni.eu\/vyrobce\/wp-content\/uploads\/mentolov\u00e9-dra\u017e\u00e9-v\u00fdrobce-150x147.jpg\" width=\"135\" height=\"132\" srcset=\"https:\/\/predmetyreklamni.eu\/vyrobce\/wp-content\/uploads\/mentolov\u00e9-dra\u017e\u00e9-v\u00fdrobce-150x147.jpg 150w, https:\/\/predmetyreklamni.eu\/vyrobce\/wp-content\/uploads\/mentolov\u00e9-dra\u017e\u00e9-v\u00fdrobce.jpg 152w\" sizes=\"(max-width: 135px) 100vw, 135px\" \/><\/a><p id=\"caption-attachment-3556\" class=\"wp-caption-text\">DEXTROZA MINI MINT<\/p><\/div>\n<div id=\"attachment_3557\" style=\"width: 145px\" class=\"wp-caption alignleft\"><a href=\"http:\/\/predmetyreklamni.eu\/vyrobce\/wp-content\/uploads\/ov\u00e1ln\u00e9-mentlov\u00e9-dra\u017e\u00e9-v\u00fdrobce.jpg\"><img aria-describedby=\"caption-attachment-3557\" decoding=\"async\" loading=\"lazy\" class=\" wp-image-3557 \" title=\"ov\u00e1ln\u00e9 mentlov\u00e9 dra\u017e\u00e9 v\u00fdrobce\" alt=\"ov\u00e1ln\u00e9 mentlov\u00e9 dra\u017e\u00e9 v\u00fdrobce\" src=\"http:\/\/predmetyreklamni.eu\/vyrobce\/wp-content\/uploads\/ov\u00e1ln\u00e9-mentlov\u00e9-dra\u017e\u00e9-v\u00fdrobce-150x147.jpg\" width=\"135\" height=\"132\" srcset=\"https:\/\/predmetyreklamni.eu\/vyrobce\/wp-content\/uploads\/ov\u00e1ln\u00e9-mentlov\u00e9-dra\u017e\u00e9-v\u00fdrobce-150x147.jpg 150w, https:\/\/predmetyreklamni.eu\/vyrobce\/wp-content\/uploads\/ov\u00e1ln\u00e9-mentlov\u00e9-dra\u017e\u00e9-v\u00fdrobce.jpg 152w\" sizes=\"(max-width: 135px) 100vw, 135px\" \/><\/a><p id=\"caption-attachment-3557\" class=\"wp-caption-text\">DEXTROZA OVAL MINT<\/p><\/div>\n<div id=\"attachment_3558\" style=\"width: 145px\" class=\"wp-caption alignleft\"><a href=\"http:\/\/predmetyreklamni.eu\/vyrobce\/wp-content\/uploads\/jelly-jelly-bonb\u00f3ny-v\u00fdrobce.jpg\"><img aria-describedby=\"caption-attachment-3558\" decoding=\"async\" loading=\"lazy\" class=\" wp-image-3558  \" title=\"jelly jelly bonb\u00f3ny v\u00fdrobce\" alt=\"jelly jelly bonb\u00f3ny v\u00fdrobce\" src=\"http:\/\/predmetyreklamni.eu\/vyrobce\/wp-content\/uploads\/jelly-jelly-bonb\u00f3ny-v\u00fdrobce-150x147.jpg\" width=\"135\" height=\"132\" srcset=\"https:\/\/predmetyreklamni.eu\/vyrobce\/wp-content\/uploads\/jelly-jelly-bonb\u00f3ny-v\u00fdrobce-150x147.jpg 150w, https:\/\/predmetyreklamni.eu\/vyrobce\/wp-content\/uploads\/jelly-jelly-bonb\u00f3ny-v\u00fdrobce.jpg 152w\" sizes=\"(max-width: 135px) 100vw, 135px\" \/><\/a><p id=\"caption-attachment-3558\" class=\"wp-caption-text\">JELLY JELLY FAZOLKY<\/p><\/div>\n<div id=\"attachment_3559\" style=\"width: 145px\" class=\"wp-caption alignleft\"><a href=\"http:\/\/predmetyreklamni.eu\/vyrobce\/wp-content\/uploads\/mini-pastilky-bez-cukru-v\u00fdrobce.jpg\"><img aria-describedby=\"caption-attachment-3559\" decoding=\"async\" loading=\"lazy\" class=\" wp-image-3559 \" title=\"mini pastilky bez cukru v\u00fdrobce\" alt=\"mini pastilky bez cukru v\u00fdrobce\" src=\"http:\/\/predmetyreklamni.eu\/vyrobce\/wp-content\/uploads\/mini-pastilky-bez-cukru-v\u00fdrobce-150x147.jpg\" width=\"135\" height=\"132\" srcset=\"https:\/\/predmetyreklamni.eu\/vyrobce\/wp-content\/uploads\/mini-pastilky-bez-cukru-v\u00fdrobce-150x147.jpg 150w, https:\/\/predmetyreklamni.eu\/vyrobce\/wp-content\/uploads\/mini-pastilky-bez-cukru-v\u00fdrobce.jpg 152w\" sizes=\"(max-width: 135px) 100vw, 135px\" \/><\/a><p id=\"caption-attachment-3559\" class=\"wp-caption-text\">MINI MINT BEZ CUKRU 0.5g<\/p><\/div>\n<div id=\"attachment_3560\" style=\"width: 145px\" class=\"wp-caption alignleft\"><a href=\"http:\/\/predmetyreklamni.eu\/vyrobce\/wp-content\/uploads\/\u017ev\u00fdka\u010dky-balen\u00e9-zak\u00e1zkov\u00e1-v\u00fdroba.jpg\"><img aria-describedby=\"caption-attachment-3560\" decoding=\"async\" loading=\"lazy\" class=\" wp-image-3560 \" title=\"\u017ev\u00fdka\u010dky balen\u00e9 zak\u00e1zkov\u00e1 v\u00fdroba\" alt=\"\u017ev\u00fdka\u010dky balen\u00e9 zak\u00e1zkov\u00e1 v\u00fdroba\" src=\"http:\/\/predmetyreklamni.eu\/vyrobce\/wp-content\/uploads\/\u017ev\u00fdka\u010dky-balen\u00e9-zak\u00e1zkov\u00e1-v\u00fdroba-150x150.jpg\" width=\"135\" height=\"135\" \/><\/a><p id=\"caption-attachment-3560\" class=\"wp-caption-text\">\u017dV\u00ddKA\u010cKY BEZ CUKRU<\/p><\/div>\n<div id=\"attachment_3561\" style=\"width: 145px\" class=\"wp-caption alignleft\"><a href=\"http:\/\/predmetyreklamni.eu\/vyrobce\/wp-content\/uploads\/reklamn\u00ed-lentilky-v\u00fdrobce.jpg\"><img aria-describedby=\"caption-attachment-3561\" decoding=\"async\" loading=\"lazy\" class=\" wp-image-3561\" title=\"reklamn\u00ed lentilky v\u00fdrobce\" alt=\"reklamn\u00ed lentilky v\u00fdrobce\" src=\"http:\/\/predmetyreklamni.eu\/vyrobce\/wp-content\/uploads\/reklamn\u00ed-lentilky-v\u00fdrobce-150x150.jpg\" width=\"135\" height=\"135\" \/><\/a><p id=\"caption-attachment-3561\" class=\"wp-caption-text\">\u010cOKOL\u00c1DOV\u00c9 LENTILKY<\/p><\/div>\n<div id=\"attachment_3568\" style=\"width: 145px\" class=\"wp-caption alignleft\"><a href=\"http:\/\/predmetyreklamni.eu\/vyrobce\/wp-content\/uploads\/reklamn\u00ed-\u017eel\u00e9-v-cukru-zak\u00e1zkov\u00e1-v\u00fdroba.jpg\"><img aria-describedby=\"caption-attachment-3568\" decoding=\"async\" loading=\"lazy\" class=\" wp-image-3568     \" title=\"reklamn\u00ed \u017eel\u00e9 v cukru zak\u00e1zkov\u00e1 v\u00fdroba\" alt=\"reklamn\u00ed \u017eel\u00e9 v cukru zak\u00e1zkov\u00e1 v\u00fdroba\" src=\"http:\/\/predmetyreklamni.eu\/vyrobce\/wp-content\/uploads\/reklamn\u00ed-\u017eel\u00e9-v-cukru-zak\u00e1zkov\u00e1-v\u00fdroba-150x150.jpg\" width=\"135\" height=\"135\" srcset=\"https:\/\/predmetyreklamni.eu\/vyrobce\/wp-content\/uploads\/reklamn\u00ed-\u017eel\u00e9-v-cukru-zak\u00e1zkov\u00e1-v\u00fdroba-150x150.jpg 150w, https:\/\/predmetyreklamni.eu\/vyrobce\/wp-content\/uploads\/reklamn\u00ed-\u017eel\u00e9-v-cukru-zak\u00e1zkov\u00e1-v\u00fdroba.jpg 234w\" sizes=\"(max-width: 135px) 100vw, 135px\" \/><\/a><p id=\"caption-attachment-3568\" class=\"wp-caption-text\">JELLY JELLY V CUKRU<\/p><\/div>\n<p>&nbsp;<\/p>\n<p>&nbsp;<\/p>\n<p>&nbsp;<\/p>\n<p>&nbsp;<\/p>\n<p>&nbsp;<\/p>\n<p>&nbsp;<\/p>\n<p>&nbsp;<\/p>\n<p>&nbsp;<\/p>\n<p>&nbsp;<\/p>\n<p>&nbsp;<\/p>\n<p>&nbsp;<\/p>\n<p>&nbsp;<\/p>\n<p>&nbsp;<\/p>\n<p>&nbsp;<\/p>\n<p>&nbsp;<\/p>\n<p>Zaujala V\u00e1s na\u0161e nab\u00eddce a chcete si nechat vyrobit vlastn\u00ed reklamn\u00ed sladkosti v balen\u00ed s potiskem? Kontaktujte n\u00e1s pro cenovou nab\u00eddku na emailu:<a href=\"mailto:info@predmetyreklamni.eu\">\u00a0info@predmetyreklamni.eu<\/a><\/p>\n<p>T\u011b\u0161\u00edme se na spolupr\u00e1ci! Team Gifts Service<\/p>\n<p>&nbsp;<\/p>\n<p>&nbsp;<\/p>\n","protected":false},"excerpt":{"rendered":"<p>REKLAMN\u00cd SLADKOSTI S POTISKEM Reklamn\u00ed sladkosti s potiskem &#8211; logem, zna\u010dkou Va\u0161\u00ed firmy Nab\u00edzen\u00e9 reklamn\u00ed sladkosti mohou b\u00fdt na zak\u00e1zku dod\u00e1ny v r\u016fzn\u00fdch balen\u00edch s potiskem. Reklamn\u00ed sladkosti jako bonb\u00f3ny, l\u00edz\u00e1tka, su\u0161enky, \u010dokol\u00e1dy a dal\u0161\u00ed mohou b\u00fdt v pap\u00edrov\u00fdch, plastov\u00fdch, &hellip; <a href=\"https:\/\/predmetyreklamni.eu\/vyrobce\/reklamni-sladkosti-s-potiskem\/\">Continue reading <span class=\"meta-nav\">&rarr;<\/span><\/a><\/p>\n","protected":false},"author":1,"featured_media":0,"parent":0,"menu_order":26,"comment_status":"closed","ping_status":"open","template":"sidebar-page.php","meta":[],"_links":{"self":[{"href":"https:\/\/predmetyreklamni.eu\/vyrobce\/wp-json\/wp\/v2\/pages\/3277"}],"collection":[{"href":"https:\/\/predmetyreklamni.eu\/vyrobce\/wp-json\/wp\/v2\/pages"}],"about":[{"href":"https:\/\/predmetyreklamni.eu\/vyrobce\/wp-json\/wp\/v2\/types\/page"}],"author":[{"embeddable":true,"href":"https:\/\/predmetyreklamni.eu\/vyrobce\/wp-json\/wp\/v2\/users\/1"}],"replies":[{"embeddable":true,"href":"https:\/\/predmetyreklamni.eu\/vyrobce\/wp-json\/wp\/v2\/comments?post=3277"}],"version-history":[{"count":34,"href":"https:\/\/predmetyreklamni.eu\/vyrobce\/wp-json\/wp\/v2\/pages\/3277\/revisions"}],"predecessor-version":[{"id":3622,"href":"https:\/\/predmetyreklamni.eu\/vyrobce\/wp-json\/wp\/v2\/pages\/3277\/revisions\/3622"}],"wp:attachment":[{"href":"https:\/\/predmetyreklamni.eu\/vyrobce\/wp-json\/wp\/v2\/media?parent=3277"}],"curies":[{"name":"wp","href":"https:\/\/api.w.org\/{rel}","templated":true}]}}