{"id":3404,"date":"2014-03-24T12:15:25","date_gmt":"2014-03-24T12:15:25","guid":{"rendered":"http:\/\/predmetyreklamni.eu\/vyrobce\/?page_id=3404"},"modified":"2014-05-19T14:06:06","modified_gmt":"2014-05-19T14:06:06","slug":"chladici-polstarky-na-zakazku","status":"publish","type":"page","link":"https:\/\/predmetyreklamni.eu\/vyrobce\/chladici-polstarky-na-zakazku\/","title":{"rendered":"Chlad\u00edc\u00ed pol\u0161t\u00e1\u0159ky na zak\u00e1zku"},"content":{"rendered":"<h1>CHLAD\u00cdC\u00cd POL\u0160T\u00c1\u0158KY NA ZAK\u00c1ZKU<\/h1>\n<h2>Chlad\u00edc\u00ed pol\u0161t\u00e1\u0159ky na zak\u00e1zku praktick\u00fd reklamn\u00ed p\u0159edm\u011bt<\/h2>\n<p style=\"text-align: justify;\"><a href=\"http:\/\/predmetyreklamni.eu\/vyrobce\/wp-content\/uploads\/reklamn\u00ed-termopol\u0161t\u00e1\u0159ky-v\u00fdrobce.jpg\"><img decoding=\"async\" loading=\"lazy\" class=\"alignleft  wp-image-3758\" title=\"chladic\u00ed pol\u0161t\u00e1\u0159ky s potiskem\" alt=\"chladic\u00ed pol\u0161t\u00e1\u0159ky s potiskem\" src=\"http:\/\/predmetyreklamni.eu\/vyrobce\/wp-content\/uploads\/reklamn\u00ed-termopol\u0161t\u00e1\u0159ky-v\u00fdrobce.jpg\" width=\"102\" height=\"185\" \/><\/a>Chlad\u00edc\u00ed pol\u0161t\u00e1\u0159ky na zak\u00e1zku jsou dal\u0161\u00ed reklamn\u00ed p\u0159edm\u011bt v na\u0161em sortimentu. Chlad\u00edc\u00ed pol\u0161t\u00e1\u0159ky nab\u00edz\u00ed pom\u011brn\u011b velkou plochu a Vy je tam m\u016f\u017eete na zak\u00e1zku nechat potisknout Va\u0161\u00edm logem, sloganem nebo jinou grafikou a vyu\u017e\u00edt tak chlad\u00edc\u00ed pol\u0161t\u00e1\u0159ky k podpo\u0159e sv\u00e9ho podnik\u00e1n\u00ed, z\u00edsk\u00e1n\u00ed pov\u011bdom\u00ed o Va\u0161\u00ed zna\u010dce nebo produktu a tud\u00ed\u017e z\u00edsk\u00e1n\u00ed nov\u00fdch z\u00e1kazn\u00edk\u016f. Chlad\u00edc\u00ed pol\u0161t\u00e1\u0159ky na zak\u00e1zku maj\u00ed \u0161irok\u00e9 vyu\u017eit\u00ed v oblasti sportu ale tak\u00e9 v\u00fdrazn\u011b pom\u00e1haj\u00ed tlumit bolest hlavy \u010di otoky nohou a podobn\u011b.<\/p>\n<h2>Chlad\u00edc\u00ed pol\u0161t\u00e1\u0159ky na zak\u00e1zku nab\u00eddka<\/h2>\n<ul>\n<li>r\u016fzn\u00e9 tvary a velikosti<\/li>\n<li>r\u016fzn\u00e9 barvy tekutiny<\/li>\n<li>tamp\u00f3nov\u00fd\u00a0<span style=\"color: #333333; font-style: normal; line-height: 24.375px;\">potisk\u00a0<\/span>nebo s\u00edtotisk r\u016fzn\u00fdmi barvami<\/li>\n<li>\u0161irok\u00e9 vyu\u017eit\u00ed &#8211; p\u0159i sportu, tlum\u00ed bolest<\/li>\n<li>zdravotn\u011b nez\u00e1vadn\u00e9 a spl\u0148uj\u00ed p\u0159edpisy CE<\/li>\n<li>skv\u011bl\u00e9 pro letn\u00ed reklamn\u00ed kampa\u0148<\/li>\n<\/ul>\n<p>N\u00ed\u017ee V\u00e1m p\u0159edstav\u00edme p\u0159edstav\u00edme n\u011bkter\u00e9 chladiv\u00e9 pol\u0161t\u00e1\u0159ky na zak\u00e1zku a mo\u017en\u00e1 inspirujeme i V\u00e1s a chladiv\u00e9 pol\u0161t\u00e1\u0159ky na zak\u00e1zko se stanou sou\u010d\u00e1st\u00ed firemn\u00ed propagace.<\/p>\n<h2>Chlad\u00edc\u00ed pol\u0161t\u00e1\u0159ky na n\u00e1poje na zak\u00e1zku<\/h2>\n<p style=\"text-align: justify;\">Chlad\u00edc\u00ed pol\u0161t\u00e1\u0159ky nechte na zak\u00e1zku potisknout logem Va\u0161\u00ed firmy a z\u00edsk\u00e1te praktick\u00fd reklamn\u00ed d\u00e1rek pro sv\u00e9 z\u00e1kazn\u00edky na letn\u00ed propaga\u010dn\u00ed akce. Chlad\u00edc\u00ed pol\u0161t\u00e1\u0159ky se jednodu\u0161e vlo\u017e\u00ed na p\u00e1r hodin do mraz\u00e1ku a pak je vlo\u017e\u00edte spole\u010dn\u011b s n\u00e1poji do termota\u0161ky, kde vydr\u017e\u00ed sv\u011b\u017e\u00ed a chladn\u00e9 dlouho i v parn\u00fdch dnech.<\/p>\n<p><strong><a href=\"http:\/\/predmetyreklamni.eu\/vyrobce\/wp-content\/uploads\/chladiv\u00e9-pol\u0161t\u00e1\u0159ky-v\u00fdrobce.jpg\"><img decoding=\"async\" loading=\"lazy\" class=\"alignleft  wp-image-3773\" title=\"chladiv\u00e9 pol\u0161t\u00e1\u0159ky v\u00fdrobce\" alt=\"chladiv\u00e9 pol\u0161t\u00e1\u0159ky v\u00fdrobce\" src=\"http:\/\/predmetyreklamni.eu\/vyrobce\/wp-content\/uploads\/chladiv\u00e9-pol\u0161t\u00e1\u0159ky-v\u00fdrobce-300x300.jpg\" width=\"195\" height=\"195\" srcset=\"https:\/\/predmetyreklamni.eu\/vyrobce\/wp-content\/uploads\/chladiv\u00e9-pol\u0161t\u00e1\u0159ky-v\u00fdrobce-300x300.jpg 300w, https:\/\/predmetyreklamni.eu\/vyrobce\/wp-content\/uploads\/chladiv\u00e9-pol\u0161t\u00e1\u0159ky-v\u00fdrobce-150x150.jpg 150w, https:\/\/predmetyreklamni.eu\/vyrobce\/wp-content\/uploads\/chladiv\u00e9-pol\u0161t\u00e1\u0159ky-v\u00fdrobce.jpg 324w\" sizes=\"(max-width: 195px) 100vw, 195px\" \/><\/a><\/strong><\/p>\n<p><strong>Polo\u017eka \u010d.:\u00a0<\/strong>GS-IP 001<br \/>\n<strong>Materi\u00e1l<\/strong>: PVC a netoxick\u00fd gel<br \/>\n<strong>Rozm\u011bry<\/strong>: 8x10cm (nebo na zak\u00e1zku)<br \/>\n<strong>Min. objedn\u00e1vka<\/strong>: 500 ks<br \/>\n<strong>Potisk<\/strong>: na zak\u00e1zku<br \/>\n<strong>Cena<\/strong>: \u00a0<a title=\"ZASLAT POPT\u00c1VKU\" href=\"mailto:info@predmetyreklamni.eu\">ZASLAT POPT\u00c1VKU<\/a><\/p>\n<h2>Chlad\u00edc\u00ed pol\u0161t\u00e1\u0159ky ve tvaru strome\u010dek na zak\u00e1zku<\/h2>\n<p>Chlad\u00edc\u00ed pol\u0161t\u00e1\u0159ky mohou b\u00fdt na zak\u00e1zku v r\u016fzn\u00fdch tvarech, velikostech a tak\u00e9 gel uvnit\u0159 pol\u0161t\u00e1\u0159k\u016f m\u016f\u017ee b\u00fdt r\u016fzn\u00e9 barvy. Chlad\u00edc\u00ed pol\u0161t\u00e1\u0159ky na zak\u00e1zku ve tvaru strome\u010dek budou u\u017eite\u010dn\u00fd reklamn\u00ed p\u0159edm\u011bt, kter\u00fd se d\u00e1 uplatnit nap\u0159\u00edklad p\u0159i sportu.<\/p>\n<p><strong><a href=\"http:\/\/predmetyreklamni.eu\/vyrobce\/wp-content\/uploads\/chladiv\u00e9-pol\u0161t\u00e1\u0159ky-zak\u00e1zkov\u00e1-v\u00fdroba.jpg\"><img decoding=\"async\" loading=\"lazy\" class=\"alignleft  wp-image-3776\" title=\"chladiv\u00e9 pol\u0161t\u00e1\u0159ky zak\u00e1zkov\u00e1 v\u00fdroba\" alt=\"chladiv\u00e9 pol\u0161t\u00e1\u0159ky zak\u00e1zkov\u00e1 v\u00fdroba\" src=\"http:\/\/predmetyreklamni.eu\/vyrobce\/wp-content\/uploads\/chladiv\u00e9-pol\u0161t\u00e1\u0159ky-zak\u00e1zkov\u00e1-v\u00fdroba-300x300.jpg\" width=\"195\" height=\"195\" srcset=\"https:\/\/predmetyreklamni.eu\/vyrobce\/wp-content\/uploads\/chladiv\u00e9-pol\u0161t\u00e1\u0159ky-zak\u00e1zkov\u00e1-v\u00fdroba-300x300.jpg 300w, https:\/\/predmetyreklamni.eu\/vyrobce\/wp-content\/uploads\/chladiv\u00e9-pol\u0161t\u00e1\u0159ky-zak\u00e1zkov\u00e1-v\u00fdroba-150x150.jpg 150w, https:\/\/predmetyreklamni.eu\/vyrobce\/wp-content\/uploads\/chladiv\u00e9-pol\u0161t\u00e1\u0159ky-zak\u00e1zkov\u00e1-v\u00fdroba.jpg 360w\" sizes=\"(max-width: 195px) 100vw, 195px\" \/><\/a>Polo\u017eka \u010d.:\u00a0<\/strong>GS-IP 002<br \/>\n<strong>Materi\u00e1l<\/strong>: PVC a netoxick\u00fd gel<br \/>\n<strong>Rozm\u011bry<\/strong>: 11x11cm (nebo na zak\u00e1zku)<br \/>\n<strong>Min. objedn\u00e1vka<\/strong>: 500 ks<br \/>\n<strong>Potisk<\/strong>: na zak\u00e1zku<br \/>\n<strong>Cena<\/strong>: \u00a0<a title=\"ZASLAT POPT\u00c1VKU\" href=\"mailto:info@predmetyreklamni.eu\">ZASLAT POPT\u00c1VKU<\/a><\/p>\n<h2>Chlad\u00edc\u00ed pol\u0161t\u00e1\u0159ky na zak\u00e1zku &#8211; relaxa\u010dn\u00ed masky na obli\u010dej<\/h2>\n<p style=\"text-align: justify;\">Tyto pol\u0161t\u00e1\u0159ky na zak\u00e1zku slou\u017e\u00ed jako relaxa\u010dn\u00ed chladic\u00ed masky na obli\u010dej. Chladic\u00ed pol\u0161t\u00e1\u0159ky na zak\u00e1zku mohou b\u00fdt poti\u0161t\u011bny logem a n\u00e1zvem wellness centra, mas\u00e1\u017en\u00edho \u010di kosmetick\u00e9ho salonu. Chlad\u00edc\u00ed pol\u0161t\u00e1\u0159ky na zak\u00e1zku v podob\u011b relaxa\u010dn\u00ed masky na obli\u010dej tlum\u00ed bolest hlavy a pom\u00e1h\u00e1 p\u0159i relaxaci.<\/p>\n<p><a href=\"http:\/\/predmetyreklamni.eu\/vyrobce\/wp-content\/uploads\/reklamn\u00ed-relaxa\u010dn\u00ed-gelov\u00e9-masky-na-obli\u010dej.jpg\"><img decoding=\"async\" loading=\"lazy\" class=\"alignleft  wp-image-3780\" title=\"reklamn\u00ed relaxa\u010dn\u00ed gelov\u00e9 masky na obli\u010dej\" alt=\"reklamn\u00ed relaxa\u010dn\u00ed gelov\u00e9 masky na obli\u010dej\" src=\"http:\/\/predmetyreklamni.eu\/vyrobce\/wp-content\/uploads\/reklamn\u00ed-relaxa\u010dn\u00ed-gelov\u00e9-masky-na-obli\u010dej-300x292.jpg\" width=\"195\" height=\"195\" \/><\/a><\/p>\n<p><strong><br \/>\nPolo\u017eka \u010d.:\u00a0<\/strong>GS-IP 003<br \/>\n<strong>Materi\u00e1l<\/strong>: PVC a netoxick\u00fd gel<br \/>\n<strong>Rozm\u011bry<\/strong>: 23x10cm (nebo na zak\u00e1zku)<br \/>\n<strong>Min. objedn\u00e1vka<\/strong>: 500 ks<br \/>\n<strong>Potisk<\/strong>: na zak\u00e1zku<br \/>\n<strong>Cena<\/strong>: \u00a0<a title=\"ZASLAT POPT\u00c1VKU\" href=\"mailto:info@predmetyreklamni.eu\">ZASLAT POPT\u00c1VKU<\/a><\/p>\n<h2>Relaxa\u010dn\u00ed chlad\u00edc\u00ed pol\u0161t\u00e1\u0159ky na o\u010di na zak\u00e1zku<\/h2>\n<p style=\"text-align: justify;\">Tyto relaxa\u010dn\u00ed chlad\u00edc\u00ed pol\u0161t\u00e1\u0159ky na o\u010di pro V\u00e1s na zak\u00e1zku vyrob\u00edme nap\u0159\u00edklad s logem Va\u0161eho kosmetick\u00e9ho sal\u00f3nu, wellness centra nebo hotelu. Chlad\u00edc\u00ed pol\u0161t\u00e1\u0159ky na zak\u00e1zku jednodu\u0161e p\u0159ilo\u017e\u00edte na o\u010dn\u00ed v\u00ed\u010dka a nech\u00e1te p\u016fsobit jejich chladic\u00ed \u00fa\u010dinek.<\/p>\n<p><a href=\"http:\/\/predmetyreklamni.eu\/vyrobce\/wp-content\/uploads\/chladiv\u00e9-relaxa\u010dn\u00ed-pol\u0161t\u00e1\u0159ky-s-potiskem.jpg\"><img decoding=\"async\" loading=\"lazy\" class=\"alignleft  wp-image-3767\" title=\"chladiv\u00e9 relaxa\u010dn\u00ed pol\u0161t\u00e1\u0159ky s potiskem\" alt=\"chladiv\u00e9 relaxa\u010dn\u00ed pol\u0161t\u00e1\u0159ky s potiskem\" src=\"http:\/\/predmetyreklamni.eu\/vyrobce\/wp-content\/uploads\/chladiv\u00e9-relaxa\u010dn\u00ed-pol\u0161t\u00e1\u0159ky-s-potiskem-300x300.jpg\" width=\"195\" height=\"195\" srcset=\"https:\/\/predmetyreklamni.eu\/vyrobce\/wp-content\/uploads\/chladiv\u00e9-relaxa\u010dn\u00ed-pol\u0161t\u00e1\u0159ky-s-potiskem-300x300.jpg 300w, https:\/\/predmetyreklamni.eu\/vyrobce\/wp-content\/uploads\/chladiv\u00e9-relaxa\u010dn\u00ed-pol\u0161t\u00e1\u0159ky-s-potiskem-150x150.jpg 150w, https:\/\/predmetyreklamni.eu\/vyrobce\/wp-content\/uploads\/chladiv\u00e9-relaxa\u010dn\u00ed-pol\u0161t\u00e1\u0159ky-s-potiskem.jpg 330w\" sizes=\"(max-width: 195px) 100vw, 195px\" \/><\/a><\/p>\n<p><strong>Polo\u017eka \u010d.:\u00a0<\/strong>GS-IP 004<br \/>\n<strong>Materi\u00e1l<\/strong>: PVC a netoxick\u00fd gel<br \/>\n<strong>Rozm\u011bry<\/strong>: 7.5x5cm (nebo na zak\u00e1zku)<br \/>\n<strong>Min. objedn\u00e1vka<\/strong>: 500 ks<br \/>\n<strong>Potisk<\/strong>: na zak\u00e1zku<br \/>\n<strong>Cena<\/strong>: \u00a0<a title=\"ZASLAT POPT\u00c1VKU\" href=\"mailto:info@predmetyreklamni.eu\">ZASLAT POPT\u00c1VKU<\/a><\/p>\n<p>&nbsp;<\/p>\n<h2>Chlad\u00edc\u00ed pol\u0161t\u00e1\u0159ky pro sportovce na zak\u00e1zku<\/h2>\n<p style=\"text-align: justify;\">Dal\u0161\u00ed vyu\u017eit\u00ed najdou chladic\u00ed pol\u0161t\u00e1\u0159ky u sportovc\u016f. Tyto pol\u0161t\u00e1\u0159ky maj\u00ed chlad\u00edc\u00ed \u00fa\u010dinky a jsou tedy perfektn\u00ed jako prvn\u00ed pomoc p\u0159i lehk\u00fdch zran\u011bn\u00edch. Chlad\u00edc\u00ed pol\u0161t\u00e1\u0159ky pro sportovce mohou b\u00fdt na zak\u00e1zku poti\u0161t\u011bny nap\u0159\u00edklad logem Va\u0161\u00ed firmy, sportovn\u00edm klubem nebo jin\u00fdmi informacemi.<\/p>\n<p style=\"text-align: justify;\"><strong><a href=\"http:\/\/predmetyreklamni.eu\/vyrobce\/wp-content\/uploads\/chladiv\u00e9-pol\u0161t\u00e1\u0159ky-s-potiskem1.jpg\"><img decoding=\"async\" loading=\"lazy\" class=\"alignleft  wp-image-3787\" title=\"chladic\u00ed pol\u0161t\u00e1\u0159ky v\u00fdrobce\" alt=\"chladic\u00ed pol\u0161t\u00e1\u0159ky v\u00fdrobce\" src=\"http:\/\/predmetyreklamni.eu\/vyrobce\/wp-content\/uploads\/chladiv\u00e9-pol\u0161t\u00e1\u0159ky-s-potiskem1-300x300.jpg\" width=\"195\" height=\"195\" srcset=\"https:\/\/predmetyreklamni.eu\/vyrobce\/wp-content\/uploads\/chladiv\u00e9-pol\u0161t\u00e1\u0159ky-s-potiskem1.jpg 300w, https:\/\/predmetyreklamni.eu\/vyrobce\/wp-content\/uploads\/chladiv\u00e9-pol\u0161t\u00e1\u0159ky-s-potiskem1-150x150.jpg 150w\" sizes=\"(max-width: 195px) 100vw, 195px\" \/><\/a><br \/>\nPolo\u017eka \u010d.:\u00a0<\/strong>GS-IP 005<br \/>\n<strong>Materi\u00e1l<\/strong>: PVC a netoxick\u00fd gel<br \/>\n<strong>Rozm\u011bry<\/strong>: na zak\u00e1zku<br \/>\n<strong>Min. objedn\u00e1vka<\/strong>: 500 ks<br \/>\n<strong>Potisk<\/strong>: na zak\u00e1zku<br \/>\n<strong>Cena<\/strong>: \u00a0<a title=\"ZASLAT POPT\u00c1VKU\" href=\"mailto:info@predmetyreklamni.eu\">ZASLAT POPT\u00c1VKU<\/a><\/p>\n<h2>Chlad\u00edc\u00ed pol\u0161t\u00e1\u0159ky a obaly na l\u00e1hve na zak\u00e1zku<\/h2>\n<p style=\"text-align: justify;\">Tento produkt m\u016f\u017ee b\u00fdt na zak\u00e1zku v podob\u011b chlad\u00edc\u00ed obal nebo chlad\u00edc\u00ed pol\u0161t\u00e1\u0159ky na n\u00e1poje nebo l\u00e1hve. Chlad\u00edc\u00ed pol\u0161t\u00e1\u0159ky na l\u00e1hve nebo n\u00e1poje nechte jednodu\u0161e na zak\u00e1zku potisknout a m\u00e1te praktick\u00fd reklamn\u00ed p\u0159edm\u011bt, kter\u00fd ocen\u00ed ka\u017ed\u00fd hlavn\u011b v letn\u00edm obdob\u00ed. Jednodu\u0161e vlo\u017ete chlad\u00edc\u00ed obal p\u0159ed pou\u017eit\u00edm na p\u0159ibli\u017en\u011b 2 hodiny do mraz\u00e1ku. L\u00e1hev pot\u00e9 vlo\u017ete do obalu a Va\u0161e v\u00edno \u010di jin\u00fd n\u00e1poj vydr\u017e\u00ed dlouho studen\u00fd a v parn\u00e9m dni.<\/p>\n<p style=\"text-align: justify;\"><a href=\"http:\/\/predmetyreklamni.eu\/vyrobce\/wp-content\/uploads\/reklamn\u00ed-chladiv\u00e9-obaly-na-l\u00e1hve.jpg\"><img decoding=\"async\" loading=\"lazy\" class=\"alignleft  wp-image-3764\" title=\"reklamn\u00ed chladiv\u00e9 obaly na l\u00e1hve\" alt=\"reklamn\u00ed chladiv\u00e9 obaly na l\u00e1hve\" src=\"http:\/\/predmetyreklamni.eu\/vyrobce\/wp-content\/uploads\/reklamn\u00ed-chladiv\u00e9-obaly-na-l\u00e1hve-300x280.jpg\" width=\"195\" height=\"195\" \/><\/a><\/p>\n<p><strong>Polo\u017eka \u010d.:\u00a0<\/strong>GS-IP 006<br \/>\n<strong>Materi\u00e1l<\/strong>: PVC a netoxick\u00fd gel<br \/>\n<strong>Rozm\u011bry<\/strong>: 26x11cm (nebo na zak\u00e1zku)<br \/>\n<strong>Hmotnost<\/strong>: 140g<br \/>\n<strong>Min. objedn\u00e1vka<\/strong>: 500 ks<br \/>\n<strong>Potisk<\/strong>: na zak\u00e1zku<br \/>\n<strong>Cena<\/strong>: \u00a0<a title=\"ZASLAT POPT\u00c1VKU\" href=\"mailto:info@predmetyreklamni.eu\">ZASLAT POPT\u00c1VKU\u00a0<\/a><\/p>\n<p>&nbsp;<\/p>\n<h2>Chlad\u00edc\u00ed pol\u0161t\u00e1\u0159ky na zak\u00e1zku a balen\u00ed<\/h2>\n<p style=\"text-align: justify;\">Chlad\u00edc\u00ed pol\u0161t\u00e1\u0159ky na zak\u00e1zku jsou standardn\u011b baleny v pr\u016fhledn\u00fdch PP s\u00e1\u010dc\u00edch. Chladiv\u00e9 pol\u0161t\u00e1\u0159ky mohou b\u00fdt za p\u0159\u00edplatek na zak\u00e1zku zabaleny a dod\u00e1ny nap\u0159\u00edklad v d\u00e1rkov\u00fdch pap\u00edrov\u00fdch krabi\u010dk\u00e1ch nebo PP s\u00e1\u010dc\u00edch s potiskem. Z\u00e1le\u017e\u00ed na Va\u0161em zad\u00e1n\u00ed a tak\u00e9 finan\u010dn\u00edm rozpo\u010dtu.\u00a0Chlad\u00edc\u00ed pol\u0161t\u00e1\u0159ky na zak\u00e1zku dle Va\u0161eho zad\u00e1n\u00ed v r\u016fzn\u00fdch tvarech, velikostech, s potiskem a v r\u016fzn\u00fdch barv\u00e1ch. Chladic\u00ed pol\u0161t\u00e1\u0159ky na zak\u00e1zku zaru\u010d\u00ed origin\u00e1ln\u00ed a jedine\u010dn\u00fd zp\u016fsob propagace Va\u0161\u00ed firmy.<\/p>\n<p style=\"text-align: justify;\">Zaujala V\u00e1s na\u0161e nab\u00eddka a chcete si nechat vyrobit vlastn\u00ed chlad\u00edc\u00ed pol\u0161t\u00e1\u0159ky na zak\u00e1zku? Nev\u00e1hejte n\u00e1s kontaktovat pro cenovou nab\u00eddku na emailu:\u00a0<a title=\"info@predmetyreklamni.eu\" href=\"mailto:info@predmetyreklamni.eu\">info@predmetyreklamni.eu<\/a><\/p>\n<p style=\"text-align: justify;\"><strong>Do cenov\u00e9 popt\u00e1vky pros\u00edm uve\u010fte pot\u0159ebn\u00e9 informace pro cenovou nab\u00eddku jako<\/strong>: mno\u017estv\u00ed, velikost, barevn\u00e9 proveden\u00ed nebo kombinaci barev, dobu dod\u00e1n\u00ed. V\u0161echny tyto informace n\u00e1m pomohou k rychlej\u0161\u00edmu zpracov\u00e1n\u00ed cenov\u00e9 nab\u00eddky pr\u00e1v\u011b pro V\u00e1s.<\/p>\n<p style=\"text-align: justify;\">T\u011b\u0161\u00edme se na spolupr\u00e1ci! Team Gifts Service<\/p>\n","protected":false},"excerpt":{"rendered":"<p>CHLAD\u00cdC\u00cd POL\u0160T\u00c1\u0158KY NA ZAK\u00c1ZKU Chlad\u00edc\u00ed pol\u0161t\u00e1\u0159ky na zak\u00e1zku praktick\u00fd reklamn\u00ed p\u0159edm\u011bt Chlad\u00edc\u00ed pol\u0161t\u00e1\u0159ky na zak\u00e1zku jsou dal\u0161\u00ed reklamn\u00ed p\u0159edm\u011bt v na\u0161em sortimentu. Chlad\u00edc\u00ed pol\u0161t\u00e1\u0159ky nab\u00edz\u00ed pom\u011brn\u011b velkou plochu a Vy je tam m\u016f\u017eete na zak\u00e1zku nechat potisknout Va\u0161\u00edm logem, sloganem &hellip; <a href=\"https:\/\/predmetyreklamni.eu\/vyrobce\/chladici-polstarky-na-zakazku\/\">Continue reading <span class=\"meta-nav\">&rarr;<\/span><\/a><\/p>\n","protected":false},"author":1,"featured_media":0,"parent":0,"menu_order":27,"comment_status":"closed","ping_status":"open","template":"sidebar-page.php","meta":[],"_links":{"self":[{"href":"https:\/\/predmetyreklamni.eu\/vyrobce\/wp-json\/wp\/v2\/pages\/3404"}],"collection":[{"href":"https:\/\/predmetyreklamni.eu\/vyrobce\/wp-json\/wp\/v2\/pages"}],"about":[{"href":"https:\/\/predmetyreklamni.eu\/vyrobce\/wp-json\/wp\/v2\/types\/page"}],"author":[{"embeddable":true,"href":"https:\/\/predmetyreklamni.eu\/vyrobce\/wp-json\/wp\/v2\/users\/1"}],"replies":[{"embeddable":true,"href":"https:\/\/predmetyreklamni.eu\/vyrobce\/wp-json\/wp\/v2\/comments?post=3404"}],"version-history":[{"count":20,"href":"https:\/\/predmetyreklamni.eu\/vyrobce\/wp-json\/wp\/v2\/pages\/3404\/revisions"}],"predecessor-version":[{"id":3790,"href":"https:\/\/predmetyreklamni.eu\/vyrobce\/wp-json\/wp\/v2\/pages\/3404\/revisions\/3790"}],"wp:attachment":[{"href":"https:\/\/predmetyreklamni.eu\/vyrobce\/wp-json\/wp\/v2\/media?parent=3404"}],"curies":[{"name":"wp","href":"https:\/\/api.w.org\/{rel}","templated":true}]}}