{"id":3409,"date":"2014-03-24T12:36:44","date_gmt":"2014-03-24T12:36:44","guid":{"rendered":"http:\/\/predmetyreklamni.eu\/vyrobce\/?page_id=3409"},"modified":"2014-04-15T17:42:39","modified_gmt":"2014-04-15T17:42:39","slug":"zahrivaci-termo-polstarky-dodavatel","status":"publish","type":"page","link":"https:\/\/predmetyreklamni.eu\/vyrobce\/zahrivaci-termo-polstarky-dodavatel\/","title":{"rendered":"Zah\u0159\u00edvac\u00ed termo pol\u0161t\u00e1\u0159ky dodavatel"},"content":{"rendered":"<h1 style=\"text-align: justify;\">ZAH\u0158\u00cdVAC\u00cd TERMO POL\u0160T\u00c1\u0158KY VELKOOBCHOD DODAVATEL<\/h1>\n<h2 style=\"text-align: justify;\">Zah\u0159\u00edvac\u00ed termo pol\u0161t\u00e1\u0159ky od dodavatele za velkoobchodn\u00ed ceny<\/h2>\n<p style=\"text-align: justify;\"><a href=\"http:\/\/predmetyreklamni.eu\/vyrobce\/wp-content\/uploads\/h\u0159ejiv\u00e9-pol\u0161t\u00e1\u0159ky-velkoobchod.jpg\"><img decoding=\"async\" loading=\"lazy\" class=\"alignleft  wp-image-3628\" title=\"h\u0159ejiv\u00e9 pol\u0161t\u00e1\u0159ky velkoobchod\" alt=\"h\u0159ejiv\u00e9 pol\u0161t\u00e1\u0159ky velkoobchod\" src=\"http:\/\/predmetyreklamni.eu\/vyrobce\/wp-content\/uploads\/h\u0159ejiv\u00e9-pol\u0161t\u00e1\u0159ky-velkoobchod-300x276.jpg\" width=\"194\" height=\"179\" srcset=\"https:\/\/predmetyreklamni.eu\/vyrobce\/wp-content\/uploads\/h\u0159ejiv\u00e9-pol\u0161t\u00e1\u0159ky-velkoobchod-300x276.jpg 300w, https:\/\/predmetyreklamni.eu\/vyrobce\/wp-content\/uploads\/h\u0159ejiv\u00e9-pol\u0161t\u00e1\u0159ky-velkoobchod-324x300.jpg 324w, https:\/\/predmetyreklamni.eu\/vyrobce\/wp-content\/uploads\/h\u0159ejiv\u00e9-pol\u0161t\u00e1\u0159ky-velkoobchod.jpg 456w\" sizes=\"(max-width: 194px) 100vw, 194px\" \/><\/a>N\u00e1\u0161 velkoobchod nab\u00edz\u00ed zah\u0159\u00edvac\u00ed termo pol\u0161t\u00e1\u0159ky za v\u00fdhodn\u00e9 ceny a nab\u00edz\u00edme mno\u017estevn\u00ed slevy. Na\u0161e firma je spolehliv\u00fd velkoobchodn\u00ed dodavatel pro zah\u0159\u00edvac\u00ed termo pol\u0161t\u00e1\u0159ky a d\u00edky p\u0159\u00edm\u00fdm kontakt\u016fm na v\u00fdrobce V\u00e1m m\u016f\u017eeme nab\u00eddnout velkoobchodn\u00ed ceny. Jako profesion\u00e1ln\u00ed dodavatel nab\u00edz\u00edme jen zdravotn\u011b nez\u00e1vadn\u00e9, kvalitn\u011b zpracovan\u00e9 a zah\u0159\u00edvac\u00ed termo pol\u0161t\u00e1\u0159ky.<\/p>\n<h2 style=\"text-align: justify;\">Zah\u0159\u00edvac\u00ed termo pol\u0161t\u00e1\u0159ky skladem p\u0159\u00edmo od dodavatele<\/h2>\n<p style=\"text-align: justify;\">Disponujeme vlastn\u00edm skladem a proto zah\u0159\u00edvac\u00ed termo pol\u0161t\u00e1\u0159ky m\u016f\u017eeme expedovat ihned v den objedn\u00e1n\u00ed. Pro informaci o aktu\u00e1ln\u00edm stavu na sklad\u011b n\u00e1s nev\u00e1hejte <a href=\"mailto:info@predmetyreklamni.eu\">kontaktovat<\/a>. <strong>Zah\u0159\u00edvac\u00ed termo pol\u0161t\u00e1\u0159ky skladem jsou bez potisku.<\/strong>\u00a0P\u0159i nadm\u011brn\u00fdch mno\u017estv\u00edch se dodac\u00ed lh\u016fta pohybuje p\u0159ibli\u017en\u011b 19 pracovn\u00edch dn\u00ed. Pot\u0159ebujete-li nadm\u011brn\u00e1 mno\u017estv\u00ed nev\u00e1hejte n\u00e1s\u00a0<a href=\"mailto:info@predmetyreklamni.eu\">kontaktovat<\/a>.<\/p>\n<h2 style=\"text-align: justify;\">Zah\u0159\u00edvac\u00ed termo pol\u0161t\u00e1\u0159ky dodavatel nab\u00eddka<\/h2>\n<p style=\"text-align: justify;\">Na\u0161e nab\u00eddka zah\u0159\u00edvac\u00edch termo pol\u0161t\u00e1\u0159k\u016f bez potisku je pom\u011brn\u011b \u0161irok\u00e1, abychom uspokojili p\u0159\u00e1n\u00ed n\u00e1ro\u010dn\u00fdch z\u00e1kazn\u00edk\u016f. Pot\u0159ebujete zah\u0159\u00edvac\u00ed termo pol\u0161t\u00e1\u0159ky v jin\u00e9 barv\u011b \u010di tvaru? Nev\u00e1hejte n\u00e1s <a href=\"mailto:info@predmetyreklamni.eu\">kontaktovat<\/a> a my zjist\u00edme dostupnost p\u0159\u00edmo u v\u00fdrobce.<\/p>\n<div id=\"attachment_3637\" style=\"width: 145px\" class=\"wp-caption alignleft\"><a href=\"http:\/\/predmetyreklamni.eu\/vyrobce\/wp-content\/uploads\/oh\u0159\u00edva\u010d-rukou-srdce-velkoobchod.jpg\"><img aria-describedby=\"caption-attachment-3637\" decoding=\"async\" loading=\"lazy\" class=\" wp-image-3637 \" title=\"oh\u0159\u00edva\u010d rukou srdce velkoobchod\" alt=\"oh\u0159\u00edva\u010d rukou srdce velkoobchod\" src=\"http:\/\/predmetyreklamni.eu\/vyrobce\/wp-content\/uploads\/oh\u0159\u00edva\u010d-rukou-srdce-velkoobchod-150x150.jpg\" width=\"135\" height=\"135\" \/><\/a><p id=\"caption-attachment-3637\" class=\"wp-caption-text\">srdce 9x9cm<\/p><\/div>\n<div id=\"attachment_3640\" style=\"width: 145px\" class=\"wp-caption alignleft\"><a href=\"http:\/\/predmetyreklamni.eu\/vyrobce\/wp-content\/uploads\/h\u0159ejiv\u00fd-pol\u0161t\u00e1\u0159ek-p\u0159\u00edv\u011bsek-srdce-v\u00fdrobce.jpg\"><img aria-describedby=\"caption-attachment-3640\" decoding=\"async\" loading=\"lazy\" class=\" wp-image-3640 \" title=\"h\u0159ejiv\u00fd pol\u0161t\u00e1\u0159ek p\u0159\u00edv\u011bsek srdce v\u00fdrobce\" alt=\"h\u0159ejiv\u00fd pol\u0161t\u00e1\u0159ek p\u0159\u00edv\u011bsek srdce v\u00fdrobce\" src=\"http:\/\/predmetyreklamni.eu\/vyrobce\/wp-content\/uploads\/h\u0159ejiv\u00fd-pol\u0161t\u00e1\u0159ek-p\u0159\u00edv\u011bsek-srdce-v\u00fdrobce-150x150.jpg\" width=\"135\" height=\"135\" \/><\/a><p id=\"caption-attachment-3640\" class=\"wp-caption-text\">srdce 6x6cm<\/p><\/div>\n<div id=\"attachment_3642\" style=\"width: 145px\" class=\"wp-caption alignleft\"><a href=\"http:\/\/predmetyreklamni.eu\/vyrobce\/wp-content\/uploads\/h\u0159ejiv\u00e9-pol\u0161t\u00e1\u0159ky-kulat\u00e9-velkoobchod.jpg\"><img aria-describedby=\"caption-attachment-3642\" decoding=\"async\" loading=\"lazy\" class=\" wp-image-3642\" title=\"h\u0159ejiv\u00e9 pol\u0161t\u00e1\u0159ky kulat\u00e9 velkoobchod\" alt=\"h\u0159ejiv\u00e9 pol\u0161t\u00e1\u0159ky kulat\u00e9 velkoobchod\" src=\"http:\/\/predmetyreklamni.eu\/vyrobce\/wp-content\/uploads\/h\u0159ejiv\u00e9-pol\u0161t\u00e1\u0159ky-kulat\u00e9-velkoobchod-150x150.jpg\" width=\"135\" height=\"135\" srcset=\"https:\/\/predmetyreklamni.eu\/vyrobce\/wp-content\/uploads\/h\u0159ejiv\u00e9-pol\u0161t\u00e1\u0159ky-kulat\u00e9-velkoobchod-150x150.jpg 150w, https:\/\/predmetyreklamni.eu\/vyrobce\/wp-content\/uploads\/h\u0159ejiv\u00e9-pol\u0161t\u00e1\u0159ky-kulat\u00e9-velkoobchod-300x300.jpg 300w, https:\/\/predmetyreklamni.eu\/vyrobce\/wp-content\/uploads\/h\u0159ejiv\u00e9-pol\u0161t\u00e1\u0159ky-kulat\u00e9-velkoobchod.jpg 384w\" sizes=\"(max-width: 135px) 100vw, 135px\" \/><\/a><p id=\"caption-attachment-3642\" class=\"wp-caption-text\">kole\u010dko \u00d8 8.5cm<\/p><\/div>\n<div id=\"attachment_3644\" style=\"width: 145px\" class=\"wp-caption alignleft\"><a href=\"http:\/\/predmetyreklamni.eu\/vyrobce\/wp-content\/uploads\/\u010dir\u00fd-zah\u0159\u00edvac\u00ed-pol\u0161\u00e1\u0159ek-dodavatel.jpg\"><img aria-describedby=\"caption-attachment-3644\" decoding=\"async\" loading=\"lazy\" class=\" wp-image-3644  \" title=\"\u010dir\u00fd zah\u0159\u00edvac\u00ed pol\u0161\u00e1\u0159ek dodavatel\" alt=\"\u010dir\u00fd zah\u0159\u00edvac\u00ed pol\u0161\u00e1\u0159ek dodavatel\" src=\"http:\/\/predmetyreklamni.eu\/vyrobce\/wp-content\/uploads\/\u010dir\u00fd-zah\u0159\u00edvac\u00ed-pol\u0161\u00e1\u0159ek-dodavatel-150x150.jpg\" width=\"135\" height=\"135\" \/><\/a><p id=\"caption-attachment-3644\" class=\"wp-caption-text\">p\u0159\u00edv\u011bsek 7x5cm<\/p><\/div>\n<div id=\"attachment_3645\" style=\"width: 145px\" class=\"wp-caption alignleft\"><a href=\"http:\/\/predmetyreklamni.eu\/vyrobce\/wp-content\/uploads\/modr\u00e9-h\u0159ejiv\u00e9-pol\u0161t\u00e1\u0159ky-levn\u011b.jpg\"><img aria-describedby=\"caption-attachment-3645\" decoding=\"async\" loading=\"lazy\" class=\" wp-image-3645   \" title=\"modr\u00e9 h\u0159ejiv\u00e9 pol\u0161t\u00e1\u0159ky levn\u011b\" alt=\"modr\u00e9 h\u0159ejiv\u00e9 pol\u0161t\u00e1\u0159ky levn\u011b\" src=\"http:\/\/predmetyreklamni.eu\/vyrobce\/wp-content\/uploads\/modr\u00e9-h\u0159ejiv\u00e9-pol\u0161t\u00e1\u0159ky-levn\u011b-150x150.jpg\" width=\"135\" height=\"135\" \/><\/a><p id=\"caption-attachment-3645\" class=\"wp-caption-text\">troj\u00faheln\u00edk 9cm<\/p><\/div>\n<div id=\"attachment_3647\" style=\"width: 145px\" class=\"wp-caption alignleft\"><a href=\"http:\/\/predmetyreklamni.eu\/vyrobce\/wp-content\/uploads\/h\u0159ejiv\u00e9-pol\u0161t\u00e1\u0159ky-bez-potisku-dodavatel.jpg\"><img aria-describedby=\"caption-attachment-3647\" decoding=\"async\" loading=\"lazy\" class=\" wp-image-3647\" title=\"h\u0159ejiv\u00e9 pol\u0161t\u00e1\u0159ky bez potisku dodavatel\" alt=\"h\u0159ejiv\u00e9 pol\u0161t\u00e1\u0159ky bez potisku dodavatel\" src=\"http:\/\/predmetyreklamni.eu\/vyrobce\/wp-content\/uploads\/h\u0159ejiv\u00e9-pol\u0161t\u00e1\u0159ky-bez-potisku-dodavatel-150x150.jpg\" width=\"135\" height=\"135\" srcset=\"https:\/\/predmetyreklamni.eu\/vyrobce\/wp-content\/uploads\/h\u0159ejiv\u00e9-pol\u0161t\u00e1\u0159ky-bez-potisku-dodavatel-150x150.jpg 150w, https:\/\/predmetyreklamni.eu\/vyrobce\/wp-content\/uploads\/h\u0159ejiv\u00e9-pol\u0161t\u00e1\u0159ky-bez-potisku-dodavatel-300x300.jpg 300w, https:\/\/predmetyreklamni.eu\/vyrobce\/wp-content\/uploads\/h\u0159ejiv\u00e9-pol\u0161t\u00e1\u0159ky-bez-potisku-dodavatel.jpg 400w\" sizes=\"(max-width: 135px) 100vw, 135px\" \/><\/a><p id=\"caption-attachment-3647\" class=\"wp-caption-text\">obd\u00e9ln\u00edk 7x12cm<\/p><\/div>\n<div style=\"width: 145px\" class=\"wp-caption alignleft\"><a href=\"http:\/\/predmetyreklamni.eu\/vyrobce\/wp-content\/uploads\/zah\u0159\u00edvac\u00ed-pol\u0161t\u00e1\u0159ky-bez-potisku.jpg\"><img decoding=\"async\" loading=\"lazy\" class=\" \" title=\"zah\u0159\u00edvac\u00ed pol\u0161t\u00e1\u0159ky bez potisk\" alt=\"zah\u0159\u00edvac\u00ed pol\u0161t\u00e1\u0159ky bez potisku\" src=\"http:\/\/predmetyreklamni.eu\/vyrobce\/wp-content\/uploads\/zah\u0159\u00edvac\u00ed-pol\u0161t\u00e1\u0159ky-bez-potisku-150x150.jpg\" width=\"135\" height=\"135\" \/><\/a><p class=\"wp-caption-text\">ov\u00e1l 13&#215;8.5cm<\/p><\/div>\n<p>&nbsp;<\/p>\n<div id=\"attachment_3656\" style=\"width: 145px\" class=\"wp-caption alignleft\"><a href=\"http:\/\/predmetyreklamni.eu\/vyrobce\/wp-content\/uploads\/zah\u0159\u00edvac\u00ed-pol\u0161t\u00e1\u0159ky-ruka-velkoobchod.jpg\"><img aria-describedby=\"caption-attachment-3656\" decoding=\"async\" loading=\"lazy\" class=\" \" title=\"zah\u0159\u00edvac\u00ed pol\u0161t\u00e1\u0159ky ruka velkoobchod\" alt=\"zah\u0159\u00edvac\u00ed pol\u0161t\u00e1\u0159ky ruka velkoobchod\" src=\"http:\/\/predmetyreklamni.eu\/vyrobce\/wp-content\/uploads\/zah\u0159\u00edvac\u00ed-pol\u0161t\u00e1\u0159ky-ruka-velkoobchod-150x150.jpg\" width=\"135\" height=\"135\" \/><\/a><p id=\"caption-attachment-3656\" class=\"wp-caption-text\">ruka 16&#215;10.5cm<\/p><\/div>\n<div id=\"attachment_3657\" style=\"width: 145px\" class=\"wp-caption alignleft\"><a href=\"http:\/\/predmetyreklamni.eu\/vyrobce\/wp-content\/uploads\/termopol\u0161t\u00e1\u0159ky-strom-bez-potisku.jpg\"><img aria-describedby=\"caption-attachment-3657\" decoding=\"async\" loading=\"lazy\" title=\"termopol\u0161t\u00e1\u0159ky strom bez potisku\" alt=\"termopol\u0161t\u00e1\u0159ky strom bez potisku\" src=\"http:\/\/predmetyreklamni.eu\/vyrobce\/wp-content\/uploads\/termopol\u0161t\u00e1\u0159ky-strom-bez-potisku-150x150.jpg\" width=\"135\" height=\"135\" \/><\/a><p id=\"caption-attachment-3657\" class=\"wp-caption-text\">strom 8x12cm<\/p><\/div>\n<p>&nbsp;<\/p>\n<h2 style=\"text-align: justify;\">Zah\u0159\u00edvac\u00ed termo pol\u0161t\u00e1\u0159ky dodavatel cen\u00edk<\/h2>\n<p style=\"text-align: justify;\">Minim\u00e1ln\u00ed objedn\u00e1vka 50 kus\u016f. Nab\u00edz\u00edme mno\u017estevn\u00ed slevy a individu\u00e1ln\u00ed p\u0159\u00edstup.\u00a0Nev\u00e1hejte n\u00e1s\u00a0<a href=\"mailto:info@predmetyreklamni.eu\">kontaktovat<\/a>.<\/p>\n<p style=\"text-align: justify;\">[ultimatetables 1 \/]<\/p>\n<p>\u00a0* uveden\u00e9 ceny neobsahuj\u00ed DPH 21%<\/p>\n<p>Pot\u0159ebuje zn\u00e1t cenu pro jin\u00e9 mno\u017estv\u00ed? Kontaktujte n\u00e1\u0161\u00a0<a href=\"mailto:info@predmetyreklamni.eu\">VELKOOBCHOD<\/a>.<\/p>\n<p>Pro objedn\u00e1vku pou\u017eijte, pros\u00edm, objedn\u00e1vkov\u00fd formul\u00e1\u0159 n\u00ed\u017ee. D\u011bkujeme!<br \/>\nDo objedn\u00e1vky pros\u00edm uve\u010fte:<br \/>\n1. jm\u00e9no a p\u0159\u00edjmen\u00ed<br \/>\n2. adresa doru\u010den\u00ed<br \/>\n3. po\u010det kus\u016f<br \/>\n4. kontaktn\u00ed telefon (nejl\u00e9pe mobiln\u00ed telefon)<br \/>\n5. p\u0159i n\u00e1kupu na fakturu uve\u010fte faktura\u010dn\u00ed \u00fadaje.<\/p>\n<p><strong>Objedn\u00e1vky zas\u00edl\u00e1me:<\/strong><br \/>\nBAL\u00cdK DO RUKY \u00a0DO 10kg \u2013 DOB\u00cdRKA \u2013 170,- K\u010d v\u010detn\u011b DPH<br \/>\nnad 10kg dle cen\u00edku na\u0161eho p\u0159epravce<\/p>\n<p>BAL\u00cdK DO RUKY DO 10kg \u2013 PLATBA P\u0158EDEM NA \u00da\u010cET \u2013 130,- K\u010d v\u010detn\u011b DPH<br \/>\nnad 10kg dle cen\u00edku na\u0161eho p\u0159epravce<\/p>\n<p>P\u0159i platb\u011b p\u0159edem na \u00fa\u010det V\u00e1m bude zasl\u00e1na z\u00e1lohov\u00e1 faktura. Zbo\u017e\u00ed odes\u00edl\u00e1me po p\u0159ips\u00e1n\u00ed pen\u011bz na n\u00e1\u0161 \u00fa\u010det.<\/p>\n<p><strong>OBJEDN\u00c1VKOV\u00dd FORMUL\u00c1\u0158<\/strong><\/p>\n<p>[contact-form-7 id=&#8221;398&#8243; title=&#8221;Objedn\u00e1vka&#8221;]<\/p>\n<h2>Zah\u0159\u00edvac\u00ed termopol\u0161t\u00e1\u0159ky dodavatel maloobchod<\/h2>\n<p>Chcete zakoupit zah\u0159\u00edvac\u00ed termo pol\u0161t\u00e1\u0159ky v mal\u00e9m mno\u017estv\u00ed? Nav\u0161tivte n\u00e1s internetov\u00fd obchod <a title=\"H\u0159ejiv\u00e9 pol\u0161t\u00e1\u0159ky maloobchod\" href=\"http:\/\/ocelove-sperky.eu\/44-originalni-darky\" target=\"_blank\">Eva\u00b4s ocelov\u00e9 \u0161perky<\/a> nebo <a title=\"H\u0159ejiv\u00e9 pol\u0161t\u00e1\u0159ky maloobchod\" href=\"http:\/\/vymitac.cz\/cs\/118-darky-k-valentynu\" target=\"_blank\">Modern\u00ed design Vym\u00edta\u010d v\u0161ednost<\/a>i, kde si m\u016f\u017eete zakoupit zah\u0159\u00edvac\u00ed \u00a0termo pol\u0161t\u00e1\u0159ky ji\u017e od jednoho kusu.<\/p>\n","protected":false},"excerpt":{"rendered":"<p>ZAH\u0158\u00cdVAC\u00cd TERMO POL\u0160T\u00c1\u0158KY VELKOOBCHOD DODAVATEL Zah\u0159\u00edvac\u00ed termo pol\u0161t\u00e1\u0159ky od dodavatele za velkoobchodn\u00ed ceny N\u00e1\u0161 velkoobchod nab\u00edz\u00ed zah\u0159\u00edvac\u00ed termo pol\u0161t\u00e1\u0159ky za v\u00fdhodn\u00e9 ceny a nab\u00edz\u00edme mno\u017estevn\u00ed slevy. Na\u0161e firma je spolehliv\u00fd velkoobchodn\u00ed dodavatel pro zah\u0159\u00edvac\u00ed termo pol\u0161t\u00e1\u0159ky a d\u00edky p\u0159\u00edm\u00fdm kontakt\u016fm &hellip; <a href=\"https:\/\/predmetyreklamni.eu\/vyrobce\/zahrivaci-termo-polstarky-dodavatel\/\">Continue reading <span class=\"meta-nav\">&rarr;<\/span><\/a><\/p>\n","protected":false},"author":1,"featured_media":0,"parent":0,"menu_order":27,"comment_status":"closed","ping_status":"open","template":"sidebar-page.php","meta":[],"_links":{"self":[{"href":"https:\/\/predmetyreklamni.eu\/vyrobce\/wp-json\/wp\/v2\/pages\/3409"}],"collection":[{"href":"https:\/\/predmetyreklamni.eu\/vyrobce\/wp-json\/wp\/v2\/pages"}],"about":[{"href":"https:\/\/predmetyreklamni.eu\/vyrobce\/wp-json\/wp\/v2\/types\/page"}],"author":[{"embeddable":true,"href":"https:\/\/predmetyreklamni.eu\/vyrobce\/wp-json\/wp\/v2\/users\/1"}],"replies":[{"embeddable":true,"href":"https:\/\/predmetyreklamni.eu\/vyrobce\/wp-json\/wp\/v2\/comments?post=3409"}],"version-history":[{"count":32,"href":"https:\/\/predmetyreklamni.eu\/vyrobce\/wp-json\/wp\/v2\/pages\/3409\/revisions"}],"predecessor-version":[{"id":3672,"href":"https:\/\/predmetyreklamni.eu\/vyrobce\/wp-json\/wp\/v2\/pages\/3409\/revisions\/3672"}],"wp:attachment":[{"href":"https:\/\/predmetyreklamni.eu\/vyrobce\/wp-json\/wp\/v2\/media?parent=3409"}],"curies":[{"name":"wp","href":"https:\/\/api.w.org\/{rel}","templated":true}]}}