{"id":3848,"date":"2014-07-11T14:47:15","date_gmt":"2014-07-11T14:47:15","guid":{"rendered":"http:\/\/predmetyreklamni.eu\/vyrobce\/?page_id=3848"},"modified":"2014-10-09T11:16:44","modified_gmt":"2014-10-09T11:16:44","slug":"promo-podlozky-pod-mys-s-potiskem","status":"publish","type":"page","link":"https:\/\/predmetyreklamni.eu\/vyrobce\/promo-podlozky-pod-mys-s-potiskem\/","title":{"rendered":"Promo podlo\u017eky pod my\u0161 s potiskem"},"content":{"rendered":"<h1 style=\"text-align: justify;\">PROMO PODLO\u017dKY POD MY\u0160 S POTISKEM<\/h1>\n<h2 style=\"text-align: justify;\">Podlo\u017eky pod my\u0161 s potiskem jako promo Va\u0161\u00ed firmy<\/h2>\n<p style=\"text-align: justify;\">N\u00ed\u017ee si m\u016f\u017eete vybrat z na\u0161\u00ed \u0161irok\u00e9 nab\u00eddky promo podlo\u017eky pod my\u0161. Promo podlo\u017eky s potiskem jsou k dispozici v r\u016fzn\u00fdch materi\u00e1lech a tak\u00e9 s r\u016fzn\u00fdmi funkcemi. V\u0161echny n\u00e1mi nab\u00edzen\u00e9 promo podlo\u017eky pod my\u0161 mohou b\u00fdt opat\u0159eny potiskem dle Va\u0161eho zad\u00e1n\u00ed.<\/p>\n<h2 style=\"text-align: justify;\">Promo podlo\u017eky pod mys s potiskem nab\u00eddka<\/h2>\n<p style=\"text-align: justify;\"><em>Klikn\u011bte pro v\u00edce informac\u00ed<\/em><\/p>\n<div style=\"width: 226px\" class=\"wp-caption alignleft\"><a href=\"http:\/\/predmetyreklamni.eu\/vyrobce\/podlozky-pod-mys-zakazkova-vyroba\/\" target=\"_blank\"><img decoding=\"async\" loading=\"lazy\" class=\"hover    \" title=\"Promo podlo\u017eky s logem\" alt=\"Promo podlo\u017eky s logem\" src=\"http:\/\/predmetyreklamni.eu\/vyrobce\/wp-content\/uploads\/Promo-podlo\u017eky-s-logem-300x249.jpg\" width=\"216\" height=\"179\" \/><\/a><p class=\"wp-caption-text\">DLE MATERI\u00c1LU<\/p><\/div>\n<div id=\"attachment_4088\" style=\"width: 226px\" class=\"wp-caption alignleft\"><a href=\"http:\/\/predmetyreklamni.eu\/vyrobce\/firemni-podlozky-pod-mys\/\" target=\"_blank\"><img aria-describedby=\"caption-attachment-4088\" decoding=\"async\" loading=\"lazy\" class=\"hover    \" title=\"Fuk\u010dn\u00ed promo podlo\u017eky s logem\" alt=\"Fuk\u010dn\u00ed promo podlo\u017eky s logem\" src=\"http:\/\/predmetyreklamni.eu\/vyrobce\/wp-content\/uploads\/Fuk\u010dn\u00ed-promo-podlo\u017eky-s-logem-300x249.jpg\" width=\"216\" height=\"179\" \/><\/a><p id=\"caption-attachment-4088\" class=\"wp-caption-text\">DLE FUNKCE<\/p><\/div>\n<h2 style=\"text-align: justify;\">Materi\u00e1ly promo podlo\u017eky pod my\u0161 s potiskem<\/h2>\n<p style=\"text-align: justify;\">P\u0159i v\u00fdb\u011bru Va\u0161\u00ed promo podlo\u017eky pod my\u0161 je dobr\u00e9 ji\u017e p\u0159i v\u00fdb\u011bru materi\u00e1lu br\u00e1t v \u00favahu jak\u00fdm potiskem chcete sv\u00e9 promo podlo\u017eky opat\u0159it. Ne zcela v\u0161echny materi\u00e1ly promo podlo\u017eky jsou vhodn\u00e9 nap\u0159\u00edklad pro plnobarevn\u00fd potisk. Promo podlo\u017eky pod my\u0161 s potiskem nab\u00edz\u00edme z materi\u00e1l\u016f PVC\/PP, EVA, silikonu, gumov\u00e9 \u010di gelov\u00e9. V\u0161echny tyto materi\u00e1ly mohou b\u00fdt s textiln\u00edm potahem z mikrovl\u00e1kna, lentikul\u00e1rn\u00edm 3D efektem pomoc\u00ed 3D folie a pap\u00edrov\u00e9ho podkladu \u010di opat\u0159eny PVC f\u00f3li\u00ed.<\/p>\n<h2 style=\"text-align: justify;\">Funk\u010dn\u00ed promo podlo\u017eky pod my\u0161 s potiskem<\/h2>\n<p style=\"text-align: justify;\">Dal\u0161\u00ed d\u016fle\u017eitou ale volitelnou sou\u010d\u00e1st\u00ed promo podlo\u017eky s potiskem jsou jej\u00ed p\u0159\u00edpadn\u00e9 funkce. Sv\u00e9 promo podlo\u017eky pod my\u0161 m\u016f\u017eete pro sv\u00e9 z\u00e1kazn\u00edky opat\u0159it nejen potiskem ale funk\u010dn\u00edmi vychyt\u00e1vkami jako odpo\u010d\u00edv\u00e1tkem pod z\u00e1p\u011bst\u00ed, r\u00e1me\u010dkem na fotku, kalend\u00e1\u0159em, kalkula\u010dkou, prav\u00edtkem, lupou, zrc\u00e1tkem. M\u00e1te jin\u00fd n\u00e1pad, jak\u00fdm chcete zv\u00fd\u0161it funk\u010dnost pr\u00e1v\u011b t\u00e9 Va\u0161\u00ed promo podlo\u017eky pod my\u0161 s potiskem? Nev\u00e1hejte n\u00e1s kontaktovat pro cenovou nab\u00eddku.<\/p>\n<p style=\"text-align: justify;\"><a href=\"http:\/\/predmetyreklamni.eu\/vyrobce\/wp-content\/uploads\/Reklamn\u00ed-podlo\u017eky-pod-my\u0161-s-potiskem.jpg\"><img decoding=\"async\" loading=\"lazy\" class=\"alignleft size-full wp-image-4138\" alt=\"Reklamn\u00ed podlo\u017eky pod my\u0161 s potiskem\" src=\"http:\/\/predmetyreklamni.eu\/vyrobce\/wp-content\/uploads\/Reklamn\u00ed-podlo\u017eky-pod-my\u0161-s-potiskem.jpg\" width=\"244\" height=\"170\" \/><\/a>A\u0165 u\u017e chcete pomoc\u00ed promo podlo\u017eky pod my\u0161\u00a0s potiskem propagovat cokoliv, budou efektivn\u00ed sou\u010d\u00e1st\u00ed t\u00e9to kampan\u011b. Promo podlo\u017eky pod my\u0161 s potiskem pat\u0159\u00ed st\u00e1le mezi obl\u00edben\u00e9 reklamn\u00ed d\u00e1rky, kter\u00e9 Va\u0161i klienti, obchodn\u00ed partne\u0159i \u010di zam\u011bstnanci zajist\u00e9 vyu\u017eit\u00ed a mo\u017en\u00e1 V\u00e1m tak\u00e9 pomohou z\u00edskat nov\u00e9 z\u00e1kazn\u00edky \u010di zv\u00fd\u0161it pov\u011bdom\u00ed o Va\u0161\u00ed zna\u010dce.<\/p>\n<p style=\"text-align: justify;\">Zaujala V\u00e1s na\u0161e nab\u00eddka a chcete si nechat na zak\u00e1zku vyrobit promo podlo\u017eky pod my\u0161 s potiskem a obdarovat sv\u00e9 z\u00e1kazn\u00edky \u010di obchodn\u00ed partnery? Kontaktujte n\u00e1s pro cenovou nab\u00eddku na emailu:<a href=\"mailto:info@predmetyreklamni.eu\">\u00a0info@predmetyreklamni.eu<\/a><\/p>\n<p style=\"text-align: justify;\">T\u011b\u0161\u00edme se na spolupr\u00e1ci! Team Gifts Service<\/p>\n","protected":false},"excerpt":{"rendered":"<p>PROMO PODLO\u017dKY POD MY\u0160 S POTISKEM Podlo\u017eky pod my\u0161 s potiskem jako promo Va\u0161\u00ed firmy N\u00ed\u017ee si m\u016f\u017eete vybrat z na\u0161\u00ed \u0161irok\u00e9 nab\u00eddky promo podlo\u017eky pod my\u0161. Promo podlo\u017eky s potiskem jsou k dispozici v r\u016fzn\u00fdch materi\u00e1lech a tak\u00e9 s &hellip; <a href=\"https:\/\/predmetyreklamni.eu\/vyrobce\/promo-podlozky-pod-mys-s-potiskem\/\">Continue reading <span class=\"meta-nav\">&rarr;<\/span><\/a><\/p>\n","protected":false},"author":1,"featured_media":0,"parent":0,"menu_order":28,"comment_status":"closed","ping_status":"open","template":"sidebar-page.php","meta":[],"_links":{"self":[{"href":"https:\/\/predmetyreklamni.eu\/vyrobce\/wp-json\/wp\/v2\/pages\/3848"}],"collection":[{"href":"https:\/\/predmetyreklamni.eu\/vyrobce\/wp-json\/wp\/v2\/pages"}],"about":[{"href":"https:\/\/predmetyreklamni.eu\/vyrobce\/wp-json\/wp\/v2\/types\/page"}],"author":[{"embeddable":true,"href":"https:\/\/predmetyreklamni.eu\/vyrobce\/wp-json\/wp\/v2\/users\/1"}],"replies":[{"embeddable":true,"href":"https:\/\/predmetyreklamni.eu\/vyrobce\/wp-json\/wp\/v2\/comments?post=3848"}],"version-history":[{"count":17,"href":"https:\/\/predmetyreklamni.eu\/vyrobce\/wp-json\/wp\/v2\/pages\/3848\/revisions"}],"predecessor-version":[{"id":4139,"href":"https:\/\/predmetyreklamni.eu\/vyrobce\/wp-json\/wp\/v2\/pages\/3848\/revisions\/4139"}],"wp:attachment":[{"href":"https:\/\/predmetyreklamni.eu\/vyrobce\/wp-json\/wp\/v2\/media?parent=3848"}],"curies":[{"name":"wp","href":"https:\/\/api.w.org\/{rel}","templated":true}]}}