{"id":436,"date":"2013-03-29T10:04:10","date_gmt":"2013-03-29T10:04:10","guid":{"rendered":"http:\/\/predmetyreklamni.eu\/vyrobce\/?page_id=436"},"modified":"2014-03-13T15:26:25","modified_gmt":"2014-03-13T15:26:25","slug":"reklamni-rohoze-na-zakazku","status":"publish","type":"page","link":"https:\/\/predmetyreklamni.eu\/vyrobce\/reklamni-rohoze-na-zakazku\/","title":{"rendered":"Reklamn\u00ed roho\u017ee na zak\u00e1zku"},"content":{"rendered":"<h1 style=\"text-align: justify;\">REKLAMN\u00cd ROHO\u017dE NA ZAK\u00c1ZKU<\/h1>\n<h2 style=\"text-align: justify;\">Reklamn\u00ed roho\u017ee na zak\u00e1zku<\/h2>\n<p style=\"text-align: justify;\">Nab\u00edz\u00edme V\u00e1m v\u00fdrobu reklamn\u00ed roho\u017ee na zak\u00e1zku p\u0159esn\u011b dle Va\u0161eho n\u00e1vrhu. Dok\u00e1\u017eeme na zak\u00e1zku vyrobit reklamn\u00ed roho\u017ee v mnoha r\u016fzn\u00fdch materi\u00e1lech, velikostech, tvarech, barv\u00e1ch a stylech &#8211; vyrob\u00edme pro V\u00e1s jedine\u010dn\u00e9 reklamn\u00ed roho\u017ee, kter\u00e9 budou reprezentovat Va\u0161\u00ed firmu a budou V\u00e1m d\u011blat dobrou reklamu. \u00a0Obecn\u011b maj\u00ed reklamn\u00ed roho\u017ee na zak\u00e1zku velice \u0161irok\u00e9 vyu\u017eit\u00ed a\u00a0pou\u017e\u00edvaj\u00ed se p\u0159edev\u0161\u00edm p\u0159ed vchodem do budovy nebo m\u00edstnosti. Reklamn\u00ed roho\u017ee\u00a0se nej\u010dast\u011bji umis\u0165uj\u00ed p\u0159ed dve\u0159e a dodaj\u00ed n\u00e1v\u0161t\u011bvn\u00edku ten prav\u00fd pocit dom\u00e1ck\u00e9 atmosf\u00e9ry. Nav\u00edc kdy\u017e si lid\u00e9 \u010dist\u00ed obuv na roho\u017ei v\u011bt\u0161inou se p\u0159i tom na ni d\u00edvaj\u00ed. D\u00edky tomu m\u00e1te dal\u0161\u00ed p\u0159\u00edle\u017eitost jak mo\u017en\u00e9 z\u00e1kazn\u00edky oslovit! Zakl\u00e1d\u00e1me si na nejlep\u0161\u00edch technologi\u00edch, kter\u00e9 zaji\u0161\u0165uj\u00ed vysokou kvalitu n\u00e1mi na zak\u00e1zku vyroben\u00e9 reklamn\u00ed\u00a0roho\u017ee.<\/p>\n<h2 style=\"text-align: justify;\">Reklamn\u00ed roho\u017ee na zak\u00e1zku\u00a0<span style=\"color: #000000; font-weight: bold;\">od n\u00e1s<\/span><\/h2>\n<p style=\"text-align: justify;\">N\u00ed\u017ee V\u00e1m p\u0159edstav\u00edme p\u0159\u00edklady nejb\u011b\u017en\u011bj\u0161\u00ed reklamn\u00ed roho\u017ee, kterou pro V\u00e1s m\u016f\u017eeme na zak\u00e1zku vyrobit. A\u0165 u\u017e hled\u00e1te oby\u010dejn\u00e9\u00a0dom\u00e1c\u00ed roho\u017ee, reklamn\u00ed roho\u017ee\u00a0nebo\u00a0velik\u00e9 reklamn\u00ed roho\u017ee, my je pro V\u00e1s dok\u00e1\u017eeme vyrobit ve vysok\u00e9 kvalit\u011b a za p\u0159im\u011b\u0159en\u00fdch n\u00e1klad\u016f. Na na\u0161ich str\u00e1nk\u00e1ch najdete p\u0159edev\u0161\u00edm p\u0159\u00edklady realizovan\u00fdch zak\u00e1zek, d\u00edky n\u00edm\u017e si m\u016f\u017eete snadno vytvo\u0159it p\u0159edstavu o mo\u017enostech, kter\u00e9 V\u00e1m\u00a0roho\u017e\u00a0nab\u00edz\u00ed. Pokud m\u00e1te jak\u00e9koliv ot\u00e1zky, chcete zn\u00e1t cenovou kalkulaci pro v\u00fdrobu reklamn\u00ed roho\u017ee na zak\u00e1zku nebo pokud si chcete\u00a0objednat v\u00fdrobu reklamn\u00ed roho\u017ee, nev\u00e1hejte n\u00e1s <a title=\"kontaktujte n\u00e1s\" href=\"mailto:info@predmetyreklamni.eu\" target=\"_blank\">kontaktovat<\/a>.<\/p>\n<h2 style=\"text-align: justify;\">Reklamn\u00ed roho\u017ee na zak\u00e1zku nejnov\u011bj\u0161\u00ed realizace<\/h2>\n<p style=\"text-align: justify;\">Reklamn\u00ed roho\u017ee na zak\u00e1zku pro DBD Group a All Service<\/p>\n<p style=\"text-align: justify;\"><strong>Materi\u00e1l<\/strong>: polyacrylonitrilov\u00e9 vl\u00e1kno<br \/>\n<strong>Rozm\u011br<\/strong>: 50 x 80 cm<\/p>\n<p style=\"text-align: justify;\"><a href=\"http:\/\/predmetyreklamni.eu\/vyrobce\/wp-content\/uploads\/0439d30215ea706225b2e2ac5d01649b1.jpg\"><img decoding=\"async\" loading=\"lazy\" class=\"alignleft  wp-image-2341\" title=\"Reklamn\u00ed roho\u017eky na zak\u00e1zku dodavatel\" alt=\"Reklamn\u00ed roho\u017eky na zak\u00e1zku dodavatel\" src=\"http:\/\/predmetyreklamni.eu\/vyrobce\/wp-content\/uploads\/0439d30215ea706225b2e2ac5d01649b1-300x199.jpg\" width=\"240\" height=\"159\" srcset=\"https:\/\/predmetyreklamni.eu\/vyrobce\/wp-content\/uploads\/0439d30215ea706225b2e2ac5d01649b1-300x199.jpg 300w, https:\/\/predmetyreklamni.eu\/vyrobce\/wp-content\/uploads\/0439d30215ea706225b2e2ac5d01649b1-452x300.jpg 452w, https:\/\/predmetyreklamni.eu\/vyrobce\/wp-content\/uploads\/0439d30215ea706225b2e2ac5d01649b1.jpg 1007w\" sizes=\"(max-width: 240px) 100vw, 240px\" \/><\/a><\/p>\n<p style=\"text-align: justify;\"><a href=\"http:\/\/predmetyreklamni.eu\/vyrobce\/wp-content\/uploads\/32e3fac039e5df65af4343ab9411d76f-\u2013-kopie.jpg\"><img decoding=\"async\" loading=\"lazy\" class=\"alignleft  wp-image-2344\" title=\"Reklamn\u00ed roho\u017eky v\u00fdrobce\" alt=\"Reklamn\u00ed roho\u017eky v\u00fdrobce\" src=\"http:\/\/predmetyreklamni.eu\/vyrobce\/wp-content\/uploads\/32e3fac039e5df65af4343ab9411d76f-\u2013-kopie-300x293.jpg\" width=\"240\" height=\"234\" srcset=\"https:\/\/predmetyreklamni.eu\/vyrobce\/wp-content\/uploads\/32e3fac039e5df65af4343ab9411d76f-\u2013-kopie-300x293.jpg 300w, https:\/\/predmetyreklamni.eu\/vyrobce\/wp-content\/uploads\/32e3fac039e5df65af4343ab9411d76f-\u2013-kopie-307x300.jpg 307w, https:\/\/predmetyreklamni.eu\/vyrobce\/wp-content\/uploads\/32e3fac039e5df65af4343ab9411d76f-\u2013-kopie.jpg 819w\" sizes=\"(max-width: 240px) 100vw, 240px\" \/><\/a><\/p>\n<h2 style=\"text-align: justify;\">\u00a0Reklamn\u00ed roho\u017ee na zak\u00e1zku s logem<\/h2>\n<p style=\"text-align: justify;\">Tento typ reklamn\u00ed roho\u017ee je na zak\u00e1zku vyroben z vinylu je skv\u011bl\u00fd pro pou\u017eit\u00ed v reklam\u011b. Na reklamn\u00ed roho\u017ee se d\u00e1 na zak\u00e1zku natisknout Va\u0161e logo \u010di slogan. Tyto reklamn\u00ed roho\u017ee maj\u00ed jasn\u00e9 barvy a kvalitn\u00ed potisk a budou V\u00e1m skv\u011ble slou\u017eit jako reklama i jako prost\u0159edek pro \u010dist\u011bn\u00ed obuvi. Vyu\u017eijte tyto roho\u017ee pro reklamu!<\/p>\n<p style=\"text-align: justify;\"><a href=\"http:\/\/predmetyreklamni.eu\/vyrobce\/wp-content\/uploads\/reklamn\u00ed-roho\u017ee-na-zak\u00e1zku-s-logem_.jpg\"><img decoding=\"async\" loading=\"lazy\" class=\"alignleft  wp-image-490\" title=\"reklamn\u00ed roho\u017ee v\u00fdrobce\" alt=\"reklamn\u00ed roho\u017ee v\u00fdrobce\" src=\"http:\/\/predmetyreklamni.eu\/vyrobce\/wp-content\/uploads\/reklamn\u00ed-roho\u017ee-na-zak\u00e1zku-s-logem_.jpg\" width=\"180\" height=\"180\" srcset=\"https:\/\/predmetyreklamni.eu\/vyrobce\/wp-content\/uploads\/reklamn\u00ed-roho\u017ee-na-zak\u00e1zku-s-logem_.jpg 200w, https:\/\/predmetyreklamni.eu\/vyrobce\/wp-content\/uploads\/reklamn\u00ed-roho\u017ee-na-zak\u00e1zku-s-logem_-150x150.jpg 150w\" sizes=\"(max-width: 180px) 100vw, 180px\" \/><\/a><br \/>\n<strong style=\"text-align: justify;\">K\u00f3d v\u00fdrobku<\/strong><span style=\"text-align: justify;\">:\u00a0 GS-DM001<br \/>\n<\/span><strong style=\"text-align: justify;\">Materi\u00e1l<\/strong><span style=\"text-align: justify;\">: Vinyl<br \/>\n<\/span><strong style=\"text-align: justify;\">Rozm\u011bry<\/strong><span style=\"text-align: justify;\">: 50 x 70 cm<br \/>\n<\/span><strong style=\"text-align: justify;\">Minim\u00e1ln\u00ed objedn\u00e1vka<\/strong><span style=\"text-align: justify;\">: 300ks<br \/>\n<\/span><strong style=\"text-align: justify;\">Cena<\/strong><span style=\"text-align: justify;\">:\u00a0<a title=\"ZASLAT POPT\u00c1VKU\" href=\"mailto:info@predmetyreklamni.eu\">ZASLAT POPT\u00c1VKU\u00a0<\/a><\/span><\/p>\n<h2 style=\"text-align: justify;\">Reklamn\u00ed roho\u017ee na zak\u00e1zku z PVC<\/h2>\n<p style=\"text-align: justify;\">Reklamn\u00ed roho\u017ee na zak\u00e1zku z PVC je mo\u017en\u00e9 vyrobit p\u0159esn\u011b ve tvaru, barv\u011b a velikosti, kter\u00e9 V\u00e1m vyhovuj\u00ed. Tyto reklamn\u00ed roho\u017ee na zak\u00e1zku z PVC velice dob\u0159e \u010dist\u00ed obuv a z\u00e1rove\u0148 dob\u0159e vypadaj\u00ed. Tyto reklamn\u00ed roho\u017ee na zak\u00e1zku p\u0159iv\u00edtaj\u00ed n\u00e1v\u0161t\u011bvu za V\u00e1s.<\/p>\n<p style=\"text-align: justify;\"><a href=\"http:\/\/predmetyreklamni.eu\/vyrobce\/wp-content\/uploads\/reklamn\u00ed-roho\u017ee-z-PVC_.jpg\"><img decoding=\"async\" loading=\"lazy\" class=\"alignleft  wp-image-491\" title=\"reklamn\u00ed roho\u017ee na zak\u00e1zku z PVC\" alt=\"reklamn\u00ed roho\u017ee na zak\u00e1zku z PVC\" src=\"http:\/\/predmetyreklamni.eu\/vyrobce\/wp-content\/uploads\/reklamn\u00ed-roho\u017ee-z-PVC_-300x225.jpg\" width=\"216\" height=\"162\" srcset=\"https:\/\/predmetyreklamni.eu\/vyrobce\/wp-content\/uploads\/reklamn\u00ed-roho\u017ee-z-PVC_-300x225.jpg 300w, https:\/\/predmetyreklamni.eu\/vyrobce\/wp-content\/uploads\/reklamn\u00ed-roho\u017ee-z-PVC_-400x300.jpg 400w, https:\/\/predmetyreklamni.eu\/vyrobce\/wp-content\/uploads\/reklamn\u00ed-roho\u017ee-z-PVC_.jpg 600w\" sizes=\"(max-width: 216px) 100vw, 216px\" \/><\/a><\/p>\n<p style=\"text-align: justify;\">\n<strong>K\u00f3d v\u00fdrobku<\/strong>: GS-DM002<br \/>\n<strong>Materi\u00e1l<\/strong>: PVC<br \/>\n<strong>Rozm\u011bry<\/strong>: 40 x 60 cm<br \/>\n<strong>Minim\u00e1ln\u00ed objedn\u00e1vka<\/strong>: 300 ks<br \/>\n<strong>Cena<\/strong>:\u00a0<a title=\"ZASLAT POPT\u00c1VKU\" href=\"mailto:info@predmetyreklamni.eu\">ZASLAT POPT\u00c1VKU\u00a0<\/a><\/p>\n<h2 style=\"text-align: justify;\">Gumov\u00e9 reklamn\u00ed roho\u017ee na zak\u00e1zku<\/h2>\n<p style=\"text-align: justify;\">Tyto reklamn\u00ed gumov\u00e9 roho\u017ee jsou na zak\u00e1zku vyrobeny z velmi kvalitn\u00edho a odoln\u00e9ho materi\u00e1lu a d\u00edky tomu maj\u00ed vysokou \u017eivotnost a vykazuj\u00ed jen velmi mal\u00e9 opot\u0159eben\u00ed. Gumov\u00e9 reklamn\u00ed roho\u017ee na zak\u00e1zku maj\u00ed ide\u00e1ln\u00ed vyu\u017eit\u00ed venku p\u0159ed vchodem. Speci\u00e1ln\u00ed povrch t\u00e9to gumov\u00e9 reklamn\u00ed roho\u017ee na zak\u00e1zku odstra\u0148uje ne\u010distoty z obuvi, a tak pom\u00e1h\u00e1 udr\u017eovat vnit\u0159ek budovy \u010dist\u00fd.<\/p>\n<p style=\"text-align: justify;\"><a href=\"http:\/\/predmetyreklamni.eu\/vyrobce\/wp-content\/uploads\/Gumov\u00e9-roho\u017ee-na-zak\u00e1zku.jpg\"><img decoding=\"async\" loading=\"lazy\" class=\"alignleft  wp-image-495\" title=\"Gumov\u00e9 reklamn\u00ed roho\u017ee na zak\u00e1zku\" alt=\"Gumov\u00e9 reklamn\u00ed roho\u017ee na zak\u00e1zku\" src=\"http:\/\/predmetyreklamni.eu\/vyrobce\/wp-content\/uploads\/Gumov\u00e9-roho\u017ee-na-zak\u00e1zku.jpg\" width=\"180\" height=\"180\" srcset=\"https:\/\/predmetyreklamni.eu\/vyrobce\/wp-content\/uploads\/Gumov\u00e9-roho\u017ee-na-zak\u00e1zku.jpg 200w, https:\/\/predmetyreklamni.eu\/vyrobce\/wp-content\/uploads\/Gumov\u00e9-roho\u017ee-na-zak\u00e1zku-150x150.jpg 150w\" sizes=\"(max-width: 180px) 100vw, 180px\" \/><\/a><\/p>\n<p style=\"text-align: justify;\">\n<strong>K\u00f3d v\u00fdrobku<\/strong>: GS-DM003<br \/>\n<strong>Materi\u00e1l<\/strong>: Guma<br \/>\n<strong>Rozm\u011bry<\/strong>: 45 x 75 cm<br \/>\n<strong>Minim\u00e1ln\u00ed objedn\u00e1vka<\/strong>: 300 ks<br \/>\n<strong>Cena<\/strong>:\u00a0<a title=\"ZASLAT POPT\u00c1VKU\" href=\"mailto:info@predmetyreklamni.eu\">ZASLAT POPT\u00c1VKU\u00a0<\/a><\/p>\n<h2 style=\"text-align: justify;\">Reklamn\u00ed roho\u017ee na zak\u00e1zku z kokosov\u00e9ho vl\u00e1kna<\/h2>\n<p style=\"text-align: justify;\">Uv\u011bdomujeme si d\u016fle\u017eitost ochrany \u017eivotn\u00edho prost\u0159ed\u00ed, a proto V\u00e1m nab\u00edz\u00edme reklamn\u00ed roho\u017ee na zak\u00e1zku vyroben\u00e9 z kokosov\u00e9ho vl\u00e1kna. Tyto reklamn\u00ed roho\u017ee jsou na zak\u00e1zku vyrobeny ze 100% p\u0159\u00edrodn\u00edho materi\u00e1lu \u00a0&#8211; kokosov\u00e9ho vl\u00e1kna. Roho\u017ee z kokosov\u00e9ho vl\u00e1kna nav\u00edc skv\u011ble vypadaj\u00ed.<\/p>\n<p style=\"text-align: justify;\"><a href=\"http:\/\/predmetyreklamni.eu\/vyrobce\/wp-content\/uploads\/reklamn\u00ed-roho\u017ee-na-zak\u00e1zku-z-kokosov\u00e9ho-vl\u00e1kna.jpg\"><img decoding=\"async\" loading=\"lazy\" class=\"alignleft  wp-image-499\" title=\"reklamn\u00ed roho\u017ee na zak\u00e1zku z kokosov\u00e9ho vl\u00e1kna\" alt=\"reklamn\u00ed roho\u017ee na zak\u00e1zku z kokosov\u00e9ho vl\u00e1kna\" src=\"http:\/\/predmetyreklamni.eu\/vyrobce\/wp-content\/uploads\/reklamn\u00ed-roho\u017ee-na-zak\u00e1zku-z-kokosov\u00e9ho-vl\u00e1kna-300x300.jpg\" width=\"192\" height=\"192\" srcset=\"https:\/\/predmetyreklamni.eu\/vyrobce\/wp-content\/uploads\/reklamn\u00ed-roho\u017ee-na-zak\u00e1zku-z-kokosov\u00e9ho-vl\u00e1kna-300x300.jpg 300w, https:\/\/predmetyreklamni.eu\/vyrobce\/wp-content\/uploads\/reklamn\u00ed-roho\u017ee-na-zak\u00e1zku-z-kokosov\u00e9ho-vl\u00e1kna-150x150.jpg 150w, https:\/\/predmetyreklamni.eu\/vyrobce\/wp-content\/uploads\/reklamn\u00ed-roho\u017ee-na-zak\u00e1zku-z-kokosov\u00e9ho-vl\u00e1kna.jpg 500w\" sizes=\"(max-width: 192px) 100vw, 192px\" \/><\/a><\/p>\n<p style=\"text-align: justify;\">\n<strong>K\u00f3d v\u00fdrobku<\/strong>: \u00a0GS-DM004<br \/>\n<strong>Materi\u00e1l<\/strong>: Kokosov\u00e9 vl\u00e1kno<br \/>\n<strong>Rozm\u011bry<\/strong>: 40 x 60 cm<br \/>\n<strong>Minim\u00e1ln\u00ed objedn\u00e1vka<\/strong>: 300 ks<br \/>\n<strong>Cena<\/strong>:\u00a0<a title=\"ZASLAT POPT\u00c1VKU\" href=\"mailto:info@predmetyreklamni.eu\">ZASLAT POPT\u00c1VKU\u00a0<\/a><\/p>\n<h2 style=\"text-align: justify;\">Reklamn\u00ed roho\u017ee s potiskem na zak\u00e1zku<\/h2>\n<p style=\"text-align: justify;\">Reklamn\u00ed roho\u017ee na zak\u00e1zku s potiskem jsou velice dekorativn\u00ed a jsou velice obl\u00edben\u00e9 nejen kv\u016fli vysok\u00e9 funk\u010dnosti, ale i proto\u017ee kr\u00e1sn\u011b ozdob\u00ed podlahu. Reklamn\u00ed roho\u017ee s potiskem na zak\u00e1zku jsou velice p\u016fsobiv\u00e9 a jsou ide\u00e1ln\u00edm prost\u0159edkem pro reklamu a dotvo\u0159en\u00ed vchodu restaurace, hotelu, obchodu \u010di spole\u010dnosti.<\/p>\n<p style=\"text-align: justify;\"><a href=\"http:\/\/predmetyreklamni.eu\/vyrobce\/wp-content\/uploads\/reklamn\u00ed-roho\u017ee-s-potiskem-na-zak\u00e1zku-2.jpg\"><img decoding=\"async\" loading=\"lazy\" class=\"alignleft  wp-image-502\" title=\"reklamn\u00ed roho\u017ee s potiskem na zak\u00e1zku\" alt=\"reklamn\u00ed roho\u017ee s potiskem na zak\u00e1zku\" src=\"http:\/\/predmetyreklamni.eu\/vyrobce\/wp-content\/uploads\/reklamn\u00ed-roho\u017ee-s-potiskem-na-zak\u00e1zku-2.jpg\" width=\"160\" height=\"160\" srcset=\"https:\/\/predmetyreklamni.eu\/vyrobce\/wp-content\/uploads\/reklamn\u00ed-roho\u017ee-s-potiskem-na-zak\u00e1zku-2.jpg 200w, https:\/\/predmetyreklamni.eu\/vyrobce\/wp-content\/uploads\/reklamn\u00ed-roho\u017ee-s-potiskem-na-zak\u00e1zku-2-150x150.jpg 150w\" sizes=\"(max-width: 160px) 100vw, 160px\" \/><\/a><\/p>\n<p style=\"text-align: justify;\">\n<strong>K\u00f3d v\u00fdrobku<\/strong>: GS-DM005<br \/>\n<strong>Materi\u00e1l<\/strong>: Polyester<br \/>\n<strong>Rozm\u011bry<\/strong>: 60 x 90 cm<br \/>\n<strong>Minim\u00e1ln\u00ed objedn\u00e1vka<\/strong>: 300 ks<br \/>\n<strong>Cena<\/strong>:\u00a0<a title=\"ZASLAT POPT\u00c1VKU\" href=\"mailto:info@predmetyreklamni.eu\">ZASLAT POPT\u00c1VKU\u00a0<\/a><\/p>\n<h2 style=\"text-align: justify;\">Reklamn\u00ed roho\u017ee na zak\u00e1zku z ply\u0161e<\/h2>\n<p style=\"text-align: justify;\">Tyto reklamn\u00ed roho\u017ee jsou na zak\u00e1zku vyrobeny z ply\u0161e a maj\u00ed velice vysokou \u010dist\u00edc\u00ed \u00fa\u010dinnost. Reklamn\u00ed roho\u017ee z ply\u0161e jsou na zak\u00e1zku opat\u0159eny potiskem a velice dob\u0159e vypadaj\u00ed.<\/p>\n<p style=\"text-align: justify;\"><a href=\"http:\/\/predmetyreklamni.eu\/vyrobce\/wp-content\/uploads\/reklamn\u00ed-roho\u017ee-na-zak\u00e1zku-z-ply\u0161e.jpg\"><img decoding=\"async\" loading=\"lazy\" class=\"alignleft  wp-image-504\" title=\"reklamn\u00ed roho\u017ee na zak\u00e1zku z ply\u0161e\" alt=\"reklamn\u00ed roho\u017ee na zak\u00e1zku z ply\u0161e\" src=\"http:\/\/predmetyreklamni.eu\/vyrobce\/wp-content\/uploads\/reklamn\u00ed-roho\u017ee-na-zak\u00e1zku-z-ply\u0161e-300x189.jpg\" width=\"240\" height=\"151\" srcset=\"https:\/\/predmetyreklamni.eu\/vyrobce\/wp-content\/uploads\/reklamn\u00ed-roho\u017ee-na-zak\u00e1zku-z-ply\u0161e-300x189.jpg 300w, https:\/\/predmetyreklamni.eu\/vyrobce\/wp-content\/uploads\/reklamn\u00ed-roho\u017ee-na-zak\u00e1zku-z-ply\u0161e.jpg 380w\" sizes=\"(max-width: 240px) 100vw, 240px\" \/><\/a><br \/>\n<strong>K\u00f3d v\u00fdrobku<\/strong>: GS-DM005<br \/>\n<strong>Materi\u00e1l<\/strong>: Ply\u0161<br \/>\n<strong>Rozm\u011bry<\/strong>: 50 x 70 cm<br \/>\n<strong>Minim\u00e1ln\u00ed objedn\u00e1vka<\/strong>: 300 ks<br \/>\n<strong>Cena<\/strong>:\u00a0<a title=\"ZASLAT POPT\u00c1VKU\" href=\"mailto:info@predmetyreklamni.eu\">ZASLAT POPT\u00c1VKU\u00a0<\/a><\/p>\n<h2 style=\"text-align: justify;\">Velk\u00e9 reklamn\u00ed roho\u017ee na zak\u00e1zku<\/h2>\n<p style=\"text-align: justify;\">D\u00edky velk\u00e9 reklamn\u00ed roho\u017ei na zak\u00e1zku m\u016f\u017eete m\u00edt i Vy origin\u00e1ln\u00ed pr\u00e1h. Tento typ velk\u00e9 reklamn\u00ed roho\u017ee na zak\u00e1zku umo\u017e\u0148uje navolit p\u0159esn\u00e9 parametry a vyrobit ji p\u0159esn\u011b dle Va\u0161eho zad\u00e1n\u00ed. Velk\u00e9 reklamn\u00ed roho\u017ee budou skv\u011blou vizitkou Va\u0161\u00ed spole\u010dnosti.<\/p>\n<p style=\"text-align: justify;\"><a href=\"http:\/\/predmetyreklamni.eu\/vyrobce\/wp-content\/uploads\/reklamn\u00ed-roho\u017e-na-zak\u00e1zku-s-logem.jpg\"><img decoding=\"async\" loading=\"lazy\" class=\"alignleft  wp-image-506\" title=\"velk\u00e9 reklamn\u00ed roho\u017ee na zak\u00e1zku\" alt=\"velk\u00e9 reklamn\u00ed roho\u017ee na zak\u00e1zku\" src=\"http:\/\/predmetyreklamni.eu\/vyrobce\/wp-content\/uploads\/reklamn\u00ed-roho\u017e-na-zak\u00e1zku-s-logem-194x300.jpg\" width=\"175\" height=\"270\" srcset=\"https:\/\/predmetyreklamni.eu\/vyrobce\/wp-content\/uploads\/reklamn\u00ed-roho\u017e-na-zak\u00e1zku-s-logem-194x300.jpg 194w, https:\/\/predmetyreklamni.eu\/vyrobce\/wp-content\/uploads\/reklamn\u00ed-roho\u017e-na-zak\u00e1zku-s-logem-663x1024.jpg 663w, https:\/\/predmetyreklamni.eu\/vyrobce\/wp-content\/uploads\/reklamn\u00ed-roho\u017e-na-zak\u00e1zku-s-logem.jpg 1272w\" sizes=\"(max-width: 175px) 100vw, 175px\" \/><\/a><\/p>\n<p style=\"text-align: justify;\">\n<p style=\"text-align: justify;\"><strong>K\u00f3d v\u00fdrobku<\/strong>: GS-DM007<br \/>\n<strong>Materi\u00e1l<\/strong>: Polypropylene<br \/>\n<strong>Rozm\u011bry<\/strong>: 80 x 150 cm<br \/>\n<strong>Minim\u00e1ln\u00ed objedn\u00e1vka<\/strong>: 300 ks<br \/>\n<strong>Cena<\/strong>:\u00a0<a title=\"ZASLAT POPT\u00c1VKU\" href=\"mailto:info@predmetyreklamni.eu\">ZASLAT POPT\u00c1VKU\u00a0<\/a><\/p>\n<h2 style=\"text-align: justify;\">Reklamn\u00ed plastov\u00e9 roho\u017ee na zak\u00e1zku<\/h2>\n<p style=\"text-align: justify;\">Tyto reklamn\u00ed plastov\u00e9 roho\u017ee jsou na zak\u00e1zku speci\u00e1ln\u011b upraveny, aby zachyt\u00e1vali co nejv\u00edce \u0161p\u00edny a z\u00e1rove\u0148 br\u00e1nily, aby na n\u00ed n\u00e1v\u0161t\u011bva uklouzla. Plastov\u00e9 reklamn\u00ed roho\u017ee na zak\u00e1zku ocen\u00edte p\u0159edev\u0161\u00edm v de\u0161tiv\u00e9m po\u010das\u00ed. Reklamn\u00ed plastov\u00e9 roho\u017ee mohou b\u00fdt na zak\u00e1zku opat\u0159eny potiskem.<\/p>\n<p style=\"text-align: justify;\"><a href=\"http:\/\/predmetyreklamni.eu\/vyrobce\/wp-content\/uploads\/reklamn\u00ed-plastov\u00e9-roho\u017ee-na-zak\u00e1zku.jpg\"> <img decoding=\"async\" loading=\"lazy\" class=\"alignleft  wp-image-508\" title=\"reklamn\u00ed plastov\u00e9 roho\u017ee na zak\u00e1zku\" alt=\"reklamn\u00ed plastov\u00e9 roho\u017ee na zak\u00e1zku\" src=\"http:\/\/predmetyreklamni.eu\/vyrobce\/wp-content\/uploads\/reklamn\u00ed-plastov\u00e9-roho\u017ee-na-zak\u00e1zku-300x225.jpg\" width=\"240\" height=\"180\" srcset=\"https:\/\/predmetyreklamni.eu\/vyrobce\/wp-content\/uploads\/reklamn\u00ed-plastov\u00e9-roho\u017ee-na-zak\u00e1zku-300x225.jpg 300w, https:\/\/predmetyreklamni.eu\/vyrobce\/wp-content\/uploads\/reklamn\u00ed-plastov\u00e9-roho\u017ee-na-zak\u00e1zku-399x300.jpg 399w, https:\/\/predmetyreklamni.eu\/vyrobce\/wp-content\/uploads\/reklamn\u00ed-plastov\u00e9-roho\u017ee-na-zak\u00e1zku.jpg 600w\" sizes=\"(max-width: 240px) 100vw, 240px\" \/><\/a><br \/>\n<strong>K\u00f3d v\u00fdrobku<\/strong>: GS-DM008<br \/>\n<strong>Materi\u00e1l<\/strong>: Plast<br \/>\n<strong>Rozm\u011bry<\/strong>: 45 x 75 cm<br \/>\n<strong>Minim\u00e1ln\u00ed objedn\u00e1vka<\/strong>: 300 ks<br \/>\n<strong>Cena<\/strong>:\u00a0<a title=\"ZASLAT POPT\u00c1VKU\" href=\"mailto:info@predmetyreklamni.eu\">ZASLAT POPT\u00c1VKU\u00a0<\/a><\/p>\n<div style=\"text-align: justify;\">Reklamn\u00ed roho\u017ee\u00a0efektivn\u011b \u010dist\u00ed obuv od \u0161p\u00edny a bl\u00e1ta a maj\u00ed\u00a0dlouhou \u017eivotnost, a to hlavn\u011b d\u00edky materi\u00e1l\u016fm prvn\u00ed jakosti, kter\u00e9 p\u0159i jejich v\u00fdrob\u011b pou\u017e\u00edv\u00e1me. Reklamn\u00ed roho\u017ee na zak\u00e1zku vyrob\u00edme levn\u011b a s mno\u017estevn\u00edmi slevami.\u00a0\u00a0Pokud hled\u00e1te reklamn\u00ed roho\u017ee, kter\u00e9 chcete na zak\u00e1zku potisknout logem, jste na spr\u00e1vn\u00e9m m\u00edst\u011b. Vyrob\u00edme pro V\u00e1s reklamn\u00ed roho\u017ee na zak\u00e1zku jak\u00e9hokoliv designu.<\/div>\n<p style=\"text-align: justify;\">Chcete si nechat vyrobit vlastn\u00ed reklamn\u00ed roho\u017eky na zak\u00e1zku? Kontaktujte n\u00e1s pro cenovou nab\u00eddku na emailu:<a href=\"mailto:info@predmetyreklamni.eu\">\u00a0info@predmetyreklamni.eu<\/a><\/p>\n<p style=\"text-align: justify;\"><strong>Do cenov\u00e9 popt\u00e1vky pros\u00edm uve\u010fte pot\u0159ebn\u00e9 informace pro cenovou nab\u00eddku jako<\/strong>: mno\u017estv\u00ed, materi\u00e1l, velikost reklamn\u00ed roho\u017eky, barevn\u00e9 proveden\u00ed nebo kombinaci barev, dobu dod\u00e1n\u00ed. V\u0161echny tyto informace n\u00e1m pomohou k rychlej\u0161\u00edmu zpracov\u00e1n\u00ed cenov\u00e9 nab\u00eddky pr\u00e1v\u011b pro V\u00e1s.<\/p>\n<p style=\"text-align: justify;\">T\u011b\u0161\u00edme se na spolupr\u00e1ci! Team Gifts Service<\/p>\n","protected":false},"excerpt":{"rendered":"<p>REKLAMN\u00cd ROHO\u017dE NA ZAK\u00c1ZKU Reklamn\u00ed roho\u017ee na zak\u00e1zku Nab\u00edz\u00edme V\u00e1m v\u00fdrobu reklamn\u00ed roho\u017ee na zak\u00e1zku p\u0159esn\u011b dle Va\u0161eho n\u00e1vrhu. Dok\u00e1\u017eeme na zak\u00e1zku vyrobit reklamn\u00ed roho\u017ee v mnoha r\u016fzn\u00fdch materi\u00e1lech, velikostech, tvarech, barv\u00e1ch a stylech &#8211; vyrob\u00edme pro V\u00e1s jedine\u010dn\u00e9 reklamn\u00ed &hellip; <a href=\"https:\/\/predmetyreklamni.eu\/vyrobce\/reklamni-rohoze-na-zakazku\/\">Continue reading <span class=\"meta-nav\">&rarr;<\/span><\/a><\/p>\n","protected":false},"author":1,"featured_media":0,"parent":0,"menu_order":24,"comment_status":"closed","ping_status":"open","template":"sidebar-page.php","meta":[],"_links":{"self":[{"href":"https:\/\/predmetyreklamni.eu\/vyrobce\/wp-json\/wp\/v2\/pages\/436"}],"collection":[{"href":"https:\/\/predmetyreklamni.eu\/vyrobce\/wp-json\/wp\/v2\/pages"}],"about":[{"href":"https:\/\/predmetyreklamni.eu\/vyrobce\/wp-json\/wp\/v2\/types\/page"}],"author":[{"embeddable":true,"href":"https:\/\/predmetyreklamni.eu\/vyrobce\/wp-json\/wp\/v2\/users\/1"}],"replies":[{"embeddable":true,"href":"https:\/\/predmetyreklamni.eu\/vyrobce\/wp-json\/wp\/v2\/comments?post=436"}],"version-history":[{"count":37,"href":"https:\/\/predmetyreklamni.eu\/vyrobce\/wp-json\/wp\/v2\/pages\/436\/revisions"}],"predecessor-version":[{"id":2947,"href":"https:\/\/predmetyreklamni.eu\/vyrobce\/wp-json\/wp\/v2\/pages\/436\/revisions\/2947"}],"wp:attachment":[{"href":"https:\/\/predmetyreklamni.eu\/vyrobce\/wp-json\/wp\/v2\/media?parent=436"}],"curies":[{"name":"wp","href":"https:\/\/api.w.org\/{rel}","templated":true}]}}