{"id":4407,"date":"2015-08-05T08:38:09","date_gmt":"2015-08-05T08:38:09","guid":{"rendered":"http:\/\/predmetyreklamni.eu\/vyrobce\/?page_id=4407"},"modified":"2015-08-05T08:42:39","modified_gmt":"2015-08-05T08:42:39","slug":"reklamni-led-silikonove-hodinky","status":"publish","type":"page","link":"https:\/\/predmetyreklamni.eu\/vyrobce\/reklamni-led-silikonove-hodinky\/","title":{"rendered":"Reklamn\u00ed LED silikonov\u00e9 hodinky"},"content":{"rendered":"<h1 style=\"text-align: justify;\">REKLAMN\u00cd SILIKONOV\u00c9 HODINKY S LED<\/h1>\n<h2 style=\"text-align: justify;\">Reklamn\u00ed silikonov\u00e9 hodinky s LED jsou origin\u00e1ln\u00ed<\/h2>\n<p style=\"text-align: justify;\"><a href=\"http:\/\/predmetyreklamni.eu\/vyrobce\/wp-content\/uploads\/silikonov\u00e9-led-hodinky-na-zak\u00e1zku.jpg\"><img decoding=\"async\" loading=\"lazy\" class=\"size-medium wp-image-4387 alignleft\" title=\"propaga\u010dn\u00ed silikonov\u00e9 led hodinky \" alt=\"propaga\u010dn\u00ed silikonov\u00e9 led hodinky \" src=\"http:\/\/predmetyreklamni.eu\/vyrobce\/wp-content\/uploads\/silikonov\u00e9-led-hodinky-na-zak\u00e1zku-300x300.jpg\" width=\"300\" height=\"300\" srcset=\"https:\/\/predmetyreklamni.eu\/vyrobce\/wp-content\/uploads\/silikonov\u00e9-led-hodinky-na-zak\u00e1zku-300x300.jpg 300w, https:\/\/predmetyreklamni.eu\/vyrobce\/wp-content\/uploads\/silikonov\u00e9-led-hodinky-na-zak\u00e1zku-150x150.jpg 150w, https:\/\/predmetyreklamni.eu\/vyrobce\/wp-content\/uploads\/silikonov\u00e9-led-hodinky-na-zak\u00e1zku.jpg 400w\" sizes=\"(max-width: 300px) 100vw, 300px\" \/><\/a>Reklamn\u00ed silikonov\u00e9 hodinky s modern\u00edm sportovn\u00edm p\u00e1skem, kter\u00fd je vyroben ze 100% silikonu. Hodinky maj\u00ed velk\u00fd LED displej, kter\u00fd je velice odoln\u00fd a je vyroben pevn\u00e9ho skla a oceli. Silikonov\u00fd p\u00e1sek je pohodln\u00fd, m\u011bkk\u00fd a naprosto hypoalergenn\u00ed. Pokud tyto reklamn\u00ed silikonov\u00e9 hodinky s LED displejem opat\u0159\u00edte vlastn\u00edm logem, z\u00edsk\u00e1te unik\u00e1tn\u00ed reklamn\u00ed p\u0159edm\u011bt, kter\u00fdm se budete efektivn\u011b propagovat. Reklamn\u00ed silikonov\u00e9 hodinky s LED displejem ocen\u00ed d\u011bti, teenage\u0159i i dosp\u011bl\u00ed.<\/p>\n<h2 style=\"text-align: justify;\">Reklamn\u00ed silikonov\u00e9 hodinky s LED jako reklamn\u00ed p\u0159edm\u011bt<\/h2>\n<p style=\"text-align: justify;\"><strong>Polo\u017eka \u010d.: GS-SW005<br \/>\n<strong>Materi\u00e1l<\/strong>:<\/strong>\u00a0100% silikon,\u00a0digit\u00e1ln\u00ed displej<strong><br \/>\n<strong>Potisk<\/strong>:\u00a0<\/strong>potisk p\u00e1sku \u2013 s\u00edtotisk, laser,\u00a0reli\u00e9fn\u00ed, vybarven\u00e1 ra\u017eba<strong><br \/>\n<\/strong>V\u0161echny barvy k dispozici \u2013 dle Pantone\u00ae\u00a0vzorn\u00edku<br \/>\n<strong>Barvy:\u00a0<\/strong>\u017elut\u00e1\/b\u00edl\u00e1\/r\u016f\u017eov\u00e1\/modr\u00e1\/zelen\u00e1\/\u010dern\u00e1\/oran\u017eov\u00e1\/fialov\u00e1\/\u010derven\u00e1 nebo barva na zak\u00e1zku dle PANTONE vzorn\u00edku<br \/>\n<strong>Velikost: \u00a0<\/strong>p\u00e1sek: 232*21*2mm, cifern\u00edk: 37*29*1mm<br \/>\n<strong>Osv\u011btlen\u00ed:<\/strong>\u00a0\u010derven\u00e9 LED sv\u011btlo<br \/>\n<strong>V\u00e1ha:<\/strong>\u00a0cca 73g\/ks<br \/>\n<strong>Minim\u00e1ln\u00ed objedn\u00e1vka:<\/strong>\u00a0100ks pro tento design ve skladov\u00e9 z\u00e1sob\u011b a 500ks p\u0159i zak\u00e1zkov\u00e9 v\u00fdrob\u011b<br \/>\n<strong>Cena<\/strong>:\u00a0<a title=\"ZASLAT POPT\u00c1VKU\" href=\"mailto:info@predmetyreklamni.eu\">ZASLAT POPT\u00c1VKU<\/a><\/p>\n","protected":false},"excerpt":{"rendered":"<p>REKLAMN\u00cd SILIKONOV\u00c9 HODINKY S LED Reklamn\u00ed silikonov\u00e9 hodinky s LED jsou origin\u00e1ln\u00ed Reklamn\u00ed silikonov\u00e9 hodinky s modern\u00edm sportovn\u00edm p\u00e1skem, kter\u00fd je vyroben ze 100% silikonu. Hodinky maj\u00ed velk\u00fd LED displej, kter\u00fd je velice odoln\u00fd a je vyroben pevn\u00e9ho skla a &hellip; <a href=\"https:\/\/predmetyreklamni.eu\/vyrobce\/reklamni-led-silikonove-hodinky\/\">Continue reading <span class=\"meta-nav\">&rarr;<\/span><\/a><\/p>\n","protected":false},"author":1,"featured_media":0,"parent":0,"menu_order":31,"comment_status":"closed","ping_status":"open","template":"sidebar-page.php","meta":[],"_links":{"self":[{"href":"https:\/\/predmetyreklamni.eu\/vyrobce\/wp-json\/wp\/v2\/pages\/4407"}],"collection":[{"href":"https:\/\/predmetyreklamni.eu\/vyrobce\/wp-json\/wp\/v2\/pages"}],"about":[{"href":"https:\/\/predmetyreklamni.eu\/vyrobce\/wp-json\/wp\/v2\/types\/page"}],"author":[{"embeddable":true,"href":"https:\/\/predmetyreklamni.eu\/vyrobce\/wp-json\/wp\/v2\/users\/1"}],"replies":[{"embeddable":true,"href":"https:\/\/predmetyreklamni.eu\/vyrobce\/wp-json\/wp\/v2\/comments?post=4407"}],"version-history":[{"count":3,"href":"https:\/\/predmetyreklamni.eu\/vyrobce\/wp-json\/wp\/v2\/pages\/4407\/revisions"}],"predecessor-version":[{"id":4412,"href":"https:\/\/predmetyreklamni.eu\/vyrobce\/wp-json\/wp\/v2\/pages\/4407\/revisions\/4412"}],"wp:attachment":[{"href":"https:\/\/predmetyreklamni.eu\/vyrobce\/wp-json\/wp\/v2\/media?parent=4407"}],"curies":[{"name":"wp","href":"https:\/\/api.w.org\/{rel}","templated":true}]}}