{"id":4431,"date":"2015-08-05T11:17:57","date_gmt":"2015-08-05T11:17:57","guid":{"rendered":"http:\/\/predmetyreklamni.eu\/vyrobce\/?page_id=4431"},"modified":"2015-08-05T11:17:57","modified_gmt":"2015-08-05T11:17:57","slug":"sportovni-silikonove-hodinky-na-zakazku","status":"publish","type":"page","link":"https:\/\/predmetyreklamni.eu\/vyrobce\/sportovni-silikonove-hodinky-na-zakazku\/","title":{"rendered":"Sportovn\u00ed silikonov\u00e9 hodinky na zak\u00e1zku"},"content":{"rendered":"<h1 style=\"text-align: justify;\">SPORTOVN\u00cd SILIKONOV\u00c9 HODINKY NA ZAK\u00c1ZKU<\/h1>\n<h2 style=\"text-align: justify;\">Sportovn\u00ed silikonov\u00e9 hodinky na zak\u00e1zku od n\u00e1s!<\/h2>\n<p style=\"text-align: justify;\"><a href=\"http:\/\/predmetyreklamni.eu\/vyrobce\/wp-content\/uploads\/sportovn\u00ed-silikonov\u00e9-hodinky-od-v\u00fdrobce.jpg\"><img decoding=\"async\" loading=\"lazy\" class=\"alignleft size-medium wp-image-4389\" alt=\"reklamn\u00ed silikonov\u00e9 mini hodinky \" src=\"http:\/\/predmetyreklamni.eu\/vyrobce\/wp-content\/uploads\/sportovn\u00ed-silikonov\u00e9-hodinky-od-v\u00fdrobce-300x300.jpg\" width=\"300\" height=\"300\" srcset=\"https:\/\/predmetyreklamni.eu\/vyrobce\/wp-content\/uploads\/sportovn\u00ed-silikonov\u00e9-hodinky-od-v\u00fdrobce-300x300.jpg 300w, https:\/\/predmetyreklamni.eu\/vyrobce\/wp-content\/uploads\/sportovn\u00ed-silikonov\u00e9-hodinky-od-v\u00fdrobce-150x150.jpg 150w, https:\/\/predmetyreklamni.eu\/vyrobce\/wp-content\/uploads\/sportovn\u00ed-silikonov\u00e9-hodinky-od-v\u00fdrobce.jpg 399w\" sizes=\"(max-width: 300px) 100vw, 300px\" \/><\/a>Silikonov\u00e9 hodinky na zak\u00e1zku jsou p\u011bkn\u00fdm d\u00e1rkem na sportovn\u00edch reklamn\u00edch akc\u00edch. Sportovn\u00ed silikonov\u00e9 hodinky na zak\u00e1zku jsou kvalitn\u00ed odm\u011bnou, kterou ocen\u00ed d\u011bti a dosp\u011bl\u00ed. Sportovn\u00ed silikonov\u00e9 hodinky jsou v m\u00f3d\u011b a s jejich mal\u00fdm digit\u00e1ln\u00edm displejem jsou ide\u00e1ln\u00ed pro no\u0161en\u00ed p\u0159i sportu. Tyto sportovn\u00ed silikonov\u00e9 hodinky na zak\u00e1zku opat\u0159\u00edme Va\u0161\u00edm logem, zna\u010dkou \u010di sloganem a Vy tak z\u00edsk\u00e1te reklamn\u00ed p\u0159edm\u011bt pro sv\u00e9 z\u00e1kazn\u00edky.<\/p>\n<p style=\"text-align: justify;\">\n<h2 style=\"text-align: justify;\">Sportovn\u00ed silikonov\u00e9 hodinky na zak\u00e1zku s Va\u0161\u00edm logem<\/h2>\n<p style=\"text-align: justify;\"><strong>Polo\u017eka \u010d.:\u00a0<\/strong>GS-SW006<br \/>\n<strong>Materi\u00e1l<\/strong>: 100% silikon, digit\u00e1ln\u00ed displej<br \/>\n<strong>Potisk<\/strong>: potisk p\u00e1sku \u2013 s\u00edtotisk, laser, ra\u017eba, reli\u00e9f, vybarven\u00e1 ra\u017eba<br \/>\nV\u0161echny barvy k dispozici \u2013 dle Pantone\u00ae\u00a0vzorn\u00edku<br \/>\n<strong>Dosp\u011bl\u00e1 velikost:\u00a0<\/strong>obvod\u00a0202mm,\u00a0\u00d8 12mm, \u0161\u00ed\u0159ka 2mm<br \/>\n<strong>D\u011btsk\u00e1 velikost:\u00a0<\/strong>obvod\u00a0180mm,\u00a0\u00d8 12mm, \u0161\u00ed\u0159ka 2mm<br \/>\n<strong>V\u00e1ha:\u00a0<\/strong>47g\/ks<br \/>\n<strong>Minim\u00e1ln\u00ed objedn\u00e1vka:<\/strong>\u00a0100ks pro tento design ve skladov\u00e9 z\u00e1sob\u011b a 500ks p\u0159i zak\u00e1zkov\u00e9 v\u00fdrob\u011b<br \/>\n<strong>Cena<\/strong>:\u00a0<a title=\"ZASLAT POPT\u00c1VKU\" href=\"mailto:info@predmetyreklamni.eu\">ZASLAT POPT\u00c1VKU<\/a><\/p>\n","protected":false},"excerpt":{"rendered":"<p>SPORTOVN\u00cd SILIKONOV\u00c9 HODINKY NA ZAK\u00c1ZKU Sportovn\u00ed silikonov\u00e9 hodinky na zak\u00e1zku od n\u00e1s! Silikonov\u00e9 hodinky na zak\u00e1zku jsou p\u011bkn\u00fdm d\u00e1rkem na sportovn\u00edch reklamn\u00edch akc\u00edch. Sportovn\u00ed silikonov\u00e9 hodinky na zak\u00e1zku jsou kvalitn\u00ed odm\u011bnou, kterou ocen\u00ed d\u011bti a dosp\u011bl\u00ed. Sportovn\u00ed silikonov\u00e9 hodinky jsou &hellip; <a href=\"https:\/\/predmetyreklamni.eu\/vyrobce\/sportovni-silikonove-hodinky-na-zakazku\/\">Continue reading <span class=\"meta-nav\">&rarr;<\/span><\/a><\/p>\n","protected":false},"author":1,"featured_media":0,"parent":0,"menu_order":31,"comment_status":"closed","ping_status":"open","template":"sidebar-page.php","meta":[],"_links":{"self":[{"href":"https:\/\/predmetyreklamni.eu\/vyrobce\/wp-json\/wp\/v2\/pages\/4431"}],"collection":[{"href":"https:\/\/predmetyreklamni.eu\/vyrobce\/wp-json\/wp\/v2\/pages"}],"about":[{"href":"https:\/\/predmetyreklamni.eu\/vyrobce\/wp-json\/wp\/v2\/types\/page"}],"author":[{"embeddable":true,"href":"https:\/\/predmetyreklamni.eu\/vyrobce\/wp-json\/wp\/v2\/users\/1"}],"replies":[{"embeddable":true,"href":"https:\/\/predmetyreklamni.eu\/vyrobce\/wp-json\/wp\/v2\/comments?post=4431"}],"version-history":[{"count":2,"href":"https:\/\/predmetyreklamni.eu\/vyrobce\/wp-json\/wp\/v2\/pages\/4431\/revisions"}],"predecessor-version":[{"id":4433,"href":"https:\/\/predmetyreklamni.eu\/vyrobce\/wp-json\/wp\/v2\/pages\/4431\/revisions\/4433"}],"wp:attachment":[{"href":"https:\/\/predmetyreklamni.eu\/vyrobce\/wp-json\/wp\/v2\/media?parent=4431"}],"curies":[{"name":"wp","href":"https:\/\/api.w.org\/{rel}","templated":true}]}}