{"id":4691,"date":"2017-01-26T08:29:42","date_gmt":"2017-01-26T08:29:42","guid":{"rendered":"http:\/\/predmetyreklamni.eu\/vyrobce\/?page_id=4691"},"modified":"2020-04-21T06:04:45","modified_gmt":"2020-04-21T06:04:45","slug":"marketingovy-plan","status":"publish","type":"page","link":"https:\/\/predmetyreklamni.eu\/vyrobce\/marketingovy-plan\/","title":{"rendered":"Marketingov\u00fd pl\u00e1n"},"content":{"rendered":"<p><\/p>\n<h1>MARKETINGOV\u00dd PL\u00c1N GIFTS SERVICE<\/h1>\n<h1><span style=\"font-weight: inherit; font-style: inherit;\">\u00a0 \u00a0 \u00a0 \u00a0 \u00a0 \u00a0 \u2192\u2192\u2192 NEJLEVN\u011aJ\u0160\u00cd REKLAMN\u00cd P\u0158EDM\u011aTY<\/span><\/h1>\n<h2>N\u00e1\u0161 team pro V\u00e1s vytvo\u0159il pl\u00e1n jak z\u00edskat nejlevn\u011bj\u0161\u00ed reklamn\u00ed p\u0159edm\u011bty<\/h2>\n<h1 style=\"font-weight: inherit; font-style: inherit;\"><span style=\"font-weight: inherit; font-style: inherit;\"><i><em style=\"font-weight: inherit;\">R\u00e1di bychom V\u00e1m p\u0159edstavili n\u00e1\u0161 marketingov\u00fd pl\u00e1n, kter\u00fd se t\u00fdk\u00e1 nab\u00eddky nejlevn\u011bj\u0161\u00edch reklamn\u00edch p\u0159edm\u011bt\u016f.\u00a0<\/em><\/i><\/span><\/h1>\n<ul>\n<li><span style=\"font-weight: inherit; font-style: inherit;\"><i><em style=\"font-weight: inherit;\">Za minim\u00e1ln\u00ed cenu maxim\u00e1ln\u00ed v\u00fdkon.<\/em><\/i><\/span><\/li>\n<li><span style=\"font-weight: inherit; font-style: inherit;\"><i><em style=\"font-weight: inherit;\">Nejlep\u0161\u00ed pom\u011br v\u00fdkon vs. cena.<\/em><\/i><\/span><\/li>\n<\/ul>\n<p style=\"font-weight: inherit; font-style: inherit;\"><span style=\"font-weight: inherit; font-style: inherit;\"><i><em style=\"font-weight: inherit;\">Ano, to jsme schopni garantovat. \u00a0<\/em><\/i><\/span><\/p>\n<h2><span style=\"font-weight: inherit; font-style: inherit;\">Nejlevn\u011bj\u0161\u00ed reklamn\u00ed p\u0159edm\u011bty &#8211; d\u016fle\u017eit\u00fd je pl\u00e1n v\u00fdroby\u00a0<\/span><\/h2>\n<p style=\"font-weight: inherit; font-style: inherit;\"><span style=\"font-weight: inherit; font-style: inherit;\"><img decoding=\"async\" loading=\"lazy\" class=\"alignleft wp-image-4696\" src=\"http:\/\/predmetyreklamni.eu\/vyrobce\/wp-content\/uploads\/n\u00e1pad-fene\u010dek-300x300.png\" alt=\"Gifts Service n\u00e1pady na reklamn\u00ed p\u0159edm\u011bty\" width=\"250\" height=\"250\" srcset=\"https:\/\/predmetyreklamni.eu\/vyrobce\/wp-content\/uploads\/n\u00e1pad-fene\u010dek-300x300.png 300w, https:\/\/predmetyreklamni.eu\/vyrobce\/wp-content\/uploads\/n\u00e1pad-fene\u010dek-150x150.png 150w, https:\/\/predmetyreklamni.eu\/vyrobce\/wp-content\/uploads\/n\u00e1pad-fene\u010dek.png 445w\" sizes=\"(max-width: 250px) 100vw, 250px\" \/>Zab\u00fdv\u00e1me se v\u00fdrobou zak\u00e1zkov\u00fdch reklamn\u00edch p\u0159edm\u011bt\u016f ji\u017e 15 let a t\u00edm, \u017ee jsme v\u00a0permanentn\u00edm kontaktu s\u00a0oborem, nov\u00fdmi n\u00e1pady, materi\u00e1ly a cenami, m\u00e1me tud\u00ed\u017e ten nejlep\u0161\u00ed p\u0159edpoklad jak za minim\u00e1ln\u00ed ceny naplnit Va\u0161e c\u00edle.<br \/>\n<\/span><span style=\"font-weight: inherit; font-style: inherit;\"><b><strong style=\"font-style: inherit;\">Kl\u00ed\u010dem k \u00fasp\u011bchu je pl\u00e1nov\u00e1n\u00ed.<br \/>\n<\/strong><\/b><\/span>Nej\u010dast\u011bj\u0161\u00ed chybou, kter\u00e1 vede ke zbyte\u010dn\u00fdm n\u00e1klad\u016fm je absence pl\u00e1nov\u00e1n\u00ed. Tento neprofesion\u00e1ln\u00ed ne\u0161var je bohu\u017eel v \u010desk\u00e9 zemi standardem.<\/p>\n<p style=\"font-weight: inherit; font-style: inherit;\"><span style=\"font-weight: inherit; font-style: inherit;\">Doprava u n\u011bkter\u00fdch p\u0159edm\u011bt\u016f tvo\u0159\u00ed a\u017e 2\/3 ceny a z toho je patrn\u00e9 jak mnoho lze vhodn\u00fdm pl\u00e1nov\u00e1n\u00edm u\u0161et\u0159it. \u00a0<\/span><\/p>\n<p style=\"font-weight: inherit; font-style: inherit;\"><span style=\"font-weight: inherit; font-style: inherit;\">Je a\u017e s\u00a0podivem kolik firem ka\u017edoro\u010dn\u011b zasko\u010d\u00ed V\u00e1noce nebo veletrh, na kter\u00fd ka\u017edoro\u010dn\u011b jezd\u00ed. V\u00fdsledek ?\u00a0 Drah\u00e9 reklamn\u00ed p\u0159edm\u011bty, stres, chyby, v\u00edcen\u00e1klady na p\u0159epravu a expresn\u00ed p\u0159\u00edplatky.<\/span><\/p>\n<p style=\"font-weight: inherit; font-style: inherit;\"><span style=\"font-weight: inherit; font-style: inherit;\">Proto m\u00e1me radu pro na\u0161e budouc\u00ed z\u00e1kazn\u00edky. Jeliko\u017e se k n\u00e1m dostala informace, \u017ee tento i p\u0159\u00ed\u0161t\u00ed rok budou V\u00e1noce 24. prosince je nejl\u00e9pe vy\u0159e\u0161it v\u00e1no\u010dn\u00ed reklamn\u00ed d\u00e1rky na za\u010d\u00e1tku l\u00e9ta a pak zbyde dost \u010dasu v\u011bnovat se kreativ\u011b a optimalizovat n\u00e1klady na p\u0159epravu.<\/span><\/p>\n<p style=\"font-weight: inherit; font-style: inherit;\"><span style=\"font-weight: inherit; font-style: inherit;\">Za toto\u017enou cenu lze dostat reklamn\u00ed p\u0159edm\u011bt s vy\u0161\u0161\u00ed vn\u00edmanou hodnotou klientem, v\u011bt\u0161\u00ed mno\u017estv\u00ed nebo u\u0161et\u0159it stres a pen\u00edze.<\/span><\/p>\n<h2><span style=\"font-weight: inherit; font-style: inherit;\">Zak\u00e1zkov\u00e1 v\u00fdroba a levn\u00e9 reklamn\u00ed p\u0159edm\u011bty<\/span><span style=\"font-weight: inherit; font-style: inherit;\"><br \/>\n<\/span><\/h2>\n<p><span style=\"font-weight: inherit; font-style: inherit;\">Vzhledem k\u00a0na\u0161im zku\u0161enostem a unik\u00e1tn\u00edmu z\u00e1zem\u00ed si m\u016f\u017eeme dovolit nab\u00eddnout garanci nejni\u017e\u0161\u00ed ceny. Za\u0161lete n\u00e1m V\u00e1\u0161 st\u00e1vaj\u00edc\u00ed pl\u00e1n n\u00e1kupu reklamn\u00edch p\u0159edm\u011bt\u016f, navrhneme V\u00e1m kreativn\u011bj\u0161\u00ed alternativy a lep\u0161\u00ed ceny. Garance nejni\u017e\u0161\u00ed ceny je n\u011bkdy podm\u00edn\u011bna v\u011bt\u0161\u00edm mno\u017estv\u00ed nebo del\u0161\u00ed dobou p\u0159epravy. Ale pro\u010d to nezkusit.<br \/>\n<\/span><span style=\"font-weight: inherit; font-style: inherit;\">Zejm\u00e9na pro ty firmy, kter\u00e9 opakovan\u011b pou\u017e\u00edvaj\u00ed identick\u00e9 reklamn\u00ed p\u0159edm\u011bty, m\u016f\u017ee b\u00fdt p\u0159\u00ednos v \u00faspo\u0159e nebo z\u00e1m\u011bna za p\u0159edm\u011bt s vy\u0161\u0161\u00ed hodnotu pro klienta zna\u010dn\u00fd.<\/span><\/p>\n<p>KONTAKTUJTE N\u00c1S:<br \/>\nemail: <a href=\"mailto:info@predmetyreklamni.eu\">info@predmetyreklamni.eu<\/a><br \/>\ntelefon: 603 333 309<\/p>\n<p>T\u011b\u0161\u00edme se na spolupr\u00e1ci.<br \/>\nTeam Gifts Service<\/p>","protected":false},"excerpt":{"rendered":"<p>MARKETINGOV\u00dd PL\u00c1N GIFTS SERVICE \u00a0 \u00a0 \u00a0 \u00a0 \u00a0 \u00a0 \u2192\u2192\u2192 NEJLEVN\u011aJ\u0160\u00cd REKLAMN\u00cd P\u0158EDM\u011aTY N\u00e1\u0161 team pro V\u00e1s vytvo\u0159il pl\u00e1n jak z\u00edskat nejlevn\u011bj\u0161\u00ed reklamn\u00ed p\u0159edm\u011bty R\u00e1di bychom V\u00e1m p\u0159edstavili n\u00e1\u0161 marketingov\u00fd pl\u00e1n, kter\u00fd se t\u00fdk\u00e1 nab\u00eddky nejlevn\u011bj\u0161\u00edch reklamn\u00edch p\u0159edm\u011bt\u016f.\u00a0 Za &hellip; <a href=\"https:\/\/predmetyreklamni.eu\/vyrobce\/marketingovy-plan\/\">Continue reading <span class=\"meta-nav\">&rarr;<\/span><\/a><\/p>\n","protected":false},"author":1,"featured_media":0,"parent":0,"menu_order":2,"comment_status":"closed","ping_status":"closed","template":"sidebar-page.php","meta":[],"_links":{"self":[{"href":"https:\/\/predmetyreklamni.eu\/vyrobce\/wp-json\/wp\/v2\/pages\/4691"}],"collection":[{"href":"https:\/\/predmetyreklamni.eu\/vyrobce\/wp-json\/wp\/v2\/pages"}],"about":[{"href":"https:\/\/predmetyreklamni.eu\/vyrobce\/wp-json\/wp\/v2\/types\/page"}],"author":[{"embeddable":true,"href":"https:\/\/predmetyreklamni.eu\/vyrobce\/wp-json\/wp\/v2\/users\/1"}],"replies":[{"embeddable":true,"href":"https:\/\/predmetyreklamni.eu\/vyrobce\/wp-json\/wp\/v2\/comments?post=4691"}],"version-history":[{"count":10,"href":"https:\/\/predmetyreklamni.eu\/vyrobce\/wp-json\/wp\/v2\/pages\/4691\/revisions"}],"predecessor-version":[{"id":4704,"href":"https:\/\/predmetyreklamni.eu\/vyrobce\/wp-json\/wp\/v2\/pages\/4691\/revisions\/4704"}],"wp:attachment":[{"href":"https:\/\/predmetyreklamni.eu\/vyrobce\/wp-json\/wp\/v2\/media?parent=4691"}],"curies":[{"name":"wp","href":"https:\/\/api.w.org\/{rel}","templated":true}]}}