{"id":894,"date":"2013-04-17T14:13:34","date_gmt":"2013-04-17T14:13:34","guid":{"rendered":"http:\/\/predmetyreklamni.eu\/vyrobce\/?page_id=894"},"modified":"2014-03-13T17:22:39","modified_gmt":"2014-03-13T17:22:39","slug":"vanocni-svicky-na-zakazku","status":"publish","type":"page","link":"https:\/\/predmetyreklamni.eu\/vyrobce\/vanocni-svicky-na-zakazku\/","title":{"rendered":"V\u00e1no\u010dn\u00ed sv\u00ed\u010dky na zak\u00e1zku"},"content":{"rendered":"<h1>V\u00c1NO\u010cN\u00cd SV\u00cd\u010cKY NA Z<span style=\"color: #000000; font-weight: bold;\">AK\u00c1ZKU<\/span><\/h1>\n<h2>V\u00e1no\u010dn\u00ed sv\u00ed\u010dky na zak\u00e1zku<\/h2>\n<p style=\"text-align: justify;\">V\u00e1no\u010dn\u00ed sv\u00ed\u010dky\u00a0jsou p\u0159i pl\u00e1nov\u00e1n\u00ed V\u00e1noc velmi d\u016fle\u017eit\u00e9, proto\u017ee ty prav\u00e9 V\u00e1noce si bez <a href=\"http:\/\/predmetyreklamni.eu\/vyrobce\/wp-content\/uploads\/v\u00e1no\u010dn\u00ed-sv\u00ed\u010dky-na-zak\u00e1zku.jpg\"><img decoding=\"async\" loading=\"lazy\" class=\"alignright  wp-image-977\" title=\"v\u00e1no\u010dn\u00ed sv\u00ed\u010dky na zak\u00e1zku\" alt=\"v\u00e1no\u010dn\u00ed sv\u00ed\u010dky na zak\u00e1zku\" src=\"http:\/\/predmetyreklamni.eu\/vyrobce\/wp-content\/uploads\/v\u00e1no\u010dn\u00ed-sv\u00ed\u010dky-na-zak\u00e1zku.jpg\" width=\"240\" height=\"240\" srcset=\"https:\/\/predmetyreklamni.eu\/vyrobce\/wp-content\/uploads\/v\u00e1no\u010dn\u00ed-sv\u00ed\u010dky-na-zak\u00e1zku.jpg 300w, https:\/\/predmetyreklamni.eu\/vyrobce\/wp-content\/uploads\/v\u00e1no\u010dn\u00ed-sv\u00ed\u010dky-na-zak\u00e1zku-150x150.jpg 150w\" sizes=\"(max-width: 240px) 100vw, 240px\" \/><\/a>nich dovedeme p\u0159edstavit jen t\u011b\u017eko.\u00a0V\u00e1no\u010dn\u00ed sv\u00ed\u010dky\u00a0a sv\u00ed\u010dky celkov\u011b m\u00e1 r\u00e1d asi\u00a0ka\u017ed\u00fd\u00a0a jejich mihotav\u00e9 jemn\u00e9 sv\u011btlo n\u00e1dhern\u011b dokresluje sv\u00e1te\u010dn\u00ed atmosf\u00e9ru. Proto se domn\u00edv\u00e1me, \u017ee nechat si na zak\u00e1zku vyrobit v\u00e1no\u010dn\u00ed sv\u00ed\u010dky a obdarovat jimi sv\u00e9 z\u00e1kazn\u00edky \u010di obchodn\u00ed partnery je trefa do \u010dern\u00e9ho. V\u00e1no\u010dn\u00ed sv\u00ed\u010dky mohou b\u00fdt na zak\u00e1zku vyrobeny v \u0161irok\u00e9 \u0161k\u00e1le typ\u016f, tvaru a barev. Dnes si v sob\u011b i p\u0159es obrovskou \u0161k\u00e1lu typ\u016f a tvar\u016f sv\u00ed\u010dek st\u00e1le neseme jejich z\u00e1kladn\u00ed poselstv\u00ed &#8211; jsou pro n\u00e1s symbolem sv\u011btla a tepla, mal\u00fdm domovem, kter\u00fd si s sebou m\u016f\u017eeme vz\u00edt kamkoliv. Nechte si vyrobit v\u00e1no\u010dn\u00ed sv\u00ed\u010dky na zak\u00e1zku s v\u011bnujte d\u00e1rek, kter\u00fd pot\u011b\u0161\u00ed sv\u00fdm obchodn\u00edm partner\u016fm na v\u00e1no\u010dn\u00edm veletrhu, sv\u00fdm odb\u011bratel\u016fm jako pod\u011bkov\u00e1n\u00ed nebo z\u00e1kazn\u00edk\u016fm.<\/p>\n<h2 style=\"text-align: justify;\">V\u00e1no\u010dn\u00ed sv\u00ed\u010dky tvary a barvy na zak\u00e1zku<\/h2>\n<p style=\"text-align: justify;\"><a href=\"http:\/\/predmetyreklamni.eu\/vyrobce\/wp-content\/uploads\/v\u00e1no\u010dn\u00ed-sv\u00ed\u010dky-na-zak\u00e1zku-tvary-a-barvy1.jpg\"><img decoding=\"async\" loading=\"lazy\" class=\"alignright size-full wp-image-982\" title=\"v\u00e1no\u010dn\u00ed sv\u00ed\u010dky na zak\u00e1zku tvary a barvy\" alt=\"v\u00e1no\u010dn\u00ed sv\u00ed\u010dky na zak\u00e1zku tvary a barvy\" src=\"http:\/\/predmetyreklamni.eu\/vyrobce\/wp-content\/uploads\/v\u00e1no\u010dn\u00ed-sv\u00ed\u010dky-na-zak\u00e1zku-tvary-a-barvy1.jpg\" width=\"284\" height=\"274\" \/><\/a><\/p>\n<p style=\"text-align: justify;\">V\u00e1no\u010dn\u00ed sv\u00ed\u010dky na zak\u00e1zku mohou m\u00edt jak\u00e9koliv tvary a barvy. M\u016f\u017eete si nechat vyrobit\u00a0v\u00e1no\u010dn\u00ed sv\u00ed\u010dky na zak\u00e1zku, kdy tvary a barvy budou m\u00edt nap\u0159\u00edklad Va\u0161eho firemn\u00edho loga. M\u016f\u017eete t\u00e9\u017e zvolit klasick\u00e9 tvary a barvy a v\u011bnovat n\u011bkolik sv\u00ed\u010dek v d\u00e1rkov\u00e9m balen\u00ed na zak\u00e1zku.<br \/>\n<strong>Min. objedn\u00e1vka<\/strong>: 200ks<br \/>\n<strong>Cena<\/strong>: 22.90,- K\u010d\/ks<br \/>\nZaujala V\u00e1s v\u00fdroba v\u00e1no\u010dn\u00ed sv\u00ed\u010dky na zak\u00e1zku a m\u00e1te z\u00e1jem si nechat v\u00e1no\u010dn\u00ed sv\u00ed\u010dky nechat vyrobit?<br \/>\n<a title=\"ZASLAT POPT\u00c1VKU\" href=\"mailto:info@predmetyreklamni.eu\">ZASLAT POPT\u00c1VKU\u00a0<\/a><\/p>\n<h2>\u00a0V\u00e1no\u010dn\u00ed sv\u00ed\u010dky figurky na zak\u00e1zku<\/h2>\n<p><a href=\"http:\/\/predmetyreklamni.eu\/vyrobce\/wp-content\/uploads\/v\u00e1no\u010dn\u00ed-sv\u00ed\u010dky-figurky-na-zak\u00e1zku.jpg\"><img decoding=\"async\" loading=\"lazy\" class=\"wp-image-985 alignleft\" title=\"v\u00e1no\u010dn\u00ed sv\u00ed\u010dky figurky na zak\u00e1zku\" alt=\"v\u00e1no\u010dn\u00ed sv\u00ed\u010dky figurky na zak\u00e1zku\" src=\"http:\/\/predmetyreklamni.eu\/vyrobce\/wp-content\/uploads\/v\u00e1no\u010dn\u00ed-sv\u00ed\u010dky-figurky-na-zak\u00e1zku.jpg\" width=\"256\" height=\"181\" srcset=\"https:\/\/predmetyreklamni.eu\/vyrobce\/wp-content\/uploads\/v\u00e1no\u010dn\u00ed-sv\u00ed\u010dky-figurky-na-zak\u00e1zku.jpg 400w, https:\/\/predmetyreklamni.eu\/vyrobce\/wp-content\/uploads\/v\u00e1no\u010dn\u00ed-sv\u00ed\u010dky-figurky-na-zak\u00e1zku-300x211.jpg 300w\" sizes=\"(max-width: 256px) 100vw, 256px\" \/><\/a>V\u00e1noce a v\u00e1no\u010dn\u00ed sv\u00ed\u010dky jsou dv\u011b v\u011bci, kter\u00e9 si bez sebe nedok\u00e1\u017eeme p\u0159edstavit. Na V\u00e1noce kupuje klasick\u00e9 sv\u00ed\u010dky nebo sv\u00ed\u010dky ve tvaru figurky ka\u017ed\u00fd a zdob\u00ed s nimi sv\u00e1te\u010dn\u00ed st\u016fl, adventn\u00ed v\u011bnce nebo je d\u00e1v\u00e1 do oken. V\u00e1no\u010dn\u00ed sv\u00ed\u010dky figurky na zak\u00e1zku jsou tedy perfektn\u00edm d\u00e1rkem pro sv\u00e9 z\u00e1kazn\u00edky \u010di obchodn\u00ed partnery.<br \/>\n<strong style=\"text-align: justify;\">Min. objedn\u00e1vka<\/strong><span style=\"text-align: justify;\">: 200ks<br \/>\n<\/span><strong style=\"text-align: justify;\">Cena<\/strong><span style=\"text-align: justify;\">: 2.90,- K\u010d\/ks<br \/>\n<\/span>Zaujala V\u00e1s v\u00fdroba v\u00e1no\u010dn\u00ed sv\u00ed\u010dky ve tvaru figurky na zak\u00e1zku a m\u00e1te z\u00e1jem si nechat v\u00e1no\u010dn\u00ed sv\u00ed\u010dky nechat vyrobit?\u00a0<a title=\"ZASLAT POPT\u00c1VKU\" href=\"mailto:info@predmetyreklamni.eu\">ZASLAT POPT\u00c1VKU\u00a0<\/a><\/p>\n<h2 style=\"text-align: justify;\">Aromatizovan\u00e9 v\u00e1no\u010dn\u00ed sv\u00ed\u010dky na zak\u00e1zku<\/h2>\n<p><a href=\"http:\/\/predmetyreklamni.eu\/vyrobce\/wp-content\/uploads\/aromatizovan\u00e9-v\u00e1no\u010dn\u00ed-sv\u00ed\u010dky-na-zak\u00e1zku.jpg\"><img decoding=\"async\" loading=\"lazy\" class=\"alignright  wp-image-988\" title=\"aromatizovan\u00e9 v\u00e1no\u010dn\u00ed sv\u00ed\u010dky na zak\u00e1zku\" alt=\"aromatizovan\u00e9 v\u00e1no\u010dn\u00ed sv\u00ed\u010dky na zak\u00e1zku\" src=\"http:\/\/predmetyreklamni.eu\/vyrobce\/wp-content\/uploads\/aromatizovan\u00e9-v\u00e1no\u010dn\u00ed-sv\u00ed\u010dky-na-zak\u00e1zku-300x300.jpg\" width=\"240\" height=\"240\" srcset=\"https:\/\/predmetyreklamni.eu\/vyrobce\/wp-content\/uploads\/aromatizovan\u00e9-v\u00e1no\u010dn\u00ed-sv\u00ed\u010dky-na-zak\u00e1zku-300x300.jpg 300w, https:\/\/predmetyreklamni.eu\/vyrobce\/wp-content\/uploads\/aromatizovan\u00e9-v\u00e1no\u010dn\u00ed-sv\u00ed\u010dky-na-zak\u00e1zku-150x150.jpg 150w, https:\/\/predmetyreklamni.eu\/vyrobce\/wp-content\/uploads\/aromatizovan\u00e9-v\u00e1no\u010dn\u00ed-sv\u00ed\u010dky-na-zak\u00e1zku.jpg 600w\" sizes=\"(max-width: 240px) 100vw, 240px\" \/><\/a><\/p>\n<p style=\"text-align: justify;\">V\u00e1no\u010dn\u00ed sv\u00ed\u010dky na zak\u00e1zku aromatizovan\u00e9 jsou dal\u0161\u00edm perfektn\u00edm d\u00e1rkem, kter\u00fd na V\u00e1noce pot\u011b\u0161\u00ed. Tyto aromatizovan\u00e9 sv\u00ed\u010dky mohou b\u00fdt na zak\u00e1zku um\u00edst\u011bny v dekorativn\u00edm obalu a z\u00e1rove\u0148 slou\u017eit jako p\u011bkn\u00e1 a vkusn\u00e1 dekorace bytu \u010di kancel\u00e1\u0159e. Aromatizovan\u00e9 v\u00e1no\u010dn\u00ed sv\u00ed\u010dky d\u00edky v\u016fni na zak\u00e1zku dodaj\u00ed tu pravou v\u00e1no\u010dn\u00ed atmosf\u00e9ru.<br \/>\n<strong>Min. objedn\u00e1vka<\/strong>: 200ks<br \/>\n<strong>Cena<\/strong>: 26.90,- K\u010d\/ks<br \/>\nZaujala V\u00e1s v\u00fdroba aromatizovan\u00e9 v\u00e1no\u010dn\u00ed sv\u00ed\u010dky na zak\u00e1zku a m\u00e1te z\u00e1jem si nechat v\u00e1no\u010dn\u00ed sv\u00ed\u010dky nechat vyrobit?\u00a0<a title=\"ZASLAT POPT\u00c1VKU\" href=\"mailto:info@predmetyreklamni.eu\">ZASLAT POPT\u00c1VKU\u00a0<\/a><\/p>\n<h2 style=\"text-align: justify;\">Dekorativn\u00ed v\u00e1no\u010dn\u00ed sv\u00ed\u010dky na zak\u00e1zku<\/h2>\n<p style=\"text-align: justify;\"><a href=\"http:\/\/predmetyreklamni.eu\/vyrobce\/wp-content\/uploads\/dekorativn\u00ed-v\u00e1no\u010dn\u00ed-sv\u00ed\u010dky-na-zak\u00e1zku.jpg\"><img decoding=\"async\" loading=\"lazy\" class=\"size-medium wp-image-993 alignleft\" title=\"dekorativn\u00ed v\u00e1no\u010dn\u00ed sv\u00ed\u010dky na zak\u00e1zku\" alt=\"dekorativn\u00ed v\u00e1no\u010dn\u00ed sv\u00ed\u010dky na zak\u00e1zku\" src=\"http:\/\/predmetyreklamni.eu\/vyrobce\/wp-content\/uploads\/dekorativn\u00ed-v\u00e1no\u010dn\u00ed-sv\u00ed\u010dky-na-zak\u00e1zku-300x225.jpg\" width=\"300\" height=\"225\" srcset=\"https:\/\/predmetyreklamni.eu\/vyrobce\/wp-content\/uploads\/dekorativn\u00ed-v\u00e1no\u010dn\u00ed-sv\u00ed\u010dky-na-zak\u00e1zku-300x225.jpg 300w, https:\/\/predmetyreklamni.eu\/vyrobce\/wp-content\/uploads\/dekorativn\u00ed-v\u00e1no\u010dn\u00ed-sv\u00ed\u010dky-na-zak\u00e1zku-399x300.jpg 399w, https:\/\/predmetyreklamni.eu\/vyrobce\/wp-content\/uploads\/dekorativn\u00ed-v\u00e1no\u010dn\u00ed-sv\u00ed\u010dky-na-zak\u00e1zku.jpg 639w\" sizes=\"(max-width: 300px) 100vw, 300px\" \/><\/a>Tyto dekorativn\u00ed v\u00e1no\u010dn\u00ed sv\u00ed\u010dky jsou velice obl\u00edben\u00e9 kv\u016fli sv\u00e9mu um\u00edst\u011bn\u00ed ve sklen\u011bn\u00e9m ozdobn\u00e9m poh\u00e1rku. Dekorativn\u00ed v\u00e1no\u010dn\u00ed sv\u00ed\u010dky mohou b\u00fdt na zak\u00e1zku jak\u00e9hokoliv designu. V\u00e1no\u010dn\u00ed sv\u00ed\u010dky na zak\u00e1zku mohou m\u00edt d\u00edky sv\u00e9mu pestr\u00e9mu designu dekorativn\u00ed \u00fa\u010del.<br \/>\n<strong>Min. objedn\u00e1vka<\/strong>: 200ks<br \/>\n<strong>Cena<\/strong>: 29.90,- K\u010d\/ks<br \/>\nZaujala V\u00e1s v\u00fdroba dekorativn\u00ed v\u00e1no\u010dn\u00ed sv\u00ed\u010dky na zak\u00e1zku a m\u00e1te z\u00e1jem si nechat v\u00e1no\u010dn\u00ed sv\u00ed\u010dky nechat vyrobit?\u00a0<a title=\"ZASLAT POPT\u00c1VKU\" href=\"mailto:info@predmetyreklamni.eu\">ZASLAT POPT\u00c1VKU\u00a0<\/a><\/p>\n<h2 style=\"text-align: justify;\">V\u00e1no\u010dn\u00ed sv\u00ed\u010dky na zak\u00e1zku<\/h2>\n<p style=\"text-align: justify;\"><a href=\"http:\/\/predmetyreklamni.eu\/vyrobce\/wp-content\/uploads\/v\u00e1no\u010dn\u00ed-sv\u00ed\u010dky-sn\u011bhul\u00e1k-na-zak\u00e1zku.jpg\"><img decoding=\"async\" loading=\"lazy\" class=\"alignright size-medium wp-image-1003\" title=\"v\u00e1no\u010dn\u00ed sv\u00ed\u010dky sn\u011bhul\u00e1k na zak\u00e1zku\" alt=\"v\u00e1no\u010dn\u00ed sv\u00ed\u010dky sn\u011bhul\u00e1k na zak\u00e1zku\" src=\"http:\/\/predmetyreklamni.eu\/vyrobce\/wp-content\/uploads\/v\u00e1no\u010dn\u00ed-sv\u00ed\u010dky-sn\u011bhul\u00e1k-na-zak\u00e1zku-225x300.jpg\" width=\"225\" height=\"300\" srcset=\"https:\/\/predmetyreklamni.eu\/vyrobce\/wp-content\/uploads\/v\u00e1no\u010dn\u00ed-sv\u00ed\u010dky-sn\u011bhul\u00e1k-na-zak\u00e1zku-225x300.jpg 225w, https:\/\/predmetyreklamni.eu\/vyrobce\/wp-content\/uploads\/v\u00e1no\u010dn\u00ed-sv\u00ed\u010dky-sn\u011bhul\u00e1k-na-zak\u00e1zku.jpg 300w\" sizes=\"(max-width: 225px) 100vw, 225px\" \/><\/a>Tyto v\u00e1no\u010dn\u00ed sv\u00ed\u010dky\u00a0na zak\u00e1zku jsou skv\u011bl\u00fdm dopl\u0148kem pro jakoukoliv kancel\u00e1\u0159 nebo domov.\u00a0V\u00e1no\u010dn\u00ed sv\u00ed\u010dky\u00a0na zak\u00e1zku dodaj\u00ed radost a slavnostn\u00ed n\u00e1ladu, kter\u00e1 vydr\u017e\u00ed velmi dlouhou dobu.\u00a0V\u00e1no\u010dn\u00ed sv\u00ed\u010dky\u00a0na zak\u00e1zku ve tvaru sn\u011bhul\u00e1ka jsou skv\u011blou dekorac\u00ed.<br \/>\n<strong>Min. objedn\u00e1vka<\/strong>: 200ks<br \/>\n<strong>Cena<\/strong>: 29,- K\u010d\/ks<br \/>\nZaujala V\u00e1s v\u00fdroba dekorativn\u00ed v\u00e1no\u010dn\u00ed sv\u00ed\u010dky na zak\u00e1zku a m\u00e1te z\u00e1jem si nechat v\u00e1no\u010dn\u00ed sv\u00ed\u010dky nechat vyrobit?\u00a0<a title=\"ZASLAT POPT\u00c1VKU\" href=\"mailto:info@predmetyreklamni.eu\">ZASLAT POPT\u00c1VKU\u00a0<\/a><\/p>\n<p>&nbsp;<\/p>\n<h2>V\u00e1no\u010dn\u00ed sv\u00ed\u010dky na zak\u00e1zku um\u00edst\u011bn\u00ed a bezpe\u010dnost<\/h2>\n<p style=\"text-align: justify;\">V\u00e1no\u010dn\u00ed sv\u00ed\u010dky m\u016f\u017eete pou\u017e\u00edt jako dekoraci ve velk\u00e9m, jen je t\u0159eba db\u00e1t na bezpe\u010dnost a na jejich um\u00edst\u011bn\u00ed &#8211; m\u011blo by b\u00fdt stylov\u00e9 a z\u00e1rove\u0148 bezpe\u010dn\u00e9.\u00a0V\u00e1no\u010dn\u00ed sv\u00ed\u010dky na zak\u00e1zku\u00a0by m\u011bly b\u00fdt v\u017edy ve sv\u00edc\u00ednc\u00edch nebo na neho\u0159lav\u00fdch podlo\u017ek\u00e1ch. Poka\u017ed\u00e9 je nutn\u00e9 zkontrolovat, \u017ee nad nimi nevis\u00ed nic, co by mohlo za\u010d\u00edt ho\u0159et. Skv\u011bl\u00fdm n\u00e1padem je zkombinov\u00e1n\u00ed barevn\u00fdch a jednoduch\u00fdch sv\u011btl\u00fdch\u00a0v\u00e1no\u010dn\u00edch sv\u00ed\u010dek, co\u017e vytvo\u0159\u00ed zaj\u00edmav\u00fd efekt.<\/p>\n<h2>V\u00e1no\u010dn\u00ed sv\u00ed\u010dky na zak\u00e1zku historie<\/h2>\n<p style=\"text-align: justify;\">Zat\u00edmco dnes se sv\u00ed\u010dky pou\u017e\u00edvaj\u00ed sp\u00ed\u0161 jako dekorace stolu nebo t\u0159eba okna, ve viktori\u00e1nsk\u00e9m obdob\u00ed v Anglii byly\u00a0v\u00e1no\u010dn\u00ed sv\u00ed\u010dky\u00a0vyu\u017e\u00edv\u00e1ny p\u0159edev\u0161\u00edm na ozdoben\u00ed v\u00e1no\u010dn\u00edho strome\u010dku. Pokud se pod\u00edv\u00e1me je\u0161t\u011b hloub\u011bji do minulosti, zjist\u00edme, \u017ee u\u017e sta\u0159\u00ed \u0158\u00edman\u00e9 p\u0159i Saturn\u00e1li\u00edch sv\u00ed\u010dkami uct\u00edvali sv\u00e9 hosty i boha Saturna. Pohan\u00e9 pou\u017e\u00edvali sv\u00ed\u010dky p\u0159i oslav\u00e1ch zimn\u00edho slunovratu jako symbol sv\u011btla a nov\u00e9ho za\u010d\u00e1tku. K\u0159es\u0165an\u00e9 pak \u010dasto d\u00e1vali sv\u00ed\u010dku do okna, aby pomohli uk\u00e1zat cestu koledn\u00edk\u016fm. V Evrop\u011b se pou\u017e\u00edv\u00e1n\u00ed sv\u00ed\u010dek v minulosti uchytilo a jsou st\u00e1le velmi obl\u00edben\u00e9. K\u0159es\u0165ansk\u00e1 tradice\u00a0v\u00e1no\u010dn\u00edch sv\u00ed\u010dek\u00a0st\u00e1le pokra\u010duje, i kdy\u017e se mnoh\u00e9 zm\u011bnilo. Od jednoduch\u00fdch sv\u00ed\u010dek jsme se dostali a\u017e k mnoha r\u016fzn\u00fdm tvar\u016fm a design\u016fm a v\u00fdrobci\u00a0v\u00e1no\u010dn\u00edch sv\u00ed\u010dek\u00a0dnes um\u00ed vyrobit opravdu n\u00e1dhern\u00e9 um\u011bleck\u00e9 kusy.\u00a0V\u00e1no\u010dn\u00ed sv\u00ed\u010dky\u00a0m\u016f\u017eete n\u011bkomu d\u00e1t jako d\u00e1rek nebo pou\u017e\u00edt jako ozdobu. K\u0159es\u0165an\u00e9 je dnes pou\u017e\u00edvaj\u00ed p\u0159i modlitb\u011b a m\u0161i.<\/p>\n<p style=\"text-align: justify;\">Zaujala V\u00e1s v\u00fdroba v\u00e1no\u010dn\u00ed sv\u00ed\u010dky na zak\u00e1zku a chcete si je nechat vyrobit o obdarovat sv\u00e9 z\u00e1kazn\u00edky \u010di obchodn\u00ed partnery? Kontaktujte n\u00e1s pro cenovou nab\u00eddku na emailu:<a href=\"mailto:info@predmetyreklamni.eu\">\u00a0info@predmetyreklamni.eu<\/a><\/p>\n<p style=\"text-align: justify;\"><strong>Do cenov\u00e9 popt\u00e1vky pros\u00edm uve\u010fte pot\u0159ebn\u00e9 informace pro cenovou nab\u00eddku jako<\/strong>: mno\u017estv\u00ed, materi\u00e1l, tvar, barevn\u00e9 proveden\u00ed nebo kombinaci barev, dobu dod\u00e1n\u00ed. V\u0161echny tyto informace n\u00e1m pomohou k rychlej\u0161\u00edmu zpracov\u00e1n\u00ed cenov\u00e9 nab\u00eddky pr\u00e1v\u011b pro V\u00e1s.<\/p>\n<p style=\"text-align: justify;\">T\u011b\u0161\u00edme se na spolupr\u00e1ci! Team Gifts Service<\/p>\n","protected":false},"excerpt":{"rendered":"<p>V\u00c1NO\u010cN\u00cd SV\u00cd\u010cKY NA ZAK\u00c1ZKU V\u00e1no\u010dn\u00ed sv\u00ed\u010dky na zak\u00e1zku V\u00e1no\u010dn\u00ed sv\u00ed\u010dky\u00a0jsou p\u0159i pl\u00e1nov\u00e1n\u00ed V\u00e1noc velmi d\u016fle\u017eit\u00e9, proto\u017ee ty prav\u00e9 V\u00e1noce si bez nich dovedeme p\u0159edstavit jen t\u011b\u017eko.\u00a0V\u00e1no\u010dn\u00ed sv\u00ed\u010dky\u00a0a sv\u00ed\u010dky celkov\u011b m\u00e1 r\u00e1d asi\u00a0ka\u017ed\u00fd\u00a0a jejich mihotav\u00e9 jemn\u00e9 sv\u011btlo n\u00e1dhern\u011b dokresluje sv\u00e1te\u010dn\u00ed atmosf\u00e9ru. &hellip; <a href=\"https:\/\/predmetyreklamni.eu\/vyrobce\/vanocni-svicky-na-zakazku\/\">Continue reading <span class=\"meta-nav\">&rarr;<\/span><\/a><\/p>\n","protected":false},"author":1,"featured_media":0,"parent":0,"menu_order":20,"comment_status":"closed","ping_status":"open","template":"sidebar-page.php","meta":[],"_links":{"self":[{"href":"https:\/\/predmetyreklamni.eu\/vyrobce\/wp-json\/wp\/v2\/pages\/894"}],"collection":[{"href":"https:\/\/predmetyreklamni.eu\/vyrobce\/wp-json\/wp\/v2\/pages"}],"about":[{"href":"https:\/\/predmetyreklamni.eu\/vyrobce\/wp-json\/wp\/v2\/types\/page"}],"author":[{"embeddable":true,"href":"https:\/\/predmetyreklamni.eu\/vyrobce\/wp-json\/wp\/v2\/users\/1"}],"replies":[{"embeddable":true,"href":"https:\/\/predmetyreklamni.eu\/vyrobce\/wp-json\/wp\/v2\/comments?post=894"}],"version-history":[{"count":27,"href":"https:\/\/predmetyreklamni.eu\/vyrobce\/wp-json\/wp\/v2\/pages\/894\/revisions"}],"predecessor-version":[{"id":4237,"href":"https:\/\/predmetyreklamni.eu\/vyrobce\/wp-json\/wp\/v2\/pages\/894\/revisions\/4237"}],"wp:attachment":[{"href":"https:\/\/predmetyreklamni.eu\/vyrobce\/wp-json\/wp\/v2\/media?parent=894"}],"curies":[{"name":"wp","href":"https:\/\/api.w.org\/{rel}","templated":true}]}}